--
-- Host: localhost    Database: fuertekashmir
-- ------------------------------------------------------


--
-- Table structure for table `abonos`
--

CREATE TABLE `abonos` (
  `id` bigint unsigned NOT NULL AUTO_INCREMENT,
  `idfactura` bigint unsigned NOT NULL,
  `nc` int DEFAULT '0',
  `consecutivo` int DEFAULT '0',
  `fechacreacion` datetime NOT NULL DEFAULT CURRENT_TIMESTAMP,
  `valor` double NOT NULL DEFAULT '0',
  `fecha` datetime DEFAULT CURRENT_TIMESTAMP,
  `cobra` varchar(100) NOT NULL DEFAULT ' ',
  `saldoinicialfactura` double NOT NULL DEFAULT '0',
  `cc` int DEFAULT '2',
  `idusuario` bigint unsigned NOT NULL DEFAULT '1',
  `idz` bigint unsigned NOT NULL DEFAULT '1',
  `idcaja` bigint unsigned NOT NULL DEFAULT '1',
  `saldoinicial` double NOT NULL DEFAULT '0',
  `pv` varchar(25) DEFAULT 'KALDI',
  `afectacaja` int DEFAULT '1',
  `observacionesabono` varchar(300) DEFAULT NULL,
  `observacionesabonos` varchar(100) DEFAULT NULL,
  `consecutivosistema` int DEFAULT NULL,
  `idoorden` int DEFAULT '0',
  `idorden` int DEFAULT '0',
  `idtercero` int DEFAULT '0',
  `destino` varchar(25) DEFAULT NULL,
  `idreserva` int DEFAULT '0',
  `idasesor` int DEFAULT '0',
  `abonogeneral` varchar(25) DEFAULT NULL,
  `idrecibogeneral` int DEFAULT '0',
  UNIQUE KEY `id` (`id`),
  KEY `cc` (`cc`),
  KEY `idusuario` (`idusuario`),
  KEY `idz` (`idz`),
  KEY `idfactura` (`idfactura`),
  CONSTRAINT `abonos_ibfk_1` FOREIGN KEY (`idz`) REFERENCES `z` (`id`)
) ENGINE=InnoDB DEFAULT CHARSET=utf8mb3;

--
-- Dumping data for table `abonos`
--


--
-- Table structure for table `abonoscompras`
--

CREATE TABLE `abonoscompras` (
  `id` bigint unsigned NOT NULL AUTO_INCREMENT,
  `idmayorcompras` bigint unsigned NOT NULL,
  `fechacreacion` datetime NOT NULL DEFAULT CURRENT_TIMESTAMP,
  `valor` int DEFAULT '0',
  `valorinicial` int NOT NULL DEFAULT '0',
  `fecha` date DEFAULT NULL,
  `cc` bigint unsigned NOT NULL,
  `idusuario` bigint unsigned NOT NULL DEFAULT '1',
  `idz` bigint unsigned NOT NULL DEFAULT '1',
  `idcaja` bigint unsigned NOT NULL DEFAULT '1',
  `pv` varchar(25) DEFAULT 'KALDI',
  `mediodepago` varchar(25) DEFAULT NULL,
  `afectacaja` int DEFAULT '1',
  `observacionesabonocompra` varchar(200) DEFAULT NULL,
  `abonogeneral` varchar(25) DEFAULT NULL,
  `idtercero` int DEFAULT '0',
  `consecutivoac` int DEFAULT '0',
  UNIQUE KEY `id` (`id`),
  KEY `cc` (`cc`),
  KEY `idusuario` (`idusuario`),
  KEY `idmayorcompras` (`idmayorcompras`),
  KEY `idz` (`idz`),
  CONSTRAINT `abonoscompras_ibfk_1` FOREIGN KEY (`idmayorcompras`) REFERENCES `mayorescompras` (`id`),
  CONSTRAINT `abonoscompras_ibfk_2` FOREIGN KEY (`idz`) REFERENCES `z` (`id`)
) ENGINE=InnoDB DEFAULT CHARSET=utf8mb3;

--
-- Dumping data for table `abonoscompras`
--


--
-- Table structure for table `abonosordenservicio`
--

CREATE TABLE `abonosordenservicio` (
  `id` bigint unsigned NOT NULL AUTO_INCREMENT,
  `idorden` bigint unsigned NOT NULL,
  `consecutivo` int DEFAULT '0',
  `fechacreacion` datetime NOT NULL DEFAULT CURRENT_TIMESTAMP,
  `valor` double NOT NULL DEFAULT '0',
  `idusuario` bigint unsigned NOT NULL DEFAULT '1',
  `idz` bigint unsigned NOT NULL DEFAULT '1',
  `pv` varchar(25) DEFAULT 'KALDI',
  `facturado` int DEFAULT '0',
  `abonado` int DEFAULT '0',
  UNIQUE KEY `id` (`id`),
  KEY `idusuario` (`idusuario`),
  KEY `idz` (`idz`),
  KEY `idfactura` (`idorden`)
) ENGINE=InnoDB DEFAULT CHARSET=utf8mb3;

--
-- Dumping data for table `abonosordenservicio`
--


--
-- Table structure for table `abonosprestamos`
--

CREATE TABLE `abonosprestamos` (
  `id` bigint unsigned NOT NULL AUTO_INCREMENT,
  `valor` int DEFAULT NULL,
  `saldoinicial` int DEFAULT NULL,
  `saldofinal` int DEFAULT NULL,
  `idz` int DEFAULT '1',
  `idusuario` int DEFAULT NULL,
  `fechacreacion` datetime NOT NULL DEFAULT CURRENT_TIMESTAMP,
  `idprestamo` int DEFAULT NULL,
  `consecutivo` int DEFAULT NULL,
  `idcliente` int DEFAULT '0',
  `cc` int DEFAULT '0',
  `mediodepago` varchar(25) DEFAULT NULL,
  `pv` varchar(25) DEFAULT 'KALDI',
  `afectacaja` int DEFAULT '0',
  PRIMARY KEY (`id`),
  UNIQUE KEY `id` (`id`)
) ENGINE=MyISAM DEFAULT CHARSET=utf8mb3;

--
-- Dumping data for table `abonosprestamos`
--


--
-- Table structure for table `abonosprestamosin`
--

CREATE TABLE `abonosprestamosin` (
  `id` bigint unsigned NOT NULL AUTO_INCREMENT,
  `valor` int DEFAULT NULL,
  `saldoinicial` int DEFAULT NULL,
  `saldofinal` int DEFAULT NULL,
  `idz` int DEFAULT '1',
  `idusuario` int DEFAULT NULL,
  `fechacreacion` datetime NOT NULL DEFAULT CURRENT_TIMESTAMP,
  `idprestamo` int DEFAULT NULL,
  `consecutivo` int DEFAULT NULL,
  `idcliente` int DEFAULT '0',
  `cc` int DEFAULT '0',
  `mediodepago` varchar(25) DEFAULT NULL,
  `pv` varchar(25) DEFAULT 'KALDI',
  `afectacaja` int DEFAULT '0',
  `observaciones` varchar(100) DEFAULT NULL,
  `abonado` int DEFAULT '0',
  PRIMARY KEY (`id`),
  UNIQUE KEY `id` (`id`)
) ENGINE=MyISAM AUTO_INCREMENT=2 DEFAULT CHARSET=utf8mb3;

--
-- Dumping data for table `abonosprestamosin`
--

INSERT INTO `abonosprestamosin` (`id`, `valor`, `saldoinicial`, `saldofinal`, `idz`, `idusuario`, `fechacreacion`, `idprestamo`, `consecutivo`, `idcliente`, `cc`, `mediodepago`, `pv`, `afectacaja`, `observaciones`, `abonado`) VALUES (1,25000,0,NULL,562,2,'2025-04-24 19:29:37',1,NULL,0,0,'EFECTIVO','KALDI',1,'asd fasdfasdf',0);

--
-- Table structure for table `abonosreservas`
--

CREATE TABLE `abonosreservas` (
  `id` bigint unsigned NOT NULL AUTO_INCREMENT,
  `idfactura` bigint unsigned NOT NULL,
  `nc` int DEFAULT '0',
  `consecutivo` int DEFAULT '0',
  `fechacreacion` datetime NOT NULL DEFAULT CURRENT_TIMESTAMP,
  `valor` double NOT NULL DEFAULT '0',
  `fecha` datetime DEFAULT CURRENT_TIMESTAMP,
  `cobra` varchar(100) NOT NULL DEFAULT ' ',
  `saldoinicialfactura` double NOT NULL DEFAULT '0',
  `cc` int DEFAULT '2',
  `idusuario` bigint unsigned NOT NULL DEFAULT '1',
  `idz` bigint unsigned NOT NULL DEFAULT '1',
  `idcaja` bigint unsigned NOT NULL DEFAULT '1',
  `saldoinicial` double NOT NULL DEFAULT '0',
  `pv` varchar(25) DEFAULT 'KALDI',
  `afectacaja` int DEFAULT '1',
  `observacionesabono` varchar(100) DEFAULT NULL,
  `observacionesabonos` varchar(100) DEFAULT NULL,
  `consecutivosistema` int DEFAULT NULL,
  `abonado` int DEFAULT '0',
  `idorden` int DEFAULT '0',
  `idtercero` int DEFAULT '0',
  `destino` varchar(25) DEFAULT NULL,
  `idreserva` int DEFAULT '0',
  `mediodepago` varchar(25) DEFAULT 'EFECTIVO',
  UNIQUE KEY `id` (`id`),
  KEY `cc` (`cc`),
  KEY `idusuario` (`idusuario`),
  KEY `idz` (`idz`),
  KEY `idfactura` (`idfactura`)
) ENGINE=InnoDB DEFAULT CHARSET=utf8mb3;

--
-- Dumping data for table `abonosreservas`
--


--
-- Table structure for table `abonosseparados`
--

CREATE TABLE `abonosseparados` (
  `id` bigint unsigned NOT NULL AUTO_INCREMENT,
  `idmayorseparados` bigint unsigned NOT NULL,
  `nc` int DEFAULT '0',
  `fechacreacion` datetime NOT NULL DEFAULT CURRENT_TIMESTAMP,
  `valor` double NOT NULL DEFAULT '0',
  `fecha` datetime DEFAULT CURRENT_TIMESTAMP,
  `cobra` varchar(100) NOT NULL DEFAULT ' ',
  `saldoinicialfactura` double NOT NULL DEFAULT '0',
  `consecutivo` int NOT NULL DEFAULT '0',
  `cc` bigint unsigned NOT NULL,
  `idusuario` bigint unsigned NOT NULL DEFAULT '1',
  `idz` bigint unsigned NOT NULL DEFAULT '1',
  `idcaja` bigint unsigned NOT NULL DEFAULT '1',
  `saldoinicial` double NOT NULL DEFAULT '0',
  `pv` varchar(25) DEFAULT 'KALDI',
  `idgasto` int DEFAULT '0',
  UNIQUE KEY `id` (`id`),
  KEY `cc` (`cc`),
  KEY `idusuario` (`idusuario`),
  KEY `idz` (`idz`),
  KEY `idmayorseparados` (`idmayorseparados`),
  CONSTRAINT `abonosseparados_ibfk_1` FOREIGN KEY (`idz`) REFERENCES `z` (`id`)
) ENGINE=InnoDB DEFAULT CHARSET=utf8mb3;

--
-- Dumping data for table `abonosseparados`
--


--
-- Table structure for table `adicionales`
--

CREATE TABLE `adicionales` (
  `id` int NOT NULL AUTO_INCREMENT,
  `idarticulo` bigint unsigned DEFAULT NULL,
  `idadicional` bigint unsigned DEFAULT NULL,
  `incremento` decimal(5,2) DEFAULT '0.00',
  `fechacreacion` datetime DEFAULT NULL,
  `idusuario` bigint unsigned NOT NULL,
  PRIMARY KEY (`id`),
  UNIQUE KEY `idarticulo_2` (`idarticulo`,`idadicional`),
  KEY `idarticulo` (`idarticulo`),
  KEY `idadicional` (`idadicional`),
  KEY `idusuario` (`idusuario`),
  CONSTRAINT `adicionales_ibfk_1` FOREIGN KEY (`idadicional`) REFERENCES `articulos` (`id`),
  CONSTRAINT `adicionales_ibfk_2` FOREIGN KEY (`idarticulo`) REFERENCES `articulos` (`id`),
  CONSTRAINT `adicionales_ibfk_3` FOREIGN KEY (`idadicional`) REFERENCES `articulos` (`id`),
  CONSTRAINT `adicionales_ibfk_4` FOREIGN KEY (`idusuario`) REFERENCES `clientes` (`id`)
) ENGINE=InnoDB AUTO_INCREMENT=458 DEFAULT CHARSET=latin1;

--
-- Dumping data for table `adicionales`
--


--
-- Table structure for table `adicionales_grupo`
--

CREATE TABLE `adicionales_grupo` (
  `id` int NOT NULL AUTO_INCREMENT,
  `idgrupo` int NOT NULL,
  `idadicional` bigint unsigned NOT NULL,
  `incremento` decimal(5,2) DEFAULT '0.00',
  `fechacreacion` datetime DEFAULT NULL,
  PRIMARY KEY (`id`),
  UNIQUE KEY `idgrupo_adicional` (`idgrupo`,`idadicional`),
  KEY `idgrupo` (`idgrupo`),
  KEY `idadicional` (`idadicional`),
  CONSTRAINT `adicionales_grupo_ibfk_1` FOREIGN KEY (`idgrupo`) REFERENCES `grupos_adicionales` (`id`),
  CONSTRAINT `adicionales_grupo_ibfk_2` FOREIGN KEY (`idadicional`) REFERENCES `articulos` (`id`)
) ENGINE=InnoDB AUTO_INCREMENT=261 DEFAULT CHARSET=utf8mb4 COLLATE=utf8mb4_unicode_ci;

--
-- Dumping data for table `adicionales_grupo`
--

INSERT INTO `adicionales_grupo` (`id`, `idgrupo`, `idadicional`, `incremento`, `fechacreacion`) VALUES (1,7,46,6.50,'2025-07-09 17:27:37'),(2,7,47,7.50,'2025-07-09 17:27:51'),(3,7,45,14.50,'2025-07-09 17:27:58'),(4,8,46,8.00,'2025-07-10 14:10:49'),(5,8,47,9.00,'2025-07-10 14:11:12'),(6,8,45,15.00,'2025-07-10 14:11:34'),(7,9,46,8.00,'2025-07-10 14:48:02'),(8,9,47,9.00,'2025-07-10 14:48:12'),(9,9,45,15.00,'2025-07-10 14:48:20'),(10,10,46,8.00,'2025-07-10 14:55:19'),(11,10,47,9.00,'2025-07-10 14:55:37'),(12,10,45,15.00,'2025-07-10 14:55:55'),(13,11,46,10.00,'2025-07-10 15:47:11'),(14,11,47,11.00,'2025-07-10 15:47:18'),(15,11,45,15.00,'2025-07-10 15:47:23'),(16,12,46,8.00,'2025-07-10 15:55:01'),(17,12,47,9.00,'2025-07-10 15:55:06'),(18,12,45,15.00,'2025-07-10 15:55:13'),(19,13,46,8.00,'2025-07-10 16:33:16'),(20,13,47,9.00,'2025-07-10 16:33:21'),(21,13,45,15.00,'2025-07-10 16:33:27'),(22,14,46,9.00,'2025-07-10 16:34:52'),(23,14,47,9.50,'2025-07-10 16:35:05'),(24,14,45,15.00,'2025-07-10 16:35:21'),(25,15,46,8.00,'2025-07-10 16:37:25'),(26,15,47,9.00,'2025-07-10 16:37:30'),(27,15,45,16.00,'2025-07-10 16:37:35'),(28,16,46,8.00,'2025-07-10 16:38:42'),(29,16,47,10.00,'2025-07-10 16:38:47'),(30,16,45,16.00,'2025-07-10 16:38:54'),(31,17,46,13.00,'2025-07-10 16:40:37'),(32,17,47,15.00,'2025-07-10 16:40:41'),(33,17,45,18.00,'2025-07-10 16:40:45'),(34,18,46,8.00,'2025-07-10 16:41:45'),(35,18,47,9.00,'2025-07-10 16:41:54'),(36,18,45,16.00,'2025-07-10 16:41:58'),(37,19,46,8.00,'2025-07-10 16:42:45'),(38,19,47,9.00,'2025-07-10 16:42:49'),(39,19,45,15.00,'2025-07-10 16:42:53'),(40,20,46,9.00,'2025-07-10 16:43:50'),(43,20,47,11.00,'2025-07-10 16:44:11'),(44,21,46,8.00,'2025-07-10 16:45:36'),(45,21,47,9.00,'2025-07-10 16:45:40'),(46,21,45,15.00,'2025-07-10 16:45:45'),(47,22,46,8.00,'2025-07-10 16:46:45'),(48,22,47,9.00,'2025-07-10 16:46:49'),(49,22,45,15.50,'2025-07-10 16:46:53'),(50,23,46,11.00,'2025-07-10 16:47:57'),(51,23,47,13.00,'2025-07-10 16:48:01'),(52,23,45,17.00,'2025-07-10 16:48:05'),(59,24,42,0.00,'2025-07-14 08:13:47'),(60,24,67,0.00,'2025-07-14 08:14:09'),(61,25,42,0.00,'2025-07-14 08:30:39'),(62,25,67,0.00,'2025-07-14 08:30:48'),(65,43,67,0.00,'2025-07-14 10:25:14'),(66,43,42,0.00,'2025-07-14 10:25:16'),(67,27,67,0.00,'2025-07-14 10:29:55'),(68,27,42,0.00,'2025-07-14 10:29:57'),(69,28,37,0.00,'2025-07-14 10:39:45'),(70,28,36,0.00,'2025-07-14 10:39:54'),(71,29,37,0.00,'2025-07-14 10:42:02'),(72,29,36,0.00,'2025-07-14 10:42:08'),(73,39,67,0.00,'2025-07-14 10:45:14'),(74,39,68,0.00,'2025-07-14 10:45:17'),(75,30,37,0.00,'2025-07-14 10:50:28'),(76,30,36,0.00,'2025-07-14 10:50:33'),(77,31,37,0.00,'2025-07-14 10:50:59'),(78,31,36,0.00,'2025-07-14 10:51:04'),(79,44,71,5.50,'2025-07-14 10:57:39'),(80,44,70,5.50,'2025-07-14 10:57:43'),(81,44,69,5.50,'2025-07-14 10:57:45'),(82,26,17,0.00,'2025-07-14 13:46:09'),(83,26,7,0.00,'2025-07-14 13:46:16'),(84,26,14,0.00,'2025-07-14 13:46:27'),(85,26,10,0.00,'2025-07-14 13:46:32'),(86,26,5,0.00,'2025-07-14 13:46:37'),(87,26,4,0.00,'2025-07-14 13:46:42'),(88,26,13,0.00,'2025-07-14 13:46:48'),(89,26,12,0.00,'2025-07-14 13:46:52'),(90,26,8,0.00,'2025-07-14 13:46:58'),(91,26,6,0.00,'2025-07-14 13:47:03'),(92,26,2,0.00,'2025-07-14 13:47:07'),(93,26,16,0.00,'2025-07-14 13:47:12'),(94,26,11,0.00,'2025-07-14 13:47:21'),(95,26,3,0.00,'2025-07-14 13:47:25'),(96,26,9,0.00,'2025-07-14 13:47:29'),(97,33,17,0.00,'2025-07-14 14:02:29'),(98,33,7,0.00,'2025-07-14 14:02:40'),(99,33,14,0.00,'2025-07-14 14:02:46'),(100,33,10,0.00,'2025-07-14 14:02:53'),(101,33,5,0.00,'2025-07-14 14:02:58'),(102,33,4,0.00,'2025-07-14 14:03:03'),(103,33,13,0.00,'2025-07-14 14:03:12'),(104,33,12,0.00,'2025-07-14 14:03:18'),(105,33,8,0.00,'2025-07-14 14:03:24'),(106,33,6,0.00,'2025-07-14 14:03:46'),(107,33,2,0.00,'2025-07-14 14:03:51'),(108,33,16,0.00,'2025-07-14 14:03:55'),(109,33,11,0.00,'2025-07-14 14:03:59'),(110,33,3,0.00,'2025-07-14 14:04:05'),(111,33,9,0.00,'2025-07-14 14:04:09'),(112,34,17,0.00,'2025-07-14 14:05:13'),(113,34,7,0.00,'2025-07-14 14:05:18'),(114,34,14,0.00,'2025-07-14 14:05:22'),(115,34,10,0.00,'2025-07-14 14:05:28'),(116,34,5,0.00,'2025-07-14 14:05:37'),(117,34,4,0.00,'2025-07-14 14:05:42'),(118,34,13,0.00,'2025-07-14 14:05:48'),(119,34,12,0.00,'2025-07-14 14:05:55'),(120,34,8,0.00,'2025-07-14 14:06:00'),(121,34,6,0.00,'2025-07-14 14:06:04'),(122,34,2,0.00,'2025-07-14 14:06:09'),(123,34,16,0.00,'2025-07-14 14:06:13'),(124,34,11,0.00,'2025-07-14 14:06:18'),(125,34,3,0.00,'2025-07-14 14:06:23'),(126,34,9,0.00,'2025-07-14 14:06:32'),(127,35,17,0.00,'2025-07-14 14:07:11'),(128,35,7,0.00,'2025-07-14 14:07:15'),(129,35,14,0.00,'2025-07-14 14:07:19'),(130,35,10,0.00,'2025-07-14 14:07:23'),(131,35,5,0.00,'2025-07-14 14:07:27'),(132,35,4,0.00,'2025-07-14 14:07:32'),(133,35,13,0.00,'2025-07-14 14:07:38'),(134,35,12,0.00,'2025-07-14 14:07:42'),(135,35,8,0.00,'2025-07-14 14:07:46'),(136,35,6,0.00,'2025-07-14 14:07:50'),(137,35,2,0.00,'2025-07-14 14:07:54'),(138,35,16,0.00,'2025-07-14 14:07:58'),(139,35,11,0.00,'2025-07-14 14:08:03'),(140,35,3,0.00,'2025-07-14 14:08:10'),(141,35,9,0.00,'2025-07-14 14:08:17'),(142,36,17,0.00,'2025-07-14 14:09:00'),(143,36,7,0.00,'2025-07-14 14:09:04'),(144,36,14,0.00,'2025-07-14 14:09:09'),(145,36,10,0.00,'2025-07-14 14:09:12'),(146,36,5,0.00,'2025-07-14 14:09:17'),(147,36,4,0.00,'2025-07-14 14:09:21'),(148,36,13,0.00,'2025-07-14 14:09:25'),(149,36,12,0.00,'2025-07-14 14:09:30'),(150,36,8,0.00,'2025-07-14 14:09:36'),(151,36,6,0.00,'2025-07-14 14:09:40'),(152,36,2,0.00,'2025-07-14 14:09:52'),(153,36,16,0.00,'2025-07-14 14:09:55'),(154,36,11,0.00,'2025-07-14 14:09:59'),(155,36,3,0.00,'2025-07-14 14:10:02'),(156,36,9,0.00,'2025-07-14 14:10:06'),(157,37,17,0.00,'2025-07-14 14:10:50'),(158,37,7,0.00,'2025-07-14 14:10:56'),(159,37,14,0.00,'2025-07-14 14:11:05'),(160,37,10,0.00,'2025-07-14 14:11:14'),(161,37,5,0.00,'2025-07-14 14:11:21'),(162,37,4,0.00,'2025-07-14 14:11:24'),(163,37,13,0.00,'2025-07-14 14:11:29'),(164,37,12,0.00,'2025-07-14 14:11:33'),(165,37,8,0.00,'2025-07-14 14:11:37'),(166,37,6,0.00,'2025-07-14 14:11:41'),(167,37,2,0.00,'2025-07-14 14:11:45'),(168,37,16,0.00,'2025-07-14 14:11:52'),(169,37,11,0.00,'2025-07-14 14:11:58'),(170,37,3,0.00,'2025-07-14 14:12:02'),(171,37,9,0.00,'2025-07-14 14:12:05'),(172,38,17,0.00,'2025-07-14 14:12:58'),(173,38,7,0.00,'2025-07-14 14:13:02'),(174,38,14,0.00,'2025-07-14 14:13:07'),(175,38,10,0.00,'2025-07-14 14:13:12'),(176,38,5,0.00,'2025-07-14 14:13:16'),(177,38,4,0.00,'2025-07-14 14:13:21'),(178,38,13,0.00,'2025-07-14 14:13:26'),(179,38,12,0.00,'2025-07-14 14:13:31'),(180,38,8,0.00,'2025-07-14 14:13:36'),(181,38,6,0.00,'2025-07-14 14:13:42'),(182,38,2,0.00,'2025-07-14 14:13:46'),(183,38,16,0.00,'2025-07-14 14:13:51'),(184,38,11,0.00,'2025-07-14 14:13:57'),(185,38,3,0.00,'2025-07-14 14:14:02'),(186,38,9,0.00,'2025-07-14 14:14:06'),(187,40,17,0.00,'2025-07-14 14:23:40'),(188,40,7,0.00,'2025-07-14 14:23:47'),(189,40,14,0.00,'2025-07-14 14:23:51'),(190,40,10,0.00,'2025-07-14 14:23:56'),(191,40,5,0.00,'2025-07-14 14:24:00'),(192,40,4,0.00,'2025-07-14 14:24:04'),(193,40,13,0.00,'2025-07-14 14:24:14'),(194,40,12,0.00,'2025-07-14 14:24:20'),(195,40,8,0.00,'2025-07-14 14:24:24'),(196,40,6,0.00,'2025-07-14 14:24:28'),(197,40,2,0.00,'2025-07-14 14:24:32'),(198,40,16,0.00,'2025-07-14 14:24:36'),(199,40,11,0.00,'2025-07-14 14:24:44'),(200,40,3,0.00,'2025-07-14 14:24:51'),(201,40,9,0.00,'2025-07-14 14:24:55'),(202,41,17,0.00,'2025-07-14 14:25:37'),(203,41,7,0.00,'2025-07-14 14:25:40'),(204,41,14,0.00,'2025-07-14 14:25:45'),(205,41,10,0.00,'2025-07-14 14:25:49'),(206,41,5,0.00,'2025-07-14 14:25:52'),(207,41,4,0.00,'2025-07-14 14:25:56'),(208,41,13,0.00,'2025-07-14 14:26:00'),(209,41,12,0.00,'2025-07-14 14:26:05'),(210,41,8,0.00,'2025-07-14 14:26:09'),(211,41,6,0.00,'2025-07-14 14:26:12'),(212,41,2,0.00,'2025-07-14 14:26:16'),(213,41,16,0.00,'2025-07-14 14:26:20'),(214,41,11,0.00,'2025-07-14 14:26:24'),(215,41,3,0.00,'2025-07-14 14:26:28'),(216,41,9,0.00,'2025-07-14 14:26:32'),(224,46,17,0.00,'2025-07-14 14:34:45'),(225,46,7,0.00,'2025-07-14 14:34:48'),(226,46,14,0.00,'2025-07-14 14:34:52'),(227,46,10,0.00,'2025-07-14 14:34:56'),(228,46,5,0.00,'2025-07-14 14:35:00'),(229,46,4,0.00,'2025-07-14 14:35:03'),(230,46,13,0.00,'2025-07-14 14:35:08'),(231,46,12,0.00,'2025-07-14 14:35:13'),(232,46,8,0.00,'2025-07-14 14:35:22'),(233,46,6,0.00,'2025-07-14 14:35:30'),(234,46,2,0.00,'2025-07-14 14:35:35'),(235,46,16,0.00,'2025-07-14 14:35:40'),(236,46,11,0.00,'2025-07-14 14:35:50'),(237,46,3,0.00,'2025-07-14 14:35:53'),(238,46,9,0.00,'2025-07-14 14:36:13'),(239,49,17,0.00,'2025-07-14 14:43:06'),(240,49,7,0.00,'2025-07-14 14:43:15'),(241,49,14,0.00,'2025-07-14 14:43:19'),(242,49,10,0.00,'2025-07-14 14:43:22'),(243,49,5,0.00,'2025-07-14 14:43:26'),(244,49,4,0.00,'2025-07-14 14:43:30'),(245,49,13,0.00,'2025-07-14 14:43:33'),(246,49,12,0.00,'2025-07-14 14:43:37'),(247,49,8,0.00,'2025-07-14 14:43:44'),(248,49,6,0.00,'2025-07-14 14:43:47'),(249,49,2,0.00,'2025-07-14 14:43:51'),(250,49,16,0.00,'2025-07-14 14:43:55'),(251,49,11,0.00,'2025-07-14 14:43:59'),(252,49,3,0.00,'2025-07-14 14:44:02'),(253,49,9,0.00,'2025-07-14 14:44:05'),(254,45,71,5.50,'2025-07-14 15:27:50'),(256,45,70,5.50,'2025-07-14 15:27:55'),(257,45,69,5.50,'2025-07-14 15:27:57'),(258,54,71,5.50,'2025-07-15 14:43:03'),(259,54,69,5.50,'2025-07-15 14:43:11'),(260,54,70,5.50,'2025-07-15 14:43:16');

--
-- Table structure for table `ajustesdebodega`
--

CREATE TABLE `ajustesdebodega` (
  `id` bigint unsigned NOT NULL AUTO_INCREMENT,
  `idarticulo` bigint unsigned NOT NULL,
  `descripcion` varchar(100) DEFAULT NULL,
  `fechacreacion` datetime NOT NULL DEFAULT CURRENT_TIMESTAMP,
  `cantidad` int DEFAULT NULL,
  `detalle` varchar(100) NOT NULL DEFAULT '',
  `idusuario` bigint unsigned NOT NULL,
  `cc` bigint unsigned NOT NULL DEFAULT '1',
  `pv` varchar(25) DEFAULT 'KALDI',
  PRIMARY KEY (`id`),
  UNIQUE KEY `id` (`id`),
  KEY `idarticulo` (`idarticulo`),
  KEY `idusuario` (`idusuario`),
  KEY `cc` (`cc`),
  CONSTRAINT `ajustesdebodega_ibfk_2` FOREIGN KEY (`idusuario`) REFERENCES `clientes` (`id`),
  CONSTRAINT `ajustesdebodega_ibfk_3` FOREIGN KEY (`idarticulo`) REFERENCES `articulos` (`id`)
) ENGINE=InnoDB DEFAULT CHARSET=utf8mb3;

--
-- Dumping data for table `ajustesdebodega`
--


--
-- Table structure for table `ajustesdeinventario`
--

CREATE TABLE `ajustesdeinventario` (
  `id` bigint unsigned NOT NULL AUTO_INCREMENT,
  `idarticulo` bigint unsigned NOT NULL,
  `descripcion` varchar(100) DEFAULT NULL,
  `fechacreacion` datetime NOT NULL DEFAULT CURRENT_TIMESTAMP,
  `cantidad` double DEFAULT '0',
  `detalle` varchar(100) NOT NULL DEFAULT '',
  `idusuario` bigint unsigned NOT NULL,
  `cc` bigint unsigned NOT NULL DEFAULT '1',
  `pv` varchar(25) DEFAULT 'KALDI',
  PRIMARY KEY (`id`),
  UNIQUE KEY `id` (`id`),
  KEY `idarticulo` (`idarticulo`),
  KEY `idusuario` (`idusuario`),
  KEY `cc` (`cc`),
  CONSTRAINT `ajustesdeinventario_ibfk_2` FOREIGN KEY (`idusuario`) REFERENCES `clientes` (`id`)
) ENGINE=InnoDB DEFAULT CHARSET=utf8mb3;

--
-- Dumping data for table `ajustesdeinventario`
--


--
-- Table structure for table `anticipos`
--

CREATE TABLE `anticipos` (
  `id` int NOT NULL AUTO_INCREMENT,
  `fechacreacion` date DEFAULT NULL,
  `valor` int DEFAULT '0',
  `mediodepago` varchar(25) CHARACTER SET utf8mb4 COLLATE utf8mb4_general_ci DEFAULT 'EFECTIVO',
  `afectacaja` tinyint unsigned DEFAULT '1',
  `observaciones` varchar(100) CHARACTER SET utf8mb4 COLLATE utf8mb4_general_ci DEFAULT NULL,
  `idorden` int DEFAULT '0',
  `idusuario` int DEFAULT '0',
  `consecutivo` int DEFAULT '0',
  `idz` int DEFAULT '1',
  `idfactura` int DEFAULT '0',
  `idcliente` int DEFAULT '0',
  `anticpoencm` int DEFAULT '0',
  PRIMARY KEY (`id`)
) ENGINE=InnoDB AUTO_INCREMENT=5 DEFAULT CHARSET=utf8mb4 COLLATE=utf8mb4_general_ci;

--
-- Dumping data for table `anticipos`
--

INSERT INTO `anticipos` (`id`, `fechacreacion`, `valor`, `mediodepago`, `afectacaja`, `observaciones`, `idorden`, `idusuario`, `consecutivo`, `idz`, `idfactura`, `idcliente`, `anticpoencm`) VALUES (1,'2024-08-13',500,'EFECTIVO',1,NULL,2,1,1,562,47740,3161,0),(2,'2024-08-13',100,'EFECTIVO',1,NULL,2,1,3,562,47740,3161,0),(3,'2024-08-13',3000,'TRANSFERENCIA',1,NULL,7,1,4,562,47741,3161,0),(4,'2024-08-13',5000,'TRANSFERENCIA',0,NULL,7,1,5,562,47741,3161,0);

--
-- Table structure for table `anticiposeliminados`
--

CREATE TABLE `anticiposeliminados` (
  `id` int NOT NULL AUTO_INCREMENT,
  `fechacreacion` date DEFAULT NULL,
  `valor` int DEFAULT '0',
  `mediodepago` varchar(25) CHARACTER SET utf8mb4 COLLATE utf8mb4_general_ci DEFAULT NULL,
  `afectacaja` tinyint unsigned DEFAULT '1',
  `observaciones` varchar(100) CHARACTER SET utf8mb4 COLLATE utf8mb4_general_ci DEFAULT NULL,
  `idorden` int DEFAULT '0',
  `idusuario` int DEFAULT '0',
  `consecutivo` int DEFAULT '0',
  `idcliente` int DEFAULT '0',
  PRIMARY KEY (`id`)
) ENGINE=InnoDB DEFAULT CHARSET=utf8mb4 COLLATE=utf8mb4_general_ci;

--
-- Dumping data for table `anticiposeliminados`
--


--
-- Table structure for table `articulos`
--

CREATE TABLE `articulos` (
  `id` bigint unsigned NOT NULL AUTO_INCREMENT,
  `idtienda` int DEFAULT '1',
  `esmp` bit(1) DEFAULT b'1',
  `seproduce` int DEFAULT '0',
  `sedesccomponeenventa` int NOT NULL DEFAULT '1',
  `idseccion` int DEFAULT '0',
  `SUBseccion` varchar(50) DEFAULT 'GENERAL',
  `ordendelarticulo` int DEFAULT '0',
  `referencia` varchar(20) NOT NULL DEFAULT '',
  `alias` varchar(20) NOT NULL DEFAULT '',
  `codabajo` varchar(5) NOT NULL DEFAULT '',
  `CODARTICULOABAJO` varchar(5) NOT NULL DEFAULT '',
  `situacioncocina` varchar(25) DEFAULT 'CAJA',
  `descripcion` varchar(100) NOT NULL DEFAULT ' ',
  `descripcionlarga` varchar(300) NOT NULL DEFAULT ' ',
  `seccion` varchar(50) NOT NULL DEFAULT 'SELECCIONE',
  `valordeventa` double NOT NULL DEFAULT '0',
  `cantidad` double NOT NULL DEFAULT '0',
  `cantidadenbodega` int DEFAULT '0',
  `fechadecreacion` datetime NOT NULL DEFAULT CURRENT_TIMESTAMP,
  `extension` varchar(5) NOT NULL DEFAULT ' ',
  `cc` bigint unsigned NOT NULL DEFAULT '0',
  `ultimocoste` double NOT NULL DEFAULT '0',
  `tienecomposicion` int NOT NULL DEFAULT '0',
  `idusuario` bigint unsigned NOT NULL DEFAULT '1',
  `saleenlamesa` int DEFAULT '1',
  `esmodificador` int DEFAULT '1',
  `costomedio` double NOT NULL DEFAULT '0',
  `costoactual` double NOT NULL DEFAULT '0',
  `cantidadminima` int DEFAULT '0',
  `numerodelineas` int NOT NULL DEFAULT '1',
  `porcentajeiva` decimal(5,2) DEFAULT '0.00',
  `linea` varchar(50) NOT NULL DEFAULT 'SELECCIONE',
  `familiademodificadores` varchar(50) NOT NULL DEFAULT 'SELECCIONE',
  `descuentomaximo` int DEFAULT '0',
  `valordistribuidor` int NOT NULL DEFAULT '0',
  `descatalogado` int NOT NULL DEFAULT '0',
  `subido` int NOT NULL DEFAULT '0',
  `tienemodificadores` int NOT NULL DEFAULT '0',
  `valordeventatiendas` double NOT NULL DEFAULT '0',
  `valordeventafundaciones` double NOT NULL DEFAULT '0',
  `valortiendavirtual` decimal(11,2) DEFAULT NULL,
  `comision` int NOT NULL DEFAULT '0',
  `orden` int NOT NULL DEFAULT '0',
  `semonitorea` int NOT NULL DEFAULT '0',
  `idunidaddemedida` bigint unsigned NOT NULL DEFAULT '1',
  `idrapi` varchar(25) DEFAULT NULL,
  `sesubeaifood` int DEFAULT '0',
  `sesubearappi` int DEFAULT '0',
  `secompra` int DEFAULT '0',
  `marca` varchar(25) DEFAULT NULL,
  `talla` varchar(5) DEFAULT NULL,
  `referenciacruzada` varchar(25) DEFAULT NULL,
  `pv` varchar(25) DEFAULT 'KALDI',
  `COD_SATELITE_ARTICULO` varchar(25) DEFAULT NULL,
  `fabricante` varchar(100) DEFAULT NULL,
  `modelo` varchar(100) DEFAULT NULL,
  `serial` varchar(100) DEFAULT NULL,
  `usuarioedita` varchar(100) DEFAULT NULL,
  `ultimaedicion` datetime DEFAULT CURRENT_TIMESTAMP,
  `cantidad2` int DEFAULT '0',
  `situacioncocina2` varchar(25) DEFAULT 'SELECCIONE',
  `idifood` varchar(50) DEFAULT NULL,
  `valordeventaregular` int DEFAULT '0',
  `sesubeashopify` int DEFAULT '0',
  `codigoarea` int DEFAULT NULL,
  `materiales` varchar(300) DEFAULT NULL,
  `idlinea` int DEFAULT NULL,
  `porcentajecomision` decimal(5,2) DEFAULT NULL,
  `cuenta_impuesto` int DEFAULT NULL,
  `urlfotoarticulo` varchar(500) DEFAULT 'https://susoftware.es/imagenes/susoftware.png',
  `imei` varchar(50) DEFAULT NULL,
  `sefactura` bit(1) DEFAULT b'1',
  `cupon_vence` date DEFAULT NULL,
  `porcentajeutilidad1` decimal(5,2) DEFAULT NULL,
  `porcentajeutilidad2` decimal(5,2) DEFAULT NULL,
  `tipoanimal` bit(1) DEFAULT b'0',
  `tiendavirtual` bit(1) DEFAULT b'1',
  `sevendeacero` bit(1) DEFAULT b'0',
  `descuentodeldia` int DEFAULT '0',
  `conteodiario` int DEFAULT '0',
  `cantidadbodega` bit(1) DEFAULT b'0',
  `verenventas` bit(1) DEFAULT b'0',
  `mostraartodosentv` int DEFAULT '1',
  `impultraprocesados` int DEFAULT '0',
  `urlfoto` bit(1) DEFAULT b'0',
  `meta` bit(1) DEFAULT b'0',
  `promocionar_t` int DEFAULT '0',
  `p_descuento1` decimal(3,2) DEFAULT '0.00',
  `compraminima` int DEFAULT '1',
  `vrventapublico` double DEFAULT '0',
  `dia` int DEFAULT '0',
  `lunes` int DEFAULT '0',
  `martes` int DEFAULT '0',
  `miercoles` int DEFAULT '0',
  `jueves` int DEFAULT '0',
  `viernes` int DEFAULT '0',
  `sabado` int DEFAULT '0',
  `domingo` int DEFAULT '0',
  `inilunes` time DEFAULT '00:00:00',
  `inimartes` time DEFAULT '00:00:00',
  `inimiercoles` time DEFAULT '00:00:00',
  `inijueves` time DEFAULT '00:00:00',
  `iniviernes` time DEFAULT '00:00:00',
  `inisabado` time DEFAULT '00:00:00',
  `inidomingo` time DEFAULT '00:00:00',
  `finlunes` time DEFAULT '00:00:00',
  `finmartes` time DEFAULT '00:00:00',
  `finmiercoles` time DEFAULT '00:00:00',
  `finjueves` time DEFAULT '00:00:00',
  `finviernes` time DEFAULT '00:00:00',
  `finsabado` time DEFAULT '00:00:00',
  `findomingo` time DEFAULT '00:00:00',
  `descuentodeldiaentv` int DEFAULT '0',
  `porcentaje_ganancia_en_venta` decimal(5,2) DEFAULT '0.00',
  `factorpresentacion` int DEFAULT '1',
  `idpresentacion` int DEFAULT '0',
  `presentacion` varchar(25) DEFAULT NULL,
  `valorporfactor` decimal(8,2) DEFAULT '0.00',
  `fecha_vence_articulos` date DEFAULT NULL,
  `division` int DEFAULT '1',
  `varlorventa1` int DEFAULT '0',
  `referencia2` varchar(25) DEFAULT NULL,
  `compromisoactual` int DEFAULT '0',
  UNIQUE KEY `id` (`id`),
  KEY `cc` (`cc`),
  KEY `idusuario` (`idusuario`),
  KEY `idunidaddemedida` (`idunidaddemedida`),
  CONSTRAINT `articulos_ibfk_1` FOREIGN KEY (`idusuario`) REFERENCES `clientes` (`id`),
  CONSTRAINT `articulos_ibfk_3` FOREIGN KEY (`idunidaddemedida`) REFERENCES `unidadesdemedida` (`id`)
) ENGINE=InnoDB AUTO_INCREMENT=73 DEFAULT CHARSET=utf8mb3;

--
-- Dumping data for table `articulos`
--

INSERT INTO `articulos` (`id`, `idtienda`, `esmp`, `seproduce`, `sedesccomponeenventa`, `idseccion`, `SUBseccion`, `ordendelarticulo`, `referencia`, `alias`, `codabajo`, `CODARTICULOABAJO`, `situacioncocina`, `descripcion`, `descripcionlarga`, `seccion`, `valordeventa`, `cantidad`, `cantidadenbodega`, `fechadecreacion`, `extension`, `cc`, `ultimocoste`, `tienecomposicion`, `idusuario`, `saleenlamesa`, `esmodificador`, `costomedio`, `costoactual`, `cantidadminima`, `numerodelineas`, `porcentajeiva`, `linea`, `familiademodificadores`, `descuentomaximo`, `valordistribuidor`, `descatalogado`, `subido`, `tienemodificadores`, `valordeventatiendas`, `valordeventafundaciones`, `valortiendavirtual`, `comision`, `orden`, `semonitorea`, `idunidaddemedida`, `idrapi`, `sesubeaifood`, `sesubearappi`, `secompra`, `marca`, `talla`, `referenciacruzada`, `pv`, `COD_SATELITE_ARTICULO`, `fabricante`, `modelo`, `serial`, `usuarioedita`, `ultimaedicion`, `cantidad2`, `situacioncocina2`, `idifood`, `valordeventaregular`, `sesubeashopify`, `codigoarea`, `materiales`, `idlinea`, `porcentajecomision`, `cuenta_impuesto`, `urlfotoarticulo`, `imei`, `sefactura`, `cupon_vence`, `porcentajeutilidad1`, `porcentajeutilidad2`, `tipoanimal`, `tiendavirtual`, `sevendeacero`, `descuentodeldia`, `conteodiario`, `cantidadbodega`, `verenventas`, `mostraartodosentv`, `impultraprocesados`, `urlfoto`, `meta`, `promocionar_t`, `p_descuento1`, `compraminima`, `vrventapublico`, `dia`, `lunes`, `martes`, `miercoles`, `jueves`, `viernes`, `sabado`, `domingo`, `inilunes`, `inimartes`, `inimiercoles`, `inijueves`, `iniviernes`, `inisabado`, `inidomingo`, `finlunes`, `finmartes`, `finmiercoles`, `finjueves`, `finviernes`, `finsabado`, `findomingo`, `descuentodeldiaentv`, `porcentaje_ganancia_en_venta`, `factorpresentacion`, `idpresentacion`, `presentacion`, `valorporfactor`, `fecha_vence_articulos`, `division`, `varlorventa1`, `referencia2`, `compromisoactual`) VALUES (1,1,_binary '',0,1,0,'GENERAL',0,'','','','','CAJA','EN ESPERA',' ','SELECCIONE',0,0,0,'2025-07-09 08:10:18',' ',2,0,0,1,1,1,0,0,0,1,0.00,'SELECCIONE','SELECCIONE',0,0,0,0,0,0,0,NULL,0,0,0,1,NULL,0,0,0,NULL,NULL,NULL,'KALDI',NULL,NULL,NULL,NULL,NULL,'2025-07-09 08:10:18',0,'SELECCIONE',NULL,0,0,NULL,NULL,NULL,NULL,NULL,'../paginas/fuertekashmir/imagenes/articulo_1_1752577638.png',NULL,_binary '',NULL,NULL,NULL,_binary '\0',_binary '',_binary '\0',0,0,_binary '\0',_binary '\0',1,0,_binary '\0',_binary '\0',0,0.00,1,0,0,0,0,0,0,0,0,0,'00:00:00','00:00:00','00:00:00','00:00:00','00:00:00','00:00:00','00:00:00','00:00:00','00:00:00','00:00:00','00:00:00','00:00:00','00:00:00','00:00:00',0,0.00,1,0,NULL,0.00,NULL,1,0,NULL,0),(2,1,_binary '',0,1,1,'GENERAL',0,'','','','','CAJA','Pizzas Margarita','Salsa de tomate y queso','SELECCIONE',0,0,0,'2025-07-09 10:48:46',' ',0,0,0,5,1,1,0,0,0,1,0.00,'SELECCIONE','SELECCIONE',0,0,0,0,0,0,0,NULL,0,20,0,1,NULL,0,0,0,NULL,NULL,NULL,'KALDI',NULL,NULL,NULL,NULL,NULL,'2025-07-09 10:48:46',0,'SELECCIONE',NULL,0,0,NULL,NULL,NULL,NULL,NULL,'https://susoftware.es/imagenes/susoftware.png',NULL,_binary '',NULL,NULL,NULL,_binary '\0',_binary '',_binary '\0',0,0,_binary '\0',_binary '\0',1,0,_binary '\0',_binary '\0',0,0.00,1,0,0,0,0,0,0,0,0,0,'00:00:00','00:00:00','00:00:00','00:00:00','00:00:00','00:00:00','00:00:00','00:00:00','00:00:00','00:00:00','00:00:00','00:00:00','00:00:00','00:00:00',0,0.00,1,0,NULL,0.00,NULL,1,0,NULL,0),(3,1,_binary '',0,1,1,'GENERAL',0,'','','','','CAJA','Pizzas Salami','Salsa de tomate, queso y salami','SELECCIONE',0,0,0,'2025-07-09 10:51:52',' ',0,0,0,5,1,1,0,0,0,1,0.00,'SELECCIONE','SELECCIONE',0,0,0,0,0,0,0,NULL,0,21,0,1,NULL,0,0,0,NULL,NULL,NULL,'KALDI',NULL,NULL,NULL,NULL,NULL,'2025-07-09 10:51:52',0,'SELECCIONE',NULL,0,0,NULL,NULL,NULL,NULL,NULL,'https://susoftware.es/imagenes/susoftware.png',NULL,_binary '',NULL,NULL,NULL,_binary '\0',_binary '',_binary '\0',0,0,_binary '\0',_binary '\0',1,0,_binary '\0',_binary '\0',0,0.00,1,0,0,0,0,0,0,0,0,0,'00:00:00','00:00:00','00:00:00','00:00:00','00:00:00','00:00:00','00:00:00','00:00:00','00:00:00','00:00:00','00:00:00','00:00:00','00:00:00','00:00:00',0,0.00,1,0,NULL,0.00,NULL,1,0,NULL,0),(4,1,_binary '',0,1,1,'GENERAL',0,'','','','','CAJA','Pizzas de Jamón y Champiñones','Salsa de tomate, queso, atún y gambas','SELECCIONE',0,0,0,'2025-07-09 10:52:53',' ',0,0,0,5,1,1,0,0,0,1,0.00,'SELECCIONE','SELECCIONE',0,0,0,0,0,0,0,NULL,0,22,0,1,NULL,0,0,0,NULL,NULL,NULL,'KALDI',NULL,NULL,NULL,NULL,NULL,'2025-07-09 10:52:53',0,'SELECCIONE',NULL,0,0,NULL,NULL,NULL,NULL,NULL,'https://susoftware.es/imagenes/susoftware.png',NULL,_binary '',NULL,NULL,NULL,_binary '\0',_binary '',_binary '\0',0,0,_binary '\0',_binary '\0',1,0,_binary '\0',_binary '\0',0,0.00,1,0,0,0,0,0,0,0,0,0,'00:00:00','00:00:00','00:00:00','00:00:00','00:00:00','00:00:00','00:00:00','00:00:00','00:00:00','00:00:00','00:00:00','00:00:00','00:00:00','00:00:00',0,0.00,1,0,NULL,0.00,NULL,1,0,NULL,0),(5,1,_binary '',0,1,1,'GENERAL',0,'','','','','CAJA','Pizzas de Atún y Cebolla','Salsa de tomate, queso, atún y cebolla','SELECCIONE',0,0,0,'2025-07-09 10:54:08',' ',0,0,0,5,1,1,0,0,0,1,0.00,'SELECCIONE','SELECCIONE',0,0,0,0,0,0,0,NULL,0,23,0,1,NULL,0,0,0,NULL,NULL,NULL,'KALDI',NULL,NULL,NULL,NULL,NULL,'2025-07-09 10:54:08',0,'SELECCIONE',NULL,0,0,NULL,NULL,NULL,NULL,NULL,'https://susoftware.es/imagenes/susoftware.png',NULL,_binary '',NULL,NULL,NULL,_binary '\0',_binary '',_binary '\0',0,0,_binary '\0',_binary '\0',1,0,_binary '\0',_binary '\0',0,0.00,1,0,0,0,0,0,0,0,0,0,'00:00:00','00:00:00','00:00:00','00:00:00','00:00:00','00:00:00','00:00:00','00:00:00','00:00:00','00:00:00','00:00:00','00:00:00','00:00:00','00:00:00',0,0.00,1,0,NULL,0.00,NULL,1,0,NULL,0),(6,1,_binary '',0,1,1,'GENERAL',0,'','','','','CAJA','Pizzas Mare','Salsa de tomate, queso, atún y gambas','SELECCIONE',0,0,0,'2025-07-09 10:54:52',' ',0,0,0,5,1,1,0,0,0,1,0.00,'SELECCIONE','SELECCIONE',0,0,0,0,0,0,0,NULL,0,24,0,1,NULL,0,0,0,NULL,NULL,NULL,'KALDI',NULL,NULL,NULL,NULL,NULL,'2025-07-09 10:54:52',0,'SELECCIONE',NULL,0,0,NULL,NULL,NULL,NULL,NULL,'https://susoftware.es/imagenes/susoftware.png',NULL,_binary '',NULL,NULL,NULL,_binary '\0',_binary '',_binary '\0',0,0,_binary '\0',_binary '\0',1,0,_binary '\0',_binary '\0',0,0.00,1,0,0,0,0,0,0,0,0,0,'00:00:00','00:00:00','00:00:00','00:00:00','00:00:00','00:00:00','00:00:00','00:00:00','00:00:00','00:00:00','00:00:00','00:00:00','00:00:00','00:00:00',0,0.00,1,0,NULL,0.00,NULL,1,0,NULL,0),(7,1,_binary '',0,1,1,'GENERAL',0,'','','','','CAJA','Pizzas Barbacoa','Salsa de tomate, queso, carne y salsa BBQ','SELECCIONE',0,0,0,'2025-07-09 10:55:56',' ',0,0,0,5,1,1,0,0,0,1,0.00,'SELECCIONE','SELECCIONE',0,0,0,0,0,0,0,NULL,0,25,0,1,NULL,0,0,0,NULL,NULL,NULL,'KALDI',NULL,NULL,NULL,NULL,NULL,'2025-07-09 10:55:56',0,'SELECCIONE',NULL,0,0,NULL,NULL,NULL,NULL,NULL,'https://susoftware.es/imagenes/susoftware.png',NULL,_binary '',NULL,NULL,NULL,_binary '\0',_binary '',_binary '\0',0,0,_binary '\0',_binary '\0',1,0,_binary '\0',_binary '\0',0,0.00,1,0,0,0,0,0,0,0,0,0,'00:00:00','00:00:00','00:00:00','00:00:00','00:00:00','00:00:00','00:00:00','00:00:00','00:00:00','00:00:00','00:00:00','00:00:00','00:00:00','00:00:00',0,0.00,1,0,NULL,0.00,NULL,1,0,NULL,0),(8,1,_binary '',0,1,1,'GENERAL',0,'','','','','CAJA','Pizzas Kebab','Salsa de tomate, queso, carne, kebab y salsa','SELECCIONE',0,0,0,'2025-07-09 10:57:02',' ',0,0,0,5,1,1,0,0,0,1,0.00,'SELECCIONE','SELECCIONE',0,0,0,0,0,0,0,NULL,0,26,0,1,NULL,0,0,0,NULL,NULL,NULL,'KALDI',NULL,NULL,NULL,NULL,NULL,'2025-07-09 10:57:02',0,'SELECCIONE',NULL,0,0,NULL,NULL,NULL,NULL,NULL,'https://susoftware.es/imagenes/susoftware.png',NULL,_binary '',NULL,NULL,NULL,_binary '\0',_binary '',_binary '\0',0,0,_binary '\0',_binary '\0',1,0,_binary '\0',_binary '\0',0,0.00,1,0,0,0,0,0,0,0,0,0,'00:00:00','00:00:00','00:00:00','00:00:00','00:00:00','00:00:00','00:00:00','00:00:00','00:00:00','00:00:00','00:00:00','00:00:00','00:00:00','00:00:00',0,0.00,1,0,NULL,0.00,NULL,1,0,NULL,0),(9,1,_binary '',0,1,1,'GENERAL',0,'','','','','CAJA','Pizzas Vegetariana','Salsa de tomate y verdura del día','SELECCIONE',0,0,0,'2025-07-09 10:57:57',' ',0,0,0,5,1,1,0,0,0,1,0.00,'SELECCIONE','SELECCIONE',0,0,0,0,0,0,0,NULL,0,27,0,1,NULL,0,0,0,NULL,NULL,NULL,'KALDI',NULL,NULL,NULL,NULL,NULL,'2025-07-09 10:57:57',0,'SELECCIONE',NULL,0,0,NULL,NULL,NULL,NULL,NULL,'https://susoftware.es/imagenes/susoftware.png',NULL,_binary '',NULL,NULL,NULL,_binary '\0',_binary '',_binary '\0',0,0,_binary '\0',_binary '\0',1,0,_binary '\0',_binary '\0',0,0.00,1,0,0,0,0,0,0,0,0,0,'00:00:00','00:00:00','00:00:00','00:00:00','00:00:00','00:00:00','00:00:00','00:00:00','00:00:00','00:00:00','00:00:00','00:00:00','00:00:00','00:00:00',0,0.00,1,0,NULL,0.00,NULL,1,0,NULL,0),(10,1,_binary '',0,1,1,'GENERAL',0,'','','','','CAJA','Pizzas Cuatro Queso','Salsa de tomate y cuatro quesos','SELECCIONE',0,0,0,'2025-07-09 10:58:46',' ',0,0,0,5,1,1,0,0,0,1,0.00,'SELECCIONE','SELECCIONE',0,0,0,0,0,0,0,NULL,0,28,0,1,NULL,0,0,0,NULL,NULL,NULL,'KALDI',NULL,NULL,NULL,NULL,NULL,'2025-07-09 10:58:46',0,'SELECCIONE',NULL,0,0,NULL,NULL,NULL,NULL,NULL,'https://susoftware.es/imagenes/susoftware.png',NULL,_binary '',NULL,NULL,NULL,_binary '\0',_binary '',_binary '\0',0,0,_binary '\0',_binary '\0',1,0,_binary '\0',_binary '\0',0,0.00,1,0,0,0,0,0,0,0,0,0,'00:00:00','00:00:00','00:00:00','00:00:00','00:00:00','00:00:00','00:00:00','00:00:00','00:00:00','00:00:00','00:00:00','00:00:00','00:00:00','00:00:00',0,0.00,1,0,NULL,0.00,NULL,1,0,NULL,0),(11,1,_binary '',0,1,1,'GENERAL',0,'','','','','CAJA','Pizzas Pollo Tikka','Salsa de tomate y pollo','SELECCIONE',0,0,0,'2025-07-09 10:59:30',' ',0,0,0,5,1,1,0,0,0,1,0.00,'SELECCIONE','SELECCIONE',0,0,0,0,0,0,0,NULL,0,29,0,1,NULL,0,0,0,NULL,NULL,NULL,'KALDI',NULL,NULL,NULL,NULL,NULL,'2025-07-09 10:59:30',0,'SELECCIONE',NULL,0,0,NULL,NULL,NULL,NULL,NULL,'https://susoftware.es/imagenes/susoftware.png',NULL,_binary '',NULL,NULL,NULL,_binary '\0',_binary '',_binary '\0',0,0,_binary '\0',_binary '\0',1,0,_binary '\0',_binary '\0',0,0.00,1,0,0,0,0,0,0,0,0,0,'00:00:00','00:00:00','00:00:00','00:00:00','00:00:00','00:00:00','00:00:00','00:00:00','00:00:00','00:00:00','00:00:00','00:00:00','00:00:00','00:00:00',0,0.00,1,0,NULL,0.00,NULL,1,0,NULL,0),(12,1,_binary '',0,1,1,'GENERAL',0,'','','','','CAJA','Pizzas Kashmir','Elige tus cuatro ingredientes preferidos y picantes','SELECCIONE',0,0,0,'2025-07-09 11:00:28',' ',0,0,0,5,1,1,0,0,0,1,0.00,'SELECCIONE','SELECCIONE',0,0,0,0,0,0,0,NULL,0,30,0,1,NULL,0,0,0,NULL,NULL,NULL,'KALDI',NULL,NULL,NULL,NULL,NULL,'2025-07-09 11:00:28',0,'SELECCIONE',NULL,0,0,NULL,NULL,NULL,NULL,NULL,'https://susoftware.es/imagenes/susoftware.png',NULL,_binary '',NULL,NULL,NULL,_binary '\0',_binary '',_binary '\0',0,0,_binary '\0',_binary '\0',1,0,_binary '\0',_binary '\0',0,0.00,1,0,0,0,0,0,0,0,0,0,'00:00:00','00:00:00','00:00:00','00:00:00','00:00:00','00:00:00','00:00:00','00:00:00','00:00:00','00:00:00','00:00:00','00:00:00','00:00:00','00:00:00',0,0.00,1,0,NULL,0.00,NULL,1,0,NULL,0),(13,1,_binary '',0,1,1,'GENERAL',0,'','','','','CAJA','Pizzas Hawaii','Salsa de tomate, queso, jamón y piña','SELECCIONE',0,0,0,'2025-07-09 11:01:09',' ',0,0,0,5,1,1,0,0,0,1,0.00,'SELECCIONE','SELECCIONE',0,0,0,0,0,0,0,NULL,0,31,0,1,NULL,0,0,0,NULL,NULL,NULL,'KALDI',NULL,NULL,NULL,NULL,NULL,'2025-07-09 11:01:09',0,'SELECCIONE',NULL,0,0,NULL,NULL,NULL,NULL,NULL,'https://susoftware.es/imagenes/susoftware.png',NULL,_binary '',NULL,NULL,NULL,_binary '\0',_binary '',_binary '\0',0,0,_binary '\0',_binary '\0',1,0,_binary '\0',_binary '\0',0,0.00,1,0,0,0,0,0,0,0,0,0,'00:00:00','00:00:00','00:00:00','00:00:00','00:00:00','00:00:00','00:00:00','00:00:00','00:00:00','00:00:00','00:00:00','00:00:00','00:00:00','00:00:00',0,0.00,1,0,NULL,0.00,NULL,1,0,NULL,0),(14,1,_binary '',0,1,1,'GENERAL',0,'','','','','CAJA','Pizzas Carbonara','Salsa de tomate, queso, champiñones, nata y pollo','SELECCIONE',0,0,0,'2025-07-09 11:02:03',' ',0,0,0,5,1,1,0,0,0,1,0.00,'SELECCIONE','SELECCIONE',0,0,0,0,0,0,0,NULL,0,32,0,1,NULL,0,0,0,NULL,NULL,NULL,'KALDI',NULL,NULL,NULL,NULL,NULL,'2025-07-09 11:02:03',0,'SELECCIONE',NULL,0,0,NULL,NULL,NULL,NULL,NULL,'https://susoftware.es/imagenes/susoftware.png',NULL,_binary '',NULL,NULL,NULL,_binary '\0',_binary '',_binary '\0',0,0,_binary '\0',_binary '\0',1,0,_binary '\0',_binary '\0',0,0.00,1,0,0,0,0,0,0,0,0,0,'00:00:00','00:00:00','00:00:00','00:00:00','00:00:00','00:00:00','00:00:00','00:00:00','00:00:00','00:00:00','00:00:00','00:00:00','00:00:00','00:00:00',0,0.00,1,0,NULL,0.00,NULL,1,0,NULL,0),(15,1,_binary '',0,1,1,'GENERAL',0,'','','','','CAJA','Pizzas Calzone','Mozzarella, salsa de tomate, yogurt, pollo y ternera','SELECCIONE',0,0,0,'2025-07-09 11:03:01',' ',0,0,0,5,1,1,0,0,0,1,0.00,'SELECCIONE','SELECCIONE',0,0,0,0,0,0,0,NULL,0,33,0,1,NULL,0,0,0,NULL,NULL,NULL,'KALDI',NULL,NULL,NULL,NULL,NULL,'2025-07-09 11:03:01',0,'SELECCIONE',NULL,0,0,NULL,NULL,NULL,NULL,NULL,'https://susoftware.es/imagenes/susoftware.png',NULL,_binary '',NULL,NULL,NULL,_binary '\0',_binary '',_binary '\0',0,0,_binary '\0',_binary '\0',1,0,_binary '\0',_binary '\0',0,0.00,1,0,0,0,0,0,0,0,0,0,'00:00:00','00:00:00','00:00:00','00:00:00','00:00:00','00:00:00','00:00:00','00:00:00','00:00:00','00:00:00','00:00:00','00:00:00','00:00:00','00:00:00',0,0.00,1,0,NULL,0.00,NULL,1,0,NULL,0),(16,1,_binary '',0,1,1,'GENERAL',0,'','','','','CAJA','Pizzas Pepperoni','Salsa de tomate, queso y pepperoni','SELECCIONE',0,0,0,'2025-07-09 11:03:52',' ',0,0,0,5,1,1,0,0,0,1,0.00,'SELECCIONE','SELECCIONE',0,0,0,0,0,0,0,NULL,0,34,0,1,NULL,0,0,0,NULL,NULL,NULL,'KALDI',NULL,NULL,NULL,NULL,NULL,'2025-07-09 11:03:52',0,'SELECCIONE',NULL,0,0,NULL,NULL,NULL,NULL,NULL,'https://susoftware.es/imagenes/susoftware.png',NULL,_binary '',NULL,NULL,NULL,_binary '\0',_binary '',_binary '\0',0,0,_binary '\0',_binary '\0',1,0,_binary '\0',_binary '\0',0,0.00,1,0,0,0,0,0,0,0,0,0,'00:00:00','00:00:00','00:00:00','00:00:00','00:00:00','00:00:00','00:00:00','00:00:00','00:00:00','00:00:00','00:00:00','00:00:00','00:00:00','00:00:00',0,0.00,1,0,NULL,0.00,NULL,1,0,NULL,0),(17,1,_binary '',0,1,1,'GENERAL',0,'','','','','CAJA','Pizzas Bacon','Salsa de tomate, queso y bacon','SELECCIONE',0,0,0,'2025-07-09 11:04:30',' ',0,0,0,5,1,1,0,0,0,1,0.00,'SELECCIONE','SELECCIONE',0,0,0,0,0,0,0,NULL,0,35,0,1,NULL,0,0,0,NULL,NULL,NULL,'KALDI',NULL,NULL,NULL,NULL,NULL,'2025-07-09 11:04:30',0,'SELECCIONE',NULL,0,0,NULL,NULL,NULL,NULL,NULL,'https://susoftware.es/imagenes/susoftware.png',NULL,_binary '',NULL,NULL,NULL,_binary '\0',_binary '',_binary '\0',0,0,_binary '\0',_binary '\0',1,0,_binary '\0',_binary '\0',0,0.00,1,0,0,0,0,0,0,0,0,0,'00:00:00','00:00:00','00:00:00','00:00:00','00:00:00','00:00:00','00:00:00','00:00:00','00:00:00','00:00:00','00:00:00','00:00:00','00:00:00','00:00:00',0,0.00,1,0,NULL,0.00,NULL,1,0,NULL,0),(18,1,_binary '',0,1,1,'GENERAL',0,'','','','','CAJA','Pizzas de Marisco','Atún, gambas, mejillones, palitos de cangrejo','SELECCIONE',0,0,0,'2025-07-09 11:05:30',' ',0,0,0,5,1,1,0,0,0,1,0.00,'SELECCIONE','SELECCIONE',0,0,0,0,0,0,0,NULL,0,36,0,1,NULL,0,0,0,NULL,NULL,NULL,'KALDI',NULL,NULL,NULL,NULL,NULL,'2025-07-09 11:05:30',0,'SELECCIONE',NULL,0,0,NULL,NULL,NULL,NULL,NULL,'https://susoftware.es/imagenes/susoftware.png',NULL,_binary '',NULL,NULL,NULL,_binary '\0',_binary '',_binary '\0',0,0,_binary '\0',_binary '\0',1,0,_binary '\0',_binary '\0',0,0.00,1,0,0,0,0,0,0,0,0,0,'00:00:00','00:00:00','00:00:00','00:00:00','00:00:00','00:00:00','00:00:00','00:00:00','00:00:00','00:00:00','00:00:00','00:00:00','00:00:00','00:00:00',0,0.00,1,0,NULL,0.00,NULL,1,0,NULL,0),(19,1,_binary '',0,1,2,'GENERAL',0,'','','','','CAJA','Platos de Kebab','','SELECCIONE',0,0,0,'2025-07-09 11:06:19',' ',0,0,0,5,1,1,0,0,0,1,0.00,'SELECCIONE','SELECCIONE',0,0,0,0,0,0,0,NULL,0,37,0,1,NULL,0,0,0,NULL,NULL,NULL,'KALDI',NULL,NULL,NULL,NULL,NULL,'2025-07-09 11:06:19',0,'SELECCIONE',NULL,0,0,NULL,NULL,NULL,NULL,NULL,'https://susoftware.es/imagenes/susoftware.png',NULL,_binary '',NULL,NULL,NULL,_binary '\0',_binary '',_binary '\0',0,0,_binary '\0',_binary '\0',1,0,_binary '\0',_binary '\0',0,0.00,1,7.5,0,0,0,0,0,0,0,0,'00:00:00','00:00:00','00:00:00','00:00:00','00:00:00','00:00:00','00:00:00','00:00:00','00:00:00','00:00:00','00:00:00','00:00:00','00:00:00','00:00:00',0,0.00,1,0,NULL,0.00,NULL,1,0,NULL,0),(20,1,_binary '',0,1,2,'GENERAL',0,'','','','','CAJA','Platos Calamares fritos','','SELECCIONE',0,0,0,'2025-07-09 11:06:57',' ',0,0,0,5,1,1,0,0,0,1,0.00,'SELECCIONE','SELECCIONE',0,0,0,0,0,0,0,NULL,0,38,0,1,NULL,0,0,0,NULL,NULL,NULL,'KALDI',NULL,NULL,NULL,NULL,NULL,'2025-07-09 11:06:57',0,'SELECCIONE',NULL,0,0,NULL,NULL,NULL,NULL,NULL,'https://susoftware.es/imagenes/susoftware.png',NULL,_binary '',NULL,NULL,NULL,_binary '\0',_binary '',_binary '\0',0,0,_binary '\0',_binary '\0',1,0,_binary '\0',_binary '\0',0,0.00,1,7.5,0,0,0,0,0,0,0,0,'00:00:00','00:00:00','00:00:00','00:00:00','00:00:00','00:00:00','00:00:00','00:00:00','00:00:00','00:00:00','00:00:00','00:00:00','00:00:00','00:00:00',0,0.00,1,0,NULL,0.00,NULL,1,0,NULL,0),(21,1,_binary '',0,1,2,'GENERAL',0,'','','','','CAJA','Platos Falafel','','SELECCIONE',0,0,0,'2025-07-09 11:07:29',' ',0,0,0,5,1,1,0,0,0,1,0.00,'SELECCIONE','SELECCIONE',0,0,0,0,0,0,0,NULL,0,39,0,1,NULL,0,0,0,NULL,NULL,NULL,'KALDI',NULL,NULL,NULL,NULL,NULL,'2025-07-09 11:07:29',0,'SELECCIONE',NULL,0,0,NULL,NULL,NULL,NULL,NULL,'https://susoftware.es/imagenes/susoftware.png',NULL,_binary '',NULL,NULL,NULL,_binary '\0',_binary '',_binary '\0',0,0,_binary '\0',_binary '\0',1,0,_binary '\0',_binary '\0',0,0.00,1,7.5,0,0,0,0,0,0,0,0,'00:00:00','00:00:00','00:00:00','00:00:00','00:00:00','00:00:00','00:00:00','00:00:00','00:00:00','00:00:00','00:00:00','00:00:00','00:00:00','00:00:00',0,0.00,1,0,NULL,0.00,NULL,1,0,NULL,0),(22,1,_binary '',0,1,2,'GENERAL',0,'','','','','CAJA','Platos de Nuggets de Pollo','','SELECCIONE',0,0,0,'2025-07-09 11:07:58',' ',0,0,0,5,1,1,0,0,0,1,0.00,'SELECCIONE','SELECCIONE',0,0,0,0,0,0,0,NULL,0,40,0,1,NULL,0,0,0,NULL,NULL,NULL,'KALDI',NULL,NULL,NULL,NULL,NULL,'2025-07-09 11:07:58',0,'SELECCIONE',NULL,0,0,NULL,NULL,NULL,NULL,NULL,'https://susoftware.es/imagenes/susoftware.png',NULL,_binary '',NULL,NULL,NULL,_binary '\0',_binary '',_binary '\0',0,0,_binary '\0',_binary '\0',1,0,_binary '\0',_binary '\0',0,0.00,1,5,0,0,0,0,0,0,0,0,'00:00:00','00:00:00','00:00:00','00:00:00','00:00:00','00:00:00','00:00:00','00:00:00','00:00:00','00:00:00','00:00:00','00:00:00','00:00:00','00:00:00',0,0.00,1,0,NULL,0.00,NULL,1,0,NULL,0),(23,1,_binary '',0,1,2,'GENERAL',0,'','','','','CAJA','Platos de Palitos de Pescado','','SELECCIONE',0,0,0,'2025-07-09 11:08:30',' ',0,0,0,5,1,1,0,0,0,1,0.00,'SELECCIONE','SELECCIONE',0,0,0,0,0,0,0,NULL,0,41,0,1,NULL,0,0,0,NULL,NULL,NULL,'KALDI',NULL,NULL,NULL,NULL,NULL,'2025-07-09 11:08:30',0,'SELECCIONE',NULL,0,0,NULL,NULL,NULL,NULL,NULL,'https://susoftware.es/imagenes/susoftware.png',NULL,_binary '',NULL,NULL,NULL,_binary '\0',_binary '',_binary '\0',0,0,_binary '\0',_binary '\0',1,0,_binary '\0',_binary '\0',0,0.00,1,5,0,0,0,0,0,0,0,0,'00:00:00','00:00:00','00:00:00','00:00:00','00:00:00','00:00:00','00:00:00','00:00:00','00:00:00','00:00:00','00:00:00','00:00:00','00:00:00','00:00:00',0,0.00,1,0,NULL,0.00,NULL,1,0,NULL,0),(24,1,_binary '',0,1,2,'GENERAL',0,'','','','','CAJA','Platos de Pescado Empanado','','SELECCIONE',0,0,0,'2025-07-09 11:09:07',' ',0,0,0,5,1,1,0,0,0,1,0.00,'SELECCIONE','SELECCIONE',0,0,0,0,0,0,0,NULL,0,42,0,1,NULL,0,0,0,NULL,NULL,NULL,'KALDI',NULL,NULL,NULL,NULL,NULL,'2025-07-09 11:09:07',0,'SELECCIONE',NULL,0,0,NULL,NULL,NULL,NULL,NULL,'https://susoftware.es/imagenes/susoftware.png',NULL,_binary '',NULL,NULL,NULL,_binary '\0',_binary '',_binary '\0',0,0,_binary '\0',_binary '\0',1,0,_binary '\0',_binary '\0',0,0.00,1,7.5,0,0,0,0,0,0,0,0,'00:00:00','00:00:00','00:00:00','00:00:00','00:00:00','00:00:00','00:00:00','00:00:00','00:00:00','00:00:00','00:00:00','00:00:00','00:00:00','00:00:00',0,0.00,1,0,NULL,0.00,NULL,1,0,NULL,0),(25,1,_binary '',0,1,3,'GENERAL',0,'','','','','CAJA','Papas Fritas','','SELECCIONE',0,0,0,'2025-07-09 11:10:21',' ',0,0,0,5,1,1,0,0,0,1,0.00,'SELECCIONE','SELECCIONE',0,0,0,0,0,0,0,NULL,0,43,0,1,NULL,0,0,0,NULL,NULL,NULL,'KALDI',NULL,NULL,NULL,NULL,NULL,'2025-07-09 11:10:21',0,'SELECCIONE',NULL,0,0,NULL,NULL,NULL,NULL,NULL,'https://susoftware.es/imagenes/susoftware.png',NULL,_binary '',NULL,NULL,NULL,_binary '\0',_binary '',_binary '\0',0,0,_binary '\0',_binary '\0',1,0,_binary '\0',_binary '\0',0,0.00,1,3,0,0,0,0,0,0,0,0,'00:00:00','00:00:00','00:00:00','00:00:00','00:00:00','00:00:00','00:00:00','00:00:00','00:00:00','00:00:00','00:00:00','00:00:00','00:00:00','00:00:00',0,0.00,1,0,NULL,0.00,NULL,1,0,NULL,0),(26,1,_binary '',0,1,3,'GENERAL',0,'','','','','CAJA','Papas Mixtas','','SELECCIONE',0,0,0,'2025-07-09 11:10:47',' ',0,0,0,5,1,1,0,0,0,1,0.00,'SELECCIONE','SELECCIONE',0,0,0,0,0,0,0,NULL,0,44,0,1,NULL,0,0,0,NULL,NULL,NULL,'KALDI',NULL,NULL,NULL,NULL,NULL,'2025-07-09 11:10:47',0,'SELECCIONE',NULL,0,0,NULL,NULL,NULL,NULL,NULL,'https://susoftware.es/imagenes/susoftware.png',NULL,_binary '',NULL,NULL,NULL,_binary '\0',_binary '',_binary '\0',0,0,_binary '\0',_binary '\0',1,0,_binary '\0',_binary '\0',0,0.00,1,5,0,0,0,0,0,0,0,0,'00:00:00','00:00:00','00:00:00','00:00:00','00:00:00','00:00:00','00:00:00','00:00:00','00:00:00','00:00:00','00:00:00','00:00:00','00:00:00','00:00:00',0,0.00,1,0,NULL,0.00,NULL,1,0,NULL,0),(27,1,_binary '',0,1,3,'GENERAL',0,'','','','','CAJA','Gajo','','SELECCIONE',0,0,0,'2025-07-09 11:11:08',' ',0,0,0,5,1,1,0,0,0,1,0.00,'SELECCIONE','SELECCIONE',0,0,0,0,0,0,0,NULL,0,45,0,1,NULL,0,0,0,NULL,NULL,NULL,'KALDI',NULL,NULL,NULL,NULL,NULL,'2025-07-09 11:11:08',0,'SELECCIONE',NULL,0,0,NULL,NULL,NULL,NULL,NULL,'https://susoftware.es/imagenes/susoftware.png',NULL,_binary '',NULL,NULL,NULL,_binary '\0',_binary '',_binary '\0',0,0,_binary '\0',_binary '\0',1,0,_binary '\0',_binary '\0',0,0.00,1,4,0,0,0,0,0,0,0,0,'00:00:00','00:00:00','00:00:00','00:00:00','00:00:00','00:00:00','00:00:00','00:00:00','00:00:00','00:00:00','00:00:00','00:00:00','00:00:00','00:00:00',0,0.00,1,0,NULL,0.00,NULL,1,0,NULL,0),(28,1,_binary '',0,1,3,'GENERAL',0,'','','','','CAJA','Papas con queso y carne kebab','','SELECCIONE',0,0,0,'2025-07-09 11:11:41',' ',0,0,0,5,1,1,0,0,0,1,0.00,'SELECCIONE','SELECCIONE',0,0,0,0,0,0,0,NULL,0,46,0,1,NULL,0,0,0,NULL,NULL,NULL,'KALDI',NULL,NULL,NULL,NULL,NULL,'2025-07-09 11:11:41',0,'SELECCIONE',NULL,0,0,NULL,NULL,NULL,NULL,NULL,'https://susoftware.es/imagenes/susoftware.png',NULL,_binary '',NULL,NULL,NULL,_binary '\0',_binary '',_binary '\0',0,0,_binary '\0',_binary '\0',1,0,_binary '\0',_binary '\0',0,0.00,1,6,0,0,0,0,0,0,0,0,'00:00:00','00:00:00','00:00:00','00:00:00','00:00:00','00:00:00','00:00:00','00:00:00','00:00:00','00:00:00','00:00:00','00:00:00','00:00:00','00:00:00',0,0.00,1,0,NULL,0.00,NULL,1,0,NULL,0),(29,1,_binary '',0,1,3,'GENERAL',0,'','','','','CAJA','Gambas Rebozadas','','SELECCIONE',0,0,0,'2025-07-09 11:12:14',' ',0,0,0,5,1,1,0,0,0,1,0.00,'SELECCIONE','SELECCIONE',0,0,0,0,0,0,0,NULL,0,47,0,1,NULL,0,0,0,NULL,NULL,NULL,'KALDI',NULL,NULL,NULL,NULL,NULL,'2025-07-09 11:12:14',0,'SELECCIONE',NULL,0,0,NULL,NULL,NULL,NULL,NULL,'https://susoftware.es/imagenes/susoftware.png',NULL,_binary '',NULL,NULL,NULL,_binary '\0',_binary '',_binary '\0',0,0,_binary '\0',_binary '\0',1,0,_binary '\0',_binary '\0',0,0.00,1,8.5,0,0,0,0,0,0,0,0,'00:00:00','00:00:00','00:00:00','00:00:00','00:00:00','00:00:00','00:00:00','00:00:00','00:00:00','00:00:00','00:00:00','00:00:00','00:00:00','00:00:00',0,0.00,1,0,NULL,0.00,NULL,1,0,NULL,0),(30,1,_binary '',0,1,3,'GENERAL',0,'','','','','CAJA','Escalopines de Pollo Rebozados','','SELECCIONE',0,0,0,'2025-07-09 11:13:09',' ',0,0,0,5,1,1,0,0,0,1,0.00,'SELECCIONE','SELECCIONE',0,0,0,0,0,0,0,NULL,0,48,0,1,NULL,0,0,0,NULL,NULL,NULL,'KALDI',NULL,NULL,NULL,NULL,NULL,'2025-07-09 11:13:09',0,'SELECCIONE',NULL,0,0,NULL,NULL,NULL,NULL,NULL,'https://susoftware.es/imagenes/susoftware.png',NULL,_binary '',NULL,NULL,NULL,_binary '\0',_binary '',_binary '\0',0,0,_binary '\0',_binary '\0',1,0,_binary '\0',_binary '\0',0,0.00,1,7.5,0,0,0,0,0,0,0,0,'00:00:00','00:00:00','00:00:00','00:00:00','00:00:00','00:00:00','00:00:00','00:00:00','00:00:00','00:00:00','00:00:00','00:00:00','00:00:00','00:00:00',0,0.00,1,0,NULL,0.00,NULL,1,0,NULL,0),(31,1,_binary '',0,1,3,'GENERAL',0,'','','','','CAJA','Aros de Cebolla','','SELECCIONE',0,0,0,'2025-07-09 11:13:37',' ',0,0,0,5,1,1,0,0,0,1,0.00,'SELECCIONE','SELECCIONE',0,0,0,0,0,0,0,NULL,0,49,0,1,NULL,0,0,0,NULL,NULL,NULL,'KALDI',NULL,NULL,NULL,NULL,NULL,'2025-07-09 11:13:37',0,'SELECCIONE',NULL,0,0,NULL,NULL,NULL,NULL,NULL,'https://susoftware.es/imagenes/susoftware.png',NULL,_binary '',NULL,NULL,NULL,_binary '\0',_binary '',_binary '\0',0,0,_binary '\0',_binary '\0',1,0,_binary '\0',_binary '\0',0,0.00,1,4,0,0,0,0,0,0,0,0,'00:00:00','00:00:00','00:00:00','00:00:00','00:00:00','00:00:00','00:00:00','00:00:00','00:00:00','00:00:00','00:00:00','00:00:00','00:00:00','00:00:00',0,0.00,1,0,NULL,0.00,NULL,1,0,NULL,0),(32,1,_binary '',0,1,3,'GENERAL',0,'','','','','CAJA','Alitas de Pollo','','SELECCIONE',0,0,0,'2025-07-09 11:14:00',' ',0,0,0,5,1,1,0,0,0,1,0.00,'SELECCIONE','SELECCIONE',0,0,0,0,0,0,0,NULL,0,50,0,1,NULL,0,0,0,NULL,NULL,NULL,'KALDI',NULL,NULL,NULL,NULL,NULL,'2025-07-09 11:14:00',0,'SELECCIONE',NULL,0,0,NULL,NULL,NULL,NULL,NULL,'https://susoftware.es/imagenes/susoftware.png',NULL,_binary '',NULL,NULL,NULL,_binary '\0',_binary '',_binary '\0',0,0,_binary '\0',_binary '\0',1,0,_binary '\0',_binary '\0',0,0.00,1,7.5,0,0,0,0,0,0,0,0,'00:00:00','00:00:00','00:00:00','00:00:00','00:00:00','00:00:00','00:00:00','00:00:00','00:00:00','00:00:00','00:00:00','00:00:00','00:00:00','00:00:00',0,0.00,1,0,NULL,0.00,NULL,1,0,NULL,0),(33,1,_binary '',0,1,4,'GENERAL',0,'','','','','CAJA','Ensaladas Mixtas','','SELECCIONE',0,0,0,'2025-07-09 11:15:24',' ',0,0,0,5,1,1,0,0,0,1,0.00,'SELECCIONE','SELECCIONE',0,0,0,0,0,0,0,NULL,0,51,0,1,NULL,0,0,0,NULL,NULL,NULL,'KALDI',NULL,NULL,NULL,NULL,NULL,'2025-07-09 11:15:24',0,'SELECCIONE',NULL,0,0,NULL,NULL,NULL,NULL,NULL,'https://susoftware.es/imagenes/susoftware.png',NULL,_binary '',NULL,NULL,NULL,_binary '\0',_binary '',_binary '\0',0,0,_binary '\0',_binary '\0',1,0,_binary '\0',_binary '\0',0,0.00,1,4.5,0,0,0,0,0,0,0,0,'00:00:00','00:00:00','00:00:00','00:00:00','00:00:00','00:00:00','00:00:00','00:00:00','00:00:00','00:00:00','00:00:00','00:00:00','00:00:00','00:00:00',0,0.00,1,0,NULL,0.00,NULL,1,0,NULL,0),(34,1,_binary '',0,1,4,'GENERAL',0,'','','','','CAJA','Ensaladas Caesar','','SELECCIONE',0,0,0,'2025-07-09 11:15:50',' ',0,0,0,5,1,1,0,0,0,1,0.00,'SELECCIONE','SELECCIONE',0,0,0,0,0,0,0,NULL,0,52,0,1,NULL,0,0,0,NULL,NULL,NULL,'KALDI',NULL,NULL,NULL,NULL,NULL,'2025-07-09 11:15:50',0,'SELECCIONE',NULL,0,0,NULL,NULL,NULL,NULL,NULL,'https://susoftware.es/imagenes/susoftware.png',NULL,_binary '',NULL,NULL,NULL,_binary '\0',_binary '',_binary '\0',0,0,_binary '\0',_binary '\0',1,0,_binary '\0',_binary '\0',0,0.00,1,6.5,0,0,0,0,0,0,0,0,'00:00:00','00:00:00','00:00:00','00:00:00','00:00:00','00:00:00','00:00:00','00:00:00','00:00:00','00:00:00','00:00:00','00:00:00','00:00:00','00:00:00',0,0.00,1,0,NULL,0.00,NULL,1,0,NULL,0),(35,1,_binary '',0,1,4,'GENERAL',0,'','','','','CAJA','Ensaladas de Atún','','SELECCIONE',0,0,0,'2025-07-09 11:16:17',' ',0,0,0,5,1,1,0,0,0,1,0.00,'SELECCIONE','SELECCIONE',0,0,0,0,0,0,0,NULL,0,53,0,1,NULL,0,0,0,NULL,NULL,NULL,'KALDI',NULL,NULL,NULL,NULL,NULL,'2025-07-09 11:16:17',0,'SELECCIONE',NULL,0,0,NULL,NULL,NULL,NULL,NULL,'https://susoftware.es/imagenes/susoftware.png',NULL,_binary '',NULL,NULL,NULL,_binary '\0',_binary '',_binary '\0',0,0,_binary '\0',_binary '\0',1,0,_binary '\0',_binary '\0',0,0.00,1,6.5,0,0,0,0,0,0,0,0,'00:00:00','00:00:00','00:00:00','00:00:00','00:00:00','00:00:00','00:00:00','00:00:00','00:00:00','00:00:00','00:00:00','00:00:00','00:00:00','00:00:00',0,0.00,1,0,NULL,0.00,NULL,1,0,NULL,0),(36,1,_binary '',0,1,5,'GENERAL',0,'','','','','CAJA','Hamburguesa de Ternera','Carne de ternera con lechuga, tomate, cebolla y salsas','SELECCIONE',0,0,0,'2025-07-09 11:18:14',' ',0,0,0,5,1,1,0,0,0,1,0.00,'SELECCIONE','SELECCIONE',0,0,0,0,0,0,0,NULL,0,54,0,1,NULL,0,0,0,NULL,NULL,NULL,'KALDI',NULL,NULL,NULL,NULL,NULL,'2025-07-09 11:18:14',0,'SELECCIONE',NULL,0,0,NULL,NULL,NULL,NULL,NULL,'https://susoftware.es/imagenes/susoftware.png',NULL,_binary '',NULL,NULL,NULL,_binary '\0',_binary '',_binary '\0',0,0,_binary '\0',_binary '\0',1,0,_binary '\0',_binary '\0',0,0.00,1,3.5,0,0,0,0,0,0,0,0,'00:00:00','00:00:00','00:00:00','00:00:00','00:00:00','00:00:00','00:00:00','00:00:00','00:00:00','00:00:00','00:00:00','00:00:00','00:00:00','00:00:00',0,0.00,1,0,NULL,0.00,NULL,1,0,NULL,0),(37,1,_binary '',0,1,5,'GENERAL',0,'','','','','CAJA','Hamburguesa de pollo','Carne de pollo con lechuga, tomate, cebolla y salsas','SELECCIONE',0,0,0,'2025-07-09 11:19:23',' ',0,0,0,5,1,1,0,0,0,1,0.00,'SELECCIONE','SELECCIONE',0,0,0,0,0,0,0,NULL,0,55,0,1,NULL,0,0,0,NULL,NULL,NULL,'KALDI',NULL,NULL,NULL,NULL,NULL,'2025-07-09 11:19:23',0,'SELECCIONE',NULL,0,0,NULL,NULL,NULL,NULL,NULL,'https://susoftware.es/imagenes/susoftware.png',NULL,_binary '',NULL,NULL,NULL,_binary '\0',_binary '',_binary '\0',0,0,_binary '\0',_binary '\0',1,0,_binary '\0',_binary '\0',0,0.00,1,3.5,0,0,0,0,0,0,0,0,'00:00:00','00:00:00','00:00:00','00:00:00','00:00:00','00:00:00','00:00:00','00:00:00','00:00:00','00:00:00','00:00:00','00:00:00','00:00:00','00:00:00',0,0.00,1,0,NULL,0.00,NULL,1,0,NULL,0),(38,1,_binary '',0,1,5,'GENERAL',0,'','','','','CAJA','Hamburguesa Especial con Huevo','Carne ternera o pollo, lechuga, tomate, cebolla, huevo, queso y salsas','SELECCIONE',0,0,0,'2025-07-09 11:20:31',' ',0,0,0,5,1,1,0,0,0,1,0.00,'SELECCIONE','SELECCIONE',0,0,0,0,0,0,0,NULL,0,56,0,1,NULL,0,0,0,NULL,NULL,NULL,'KALDI',NULL,NULL,NULL,NULL,NULL,'2025-07-09 11:20:31',0,'SELECCIONE',NULL,0,0,NULL,NULL,NULL,NULL,NULL,'https://susoftware.es/imagenes/susoftware.png',NULL,_binary '',NULL,NULL,NULL,_binary '\0',_binary '',_binary '\0',0,0,_binary '\0',_binary '\0',1,0,_binary '\0',_binary '\0',0,0.00,1,4.5,0,0,0,0,0,0,0,0,'00:00:00','00:00:00','00:00:00','00:00:00','00:00:00','00:00:00','00:00:00','00:00:00','00:00:00','00:00:00','00:00:00','00:00:00','00:00:00','00:00:00',0,0.00,1,0,NULL,0.00,NULL,1,0,NULL,0),(39,1,_binary '',0,1,5,'GENERAL',0,'','','','','CAJA','Hamburguesa Especial Doble Carne','Doble carne de ternera o pollo, lechuga, tomate, cebolla, huevo, queso y salsas','SELECCIONE',0,0,0,'2025-07-09 11:21:41',' ',0,0,0,5,1,1,0,0,0,1,0.00,'SELECCIONE','SELECCIONE',0,0,0,0,0,0,0,NULL,0,57,0,1,NULL,0,0,0,NULL,NULL,NULL,'KALDI',NULL,NULL,NULL,NULL,NULL,'2025-07-09 11:21:41',0,'SELECCIONE',NULL,0,0,NULL,NULL,NULL,NULL,NULL,'https://susoftware.es/imagenes/susoftware.png',NULL,_binary '',NULL,NULL,NULL,_binary '\0',_binary '',_binary '\0',0,0,_binary '\0',_binary '\0',1,0,_binary '\0',_binary '\0',0,0.00,1,6.5,0,0,0,0,0,0,0,0,'00:00:00','00:00:00','00:00:00','00:00:00','00:00:00','00:00:00','00:00:00','00:00:00','00:00:00','00:00:00','00:00:00','00:00:00','00:00:00','00:00:00',0,0.00,1,0,NULL,0.00,NULL,1,0,NULL,0),(40,1,_binary '',0,1,5,'GENERAL',0,'','','','','CAJA','Hamburguesa Especial con Bacon','Carne de ternera o pollo, lechuga, tomate, cebolla, huevo, bacon, queso y salsas','SELECCIONE',0,0,0,'2025-07-09 11:22:55',' ',0,0,0,5,1,1,0,0,0,1,0.00,'SELECCIONE','SELECCIONE',0,0,0,0,0,0,0,NULL,0,58,0,1,NULL,0,0,0,NULL,NULL,NULL,'KALDI',NULL,NULL,NULL,NULL,NULL,'2025-07-09 11:22:55',0,'SELECCIONE',NULL,0,0,NULL,NULL,NULL,NULL,NULL,'https://susoftware.es/imagenes/susoftware.png',NULL,_binary '',NULL,NULL,NULL,_binary '\0',_binary '',_binary '\0',0,0,_binary '\0',_binary '\0',1,0,_binary '\0',_binary '\0',0,0.00,1,6.5,0,0,0,0,0,0,0,0,'00:00:00','00:00:00','00:00:00','00:00:00','00:00:00','00:00:00','00:00:00','00:00:00','00:00:00','00:00:00','00:00:00','00:00:00','00:00:00','00:00:00',0,0.00,1,0,NULL,0.00,NULL,1,0,NULL,0),(42,1,_binary '',0,1,6,'GENERAL',0,'','','','','CAJA','Pita','Carne de ternera y/o pollo, lechuga, tomate y cebolla','SELECCIONE',0,0,0,'2025-07-09 11:25:12',' ',0,0,0,5,1,1,0,0,0,1,0.00,'SELECCIONE','SELECCIONE',0,0,0,0,0,0,0,NULL,0,60,0,1,NULL,0,0,0,NULL,NULL,NULL,'KALDI',NULL,NULL,NULL,NULL,NULL,'2025-07-09 11:25:12',0,'SELECCIONE',NULL,0,0,NULL,NULL,NULL,NULL,NULL,'https://susoftware.es/imagenes/susoftware.png',NULL,_binary '',NULL,NULL,NULL,_binary '\0',_binary '',_binary '\0',0,0,_binary '\0',_binary '\0',1,0,_binary '\0',_binary '\0',0,0.00,1,0,0,0,0,0,0,0,0,0,'00:00:00','00:00:00','00:00:00','00:00:00','00:00:00','00:00:00','00:00:00','00:00:00','00:00:00','00:00:00','00:00:00','00:00:00','00:00:00','00:00:00',0,0.00,1,0,NULL,0.00,NULL,1,0,NULL,0),(44,1,_binary '',0,1,6,'GENERAL',0,'','','','','CAJA','Pita Sólo Carne','','SELECCIONE',0,0,0,'2025-07-09 11:26:25',' ',0,0,0,5,1,1,0,0,0,1,0.00,'SELECCIONE','SELECCIONE',0,0,0,0,0,0,0,NULL,0,62,0,1,NULL,0,0,0,NULL,NULL,NULL,'KALDI',NULL,NULL,NULL,NULL,NULL,'2025-07-09 11:26:25',0,'SELECCIONE',NULL,0,0,NULL,NULL,NULL,NULL,NULL,'https://susoftware.es/imagenes/susoftware.png',NULL,_binary '',NULL,NULL,NULL,_binary '\0',_binary '',_binary '\0',0,0,_binary '\0',_binary '\0',1,0,_binary '\0',_binary '\0',0,0.00,1,6.5,0,0,0,0,0,0,0,0,'00:00:00','00:00:00','00:00:00','00:00:00','00:00:00','00:00:00','00:00:00','00:00:00','00:00:00','00:00:00','00:00:00','00:00:00','00:00:00','00:00:00',0,0.00,1,0,NULL,0.00,NULL,1,0,NULL,0),(45,1,_binary '',0,1,7,'GENERAL',0,'','','','','CAJA','familiar','','SELECCIONE',0,0,0,'2025-07-09 12:10:49',' ',0,0,0,2,1,1,0,0,0,1,0.00,'SELECCIONE','SELECCIONE',0,0,0,0,0,0,0,NULL,0,1,0,1,NULL,0,0,0,NULL,NULL,NULL,'KALDI',NULL,NULL,NULL,NULL,NULL,'2025-07-09 12:10:49',0,'SELECCIONE',NULL,0,0,NULL,NULL,NULL,NULL,NULL,'https://susoftware.es/imagenes/susoftware.png',NULL,_binary '',NULL,NULL,NULL,_binary '\0',_binary '\0',_binary '\0',0,0,_binary '\0',_binary '\0',1,0,_binary '\0',_binary '\0',0,0.00,1,0,0,0,0,0,0,0,0,0,'00:00:00','00:00:00','00:00:00','00:00:00','00:00:00','00:00:00','00:00:00','00:00:00','00:00:00','00:00:00','00:00:00','00:00:00','00:00:00','00:00:00',0,0.00,1,0,NULL,0.00,NULL,1,0,NULL,0),(46,1,_binary '',0,1,7,'GENERAL',0,'','','','','CAJA','Normal','','SELECCIONE',0,0,0,'2025-07-09 12:11:47',' ',0,0,0,2,1,1,0,0,0,1,0.00,'SELECCIONE','SELECCIONE',0,0,0,0,0,0,0,NULL,0,1,0,1,NULL,0,0,0,NULL,NULL,NULL,'KALDI',NULL,NULL,NULL,NULL,NULL,'2025-07-09 12:11:47',0,'SELECCIONE',NULL,0,0,NULL,NULL,NULL,NULL,NULL,'https://susoftware.es/imagenes/susoftware.png',NULL,_binary '',NULL,NULL,NULL,_binary '\0',_binary '\0',_binary '\0',0,0,_binary '\0',_binary '\0',1,0,_binary '\0',_binary '\0',0,0.00,1,0,0,0,0,0,0,0,0,0,'00:00:00','00:00:00','00:00:00','00:00:00','00:00:00','00:00:00','00:00:00','00:00:00','00:00:00','00:00:00','00:00:00','00:00:00','00:00:00','00:00:00',0,0.00,1,0,NULL,0.00,NULL,1,0,NULL,0),(47,1,_binary '',0,1,7,'GENERAL',0,'','','','','CAJA','Grande','','SELECCIONE',0,0,0,'2025-07-09 12:12:10',' ',0,0,0,2,1,1,0,0,0,1,0.00,'SELECCIONE','SELECCIONE',0,0,0,0,0,0,0,NULL,0,1,0,1,NULL,0,0,0,NULL,NULL,NULL,'KALDI',NULL,NULL,NULL,NULL,NULL,'2025-07-09 12:12:10',0,'SELECCIONE',NULL,0,0,NULL,NULL,NULL,NULL,NULL,'https://susoftware.es/imagenes/susoftware.png',NULL,_binary '',NULL,NULL,NULL,_binary '\0',_binary '\0',_binary '\0',0,0,_binary '\0',_binary '\0',1,0,_binary '\0',_binary '\0',0,0.00,1,0,0,0,0,0,0,0,0,0,'00:00:00','00:00:00','00:00:00','00:00:00','00:00:00','00:00:00','00:00:00','00:00:00','00:00:00','00:00:00','00:00:00','00:00:00','00:00:00','00:00:00',0,0.00,1,0,NULL,0.00,NULL,1,0,NULL,0),(48,1,_binary '',0,1,8,'GENERAL',0,'','','','','CAJA','Menú 1','1 x Drum o pita, papas fritas y coca cola 330ml','SELECCIONE',0,0,0,'2025-07-09 13:21:48',' ',0,0,0,5,1,1,0,0,0,1,0.00,'SELECCIONE','SELECCIONE',0,0,0,0,0,0,0,NULL,0,1,0,1,NULL,0,0,0,NULL,NULL,NULL,'KALDI',NULL,NULL,NULL,NULL,NULL,'2025-07-09 13:21:48',0,'SELECCIONE',NULL,0,0,NULL,NULL,NULL,NULL,NULL,'https://susoftware.es/imagenes/susoftware.png',NULL,_binary '',NULL,NULL,NULL,_binary '\0',_binary '',_binary '\0',0,0,_binary '\0',_binary '\0',1,0,_binary '\0',_binary '\0',0,0.00,1,9,0,0,0,0,0,0,0,0,'00:00:00','00:00:00','00:00:00','00:00:00','00:00:00','00:00:00','00:00:00','00:00:00','00:00:00','00:00:00','00:00:00','00:00:00','00:00:00','00:00:00',0,0.00,1,0,NULL,0.00,NULL,1,0,NULL,0),(49,1,_binary '',0,1,8,'GENERAL',0,'','','','','CAJA','Menú 2','2 X Drum o pita, papás fritas y 2 coca cola 330 ml','SELECCIONE',0,0,0,'2025-07-09 13:29:36',' ',0,0,0,5,1,1,0,0,0,1,0.00,'SELECCIONE','SELECCIONE',0,0,0,0,0,0,0,NULL,0,2,0,1,NULL,0,0,0,NULL,NULL,NULL,'KALDI',NULL,NULL,NULL,NULL,NULL,'2025-07-09 13:29:36',0,'SELECCIONE',NULL,0,0,NULL,NULL,NULL,NULL,NULL,'https://susoftware.es/imagenes/susoftware.png',NULL,_binary '',NULL,NULL,NULL,_binary '\0',_binary '',_binary '\0',0,0,_binary '\0',_binary '\0',1,0,_binary '\0',_binary '\0',0,0.00,1,15,0,0,0,0,0,0,0,0,'00:00:00','00:00:00','00:00:00','00:00:00','00:00:00','00:00:00','00:00:00','00:00:00','00:00:00','00:00:00','00:00:00','00:00:00','00:00:00','00:00:00',0,0.00,1,0,NULL,0.00,NULL,1,0,NULL,0),(50,1,_binary '',0,1,8,'GENERAL',0,'','','','','CAJA','Menú 3','3 X Drum o pita, papás fritas y coca cola 1.5 lt','SELECCIONE',0,0,0,'2025-07-09 13:31:15',' ',0,0,0,5,1,1,0,0,0,1,0.00,'SELECCIONE','SELECCIONE',0,0,0,0,0,0,0,NULL,0,3,0,1,NULL,0,0,0,NULL,NULL,NULL,'KALDI',NULL,NULL,NULL,NULL,NULL,'2025-07-09 13:31:15',0,'SELECCIONE',NULL,0,0,NULL,NULL,NULL,NULL,NULL,'https://susoftware.es/imagenes/susoftware.png',NULL,_binary '',NULL,NULL,NULL,_binary '\0',_binary '',_binary '\0',0,0,_binary '\0',_binary '\0',1,0,_binary '\0',_binary '\0',0,0.00,1,20,0,0,0,0,0,0,0,0,'00:00:00','00:00:00','00:00:00','00:00:00','00:00:00','00:00:00','00:00:00','00:00:00','00:00:00','00:00:00','00:00:00','00:00:00','00:00:00','00:00:00',0,0.00,1,0,NULL,0.00,NULL,1,0,NULL,0),(51,1,_binary '',0,1,8,'GENERAL',0,'','','','','CAJA','Menú 4','4 X Drum o pita, papas fritas y coca cola 1.5 lt','SELECCIONE',0,0,0,'2025-07-09 13:34:55',' ',0,0,0,5,1,1,0,0,0,1,0.00,'SELECCIONE','SELECCIONE',0,0,0,0,0,0,0,NULL,0,4,0,1,NULL,0,0,0,NULL,NULL,NULL,'KALDI',NULL,NULL,NULL,NULL,NULL,'2025-07-09 13:34:55',0,'SELECCIONE',NULL,0,0,NULL,NULL,NULL,NULL,NULL,'https://susoftware.es/imagenes/susoftware.png',NULL,_binary '',NULL,NULL,NULL,_binary '\0',_binary '',_binary '\0',0,0,_binary '\0',_binary '\0',1,0,_binary '\0',_binary '\0',0,0.00,1,24,0,0,0,0,0,0,0,0,'00:00:00','00:00:00','00:00:00','00:00:00','00:00:00','00:00:00','00:00:00','00:00:00','00:00:00','00:00:00','00:00:00','00:00:00','00:00:00','00:00:00',0,0.00,1,0,NULL,0.00,NULL,1,0,NULL,0),(52,1,_binary '',0,1,8,'GENERAL',0,'','','','','CAJA','Menú 5','Hamburguesa, papas fritas y coca cola 330ml','SELECCIONE',0,0,0,'2025-07-09 13:35:52',' ',0,0,0,5,1,1,0,0,0,1,0.00,'SELECCIONE','SELECCIONE',0,0,0,0,0,0,0,NULL,0,5,0,1,NULL,0,0,0,NULL,NULL,NULL,'KALDI',NULL,NULL,NULL,NULL,NULL,'2025-07-09 13:35:52',0,'SELECCIONE',NULL,0,0,NULL,NULL,NULL,NULL,NULL,'https://susoftware.es/imagenes/susoftware.png',NULL,_binary '',NULL,NULL,NULL,_binary '\0',_binary '',_binary '\0',0,0,_binary '\0',_binary '\0',1,0,_binary '\0',_binary '\0',0,0.00,1,8.5,0,0,0,0,0,0,0,0,'00:00:00','00:00:00','00:00:00','00:00:00','00:00:00','00:00:00','00:00:00','00:00:00','00:00:00','00:00:00','00:00:00','00:00:00','00:00:00','00:00:00',0,0.00,1,0,NULL,0.00,NULL,1,0,NULL,0),(53,1,_binary '',0,1,8,'GENERAL',0,'','','','','CAJA','Menú 6','2 X Hamburguesa, papas fritas y 2 coca cola 330ml','SELECCIONE',0,0,0,'2025-07-09 13:37:08',' ',0,0,0,5,1,1,0,0,0,1,0.00,'SELECCIONE','SELECCIONE',0,0,0,0,0,0,0,NULL,0,6,0,1,NULL,0,0,0,NULL,NULL,NULL,'KALDI',NULL,NULL,NULL,NULL,NULL,'2025-07-09 13:37:08',0,'SELECCIONE',NULL,0,0,NULL,NULL,NULL,NULL,NULL,'https://susoftware.es/imagenes/susoftware.png',NULL,_binary '',NULL,NULL,NULL,_binary '\0',_binary '',_binary '\0',0,0,_binary '\0',_binary '\0',1,0,_binary '\0',_binary '\0',0,0.00,1,14,0,0,0,0,0,0,0,0,'00:00:00','00:00:00','00:00:00','00:00:00','00:00:00','00:00:00','00:00:00','00:00:00','00:00:00','00:00:00','00:00:00','00:00:00','00:00:00','00:00:00',0,0.00,1,0,NULL,0.00,NULL,1,0,NULL,0),(54,1,_binary '',0,1,8,'GENERAL',0,'','','','','CAJA','Menú 7','3 X Hamburguesa, papas fritas y coca cola 1.5 lt','SELECCIONE',0,0,0,'2025-07-09 13:38:27',' ',0,0,0,5,1,1,0,0,0,1,0.00,'SELECCIONE','SELECCIONE',0,0,0,0,0,0,0,NULL,0,7,0,1,NULL,0,0,0,NULL,NULL,NULL,'KALDI',NULL,NULL,NULL,NULL,NULL,'2025-07-09 13:38:27',0,'SELECCIONE',NULL,0,0,NULL,NULL,NULL,NULL,NULL,'https://susoftware.es/imagenes/susoftware.png',NULL,_binary '',NULL,NULL,NULL,_binary '\0',_binary '',_binary '\0',0,0,_binary '\0',_binary '\0',1,0,_binary '\0',_binary '\0',0,0.00,1,18,0,0,0,0,0,0,0,0,'00:00:00','00:00:00','00:00:00','00:00:00','00:00:00','00:00:00','00:00:00','00:00:00','00:00:00','00:00:00','00:00:00','00:00:00','00:00:00','00:00:00',0,0.00,1,0,NULL,0.00,NULL,1,0,NULL,0),(55,1,_binary '',0,1,8,'GENERAL',0,'','','','','CAJA','Menú 8','4 X Hamburguesa, papas fritas y coca cola 1.5 lt','SELECCIONE',0,0,0,'2025-07-09 13:40:00',' ',0,0,0,5,1,1,0,0,0,1,0.00,'SELECCIONE','SELECCIONE',0,0,0,0,0,0,0,NULL,0,8,0,1,NULL,0,0,0,NULL,NULL,NULL,'KALDI',NULL,NULL,NULL,NULL,NULL,'2025-07-09 13:40:00',0,'SELECCIONE',NULL,0,0,NULL,NULL,NULL,NULL,NULL,'https://susoftware.es/imagenes/susoftware.png',NULL,_binary '',NULL,NULL,NULL,_binary '\0',_binary '',_binary '\0',0,0,_binary '\0',_binary '\0',1,0,_binary '\0',_binary '\0',0,0.00,1,22,0,0,0,0,0,0,0,0,'00:00:00','00:00:00','00:00:00','00:00:00','00:00:00','00:00:00','00:00:00','00:00:00','00:00:00','00:00:00','00:00:00','00:00:00','00:00:00','00:00:00',0,0.00,1,0,NULL,0.00,NULL,1,0,NULL,0),(56,1,_binary '',0,1,8,'GENERAL',0,'','','','','CAJA','Menú 9','1 X Pizza Med, papas fritas y coca cola 330ml','SELECCIONE',0,0,0,'2025-07-09 13:41:38',' ',0,0,0,5,1,1,0,0,0,1,0.00,'SELECCIONE','SELECCIONE',0,0,0,0,0,0,0,NULL,0,9,0,1,NULL,0,0,0,NULL,NULL,NULL,'KALDI',NULL,NULL,NULL,NULL,NULL,'2025-07-09 13:41:38',0,'SELECCIONE',NULL,0,0,NULL,NULL,NULL,NULL,NULL,'https://susoftware.es/imagenes/susoftware.png',NULL,_binary '',NULL,NULL,NULL,_binary '\0',_binary '',_binary '\0',0,0,_binary '\0',_binary '\0',1,0,_binary '\0',_binary '\0',0,0.00,1,10.5,0,0,0,0,0,0,0,0,'00:00:00','00:00:00','00:00:00','00:00:00','00:00:00','00:00:00','00:00:00','00:00:00','00:00:00','00:00:00','00:00:00','00:00:00','00:00:00','00:00:00',0,0.00,1,0,NULL,0.00,NULL,1,0,NULL,0),(57,1,_binary '',0,1,8,'GENERAL',0,'','','','','CAJA','Menú 10','2 X Pizza Med, papas fritas y coca cola 1.5 lt','SELECCIONE',0,0,0,'2025-07-09 13:42:50',' ',0,0,0,5,1,1,0,0,0,1,0.00,'SELECCIONE','SELECCIONE',0,0,0,0,0,0,0,NULL,0,10,0,1,NULL,0,0,0,NULL,NULL,NULL,'KALDI',NULL,NULL,NULL,NULL,NULL,'2025-07-09 13:42:50',0,'SELECCIONE',NULL,0,0,NULL,NULL,NULL,NULL,NULL,'https://susoftware.es/imagenes/susoftware.png',NULL,_binary '',NULL,NULL,NULL,_binary '\0',_binary '',_binary '\0',0,0,_binary '\0',_binary '\0',1,0,_binary '\0',_binary '\0',0,0.00,1,19,0,0,0,0,0,0,0,0,'00:00:00','00:00:00','00:00:00','00:00:00','00:00:00','00:00:00','00:00:00','00:00:00','00:00:00','00:00:00','00:00:00','00:00:00','00:00:00','00:00:00',0,0.00,1,0,NULL,0.00,NULL,1,0,NULL,0),(58,1,_binary '',0,1,8,'GENERAL',0,'','','','','CAJA','Menú 11','3 X Pizza Med, papas fritas y coca cola 1.5 lt','SELECCIONE',0,0,0,'2025-07-09 13:43:50',' ',0,0,0,5,1,1,0,0,0,1,0.00,'SELECCIONE','SELECCIONE',0,0,0,0,0,0,0,NULL,0,11,0,1,NULL,0,0,0,NULL,NULL,NULL,'KALDI',NULL,NULL,NULL,NULL,NULL,'2025-07-09 13:43:50',0,'SELECCIONE',NULL,0,0,NULL,NULL,NULL,NULL,NULL,'https://susoftware.es/imagenes/susoftware.png',NULL,_binary '',NULL,NULL,NULL,_binary '\0',_binary '',_binary '\0',0,0,_binary '\0',_binary '\0',1,0,_binary '\0',_binary '\0',0,0.00,1,25,0,0,0,0,0,0,0,0,'00:00:00','00:00:00','00:00:00','00:00:00','00:00:00','00:00:00','00:00:00','00:00:00','00:00:00','00:00:00','00:00:00','00:00:00','00:00:00','00:00:00',0,0.00,1,0,NULL,0.00,NULL,1,0,NULL,0),(59,1,_binary '',0,1,8,'GENERAL',0,'','','','','CAJA','Menú 12','4 X Pizza Med, papas fritas y coca cola 1.5 lt','SELECCIONE',0,0,0,'2025-07-09 13:44:35',' ',0,0,0,5,1,1,0,0,0,1,0.00,'SELECCIONE','SELECCIONE',0,0,0,0,0,0,0,NULL,0,12,0,1,NULL,0,0,0,NULL,NULL,NULL,'KALDI',NULL,NULL,NULL,NULL,NULL,'2025-07-09 13:44:35',0,'SELECCIONE',NULL,0,0,NULL,NULL,NULL,NULL,NULL,'https://susoftware.es/imagenes/susoftware.png',NULL,_binary '',NULL,NULL,NULL,_binary '\0',_binary '',_binary '\0',0,0,_binary '\0',_binary '\0',1,0,_binary '\0',_binary '\0',0,0.00,1,32,0,0,0,0,0,0,0,0,'00:00:00','00:00:00','00:00:00','00:00:00','00:00:00','00:00:00','00:00:00','00:00:00','00:00:00','00:00:00','00:00:00','00:00:00','00:00:00','00:00:00',0,0.00,1,0,NULL,0.00,NULL,1,0,NULL,0),(60,1,_binary '',0,1,8,'GENERAL',0,'','','','','CAJA','Menú 13','1 X Pizza Grande, papas fritas y coca cola 1.5 lt','SELECCIONE',0,0,0,'2025-07-09 13:45:39',' ',0,0,0,5,1,1,0,0,0,1,0.00,'SELECCIONE','SELECCIONE',0,0,0,0,0,0,0,NULL,0,13,0,1,NULL,0,0,0,NULL,NULL,NULL,'KALDI',NULL,NULL,NULL,NULL,NULL,'2025-07-09 13:45:39',0,'SELECCIONE',NULL,0,0,NULL,NULL,NULL,NULL,NULL,'https://susoftware.es/imagenes/susoftware.png',NULL,_binary '',NULL,NULL,NULL,_binary '\0',_binary '',_binary '\0',0,0,_binary '\0',_binary '\0',1,0,_binary '\0',_binary '\0',0,0.00,1,13.5,0,0,0,0,0,0,0,0,'00:00:00','00:00:00','00:00:00','00:00:00','00:00:00','00:00:00','00:00:00','00:00:00','00:00:00','00:00:00','00:00:00','00:00:00','00:00:00','00:00:00',0,0.00,1,0,NULL,0.00,NULL,1,0,NULL,0),(61,1,_binary '',0,1,8,'GENERAL',0,'','','','','CAJA','Menú 14','2 X Pizza Grande, papas fritas y coca cola 1.5 lt','SELECCIONE',0,0,0,'2025-07-09 13:46:19',' ',0,0,0,5,1,1,0,0,0,1,0.00,'SELECCIONE','SELECCIONE',0,0,0,0,0,0,0,NULL,0,14,0,1,NULL,0,0,0,NULL,NULL,NULL,'KALDI',NULL,NULL,NULL,NULL,NULL,'2025-07-09 13:46:19',0,'SELECCIONE',NULL,0,0,NULL,NULL,NULL,NULL,NULL,'https://susoftware.es/imagenes/susoftware.png',NULL,_binary '',NULL,NULL,NULL,_binary '\0',_binary '',_binary '\0',0,0,_binary '\0',_binary '\0',1,0,_binary '\0',_binary '\0',0,0.00,1,22.5,0,0,0,0,0,0,0,0,'00:00:00','00:00:00','00:00:00','00:00:00','00:00:00','00:00:00','00:00:00','00:00:00','00:00:00','00:00:00','00:00:00','00:00:00','00:00:00','00:00:00',0,0.00,1,0,NULL,0.00,NULL,1,0,NULL,0),(62,1,_binary '',0,1,8,'GENERAL',0,'','','','','CAJA','Menú 15','1 X Pizza Familiar, papas fritas y coca cola 1.5 lt','SELECCIONE',0,0,0,'2025-07-09 13:47:24',' ',0,0,0,5,1,1,0,0,0,1,0.00,'SELECCIONE','SELECCIONE',0,0,0,0,0,0,0,NULL,0,15,0,1,NULL,0,0,0,NULL,NULL,NULL,'KALDI',NULL,NULL,NULL,NULL,NULL,'2025-07-09 13:47:24',0,'SELECCIONE',NULL,0,0,NULL,NULL,NULL,NULL,NULL,'https://susoftware.es/imagenes/susoftware.png',NULL,_binary '',NULL,NULL,NULL,_binary '\0',_binary '',_binary '\0',0,0,_binary '\0',_binary '\0',1,0,_binary '\0',_binary '\0',0,0.00,1,19,0,0,0,0,0,0,0,0,'00:00:00','00:00:00','00:00:00','00:00:00','00:00:00','00:00:00','00:00:00','00:00:00','00:00:00','00:00:00','00:00:00','00:00:00','00:00:00','00:00:00',0,0.00,1,0,NULL,0.00,NULL,1,0,NULL,0),(63,1,_binary '',0,1,8,'GENERAL',0,'','','','','CAJA','Menú 16','1 X Pizza Grande, 2 X Kebab, papas fritas y coca cola 1.5 lt','SELECCIONE',0,0,0,'2025-07-09 13:49:16',' ',0,0,0,5,1,1,0,0,0,1,0.00,'SELECCIONE','SELECCIONE',0,0,0,0,0,0,0,NULL,0,16,0,1,NULL,0,0,0,NULL,NULL,NULL,'KALDI',NULL,NULL,NULL,NULL,NULL,'2025-07-09 13:49:16',0,'SELECCIONE',NULL,0,0,NULL,NULL,NULL,NULL,NULL,'https://susoftware.es/imagenes/susoftware.png',NULL,_binary '',NULL,NULL,NULL,_binary '\0',_binary '',_binary '\0',0,0,_binary '\0',_binary '\0',1,0,_binary '\0',_binary '\0',0,0.00,1,24,0,0,0,0,0,0,0,0,'00:00:00','00:00:00','00:00:00','00:00:00','00:00:00','00:00:00','00:00:00','00:00:00','00:00:00','00:00:00','00:00:00','00:00:00','00:00:00','00:00:00',0,0.00,1,0,NULL,0.00,NULL,1,0,NULL,0),(64,1,_binary '',0,1,8,'GENERAL',0,'','','','','CAJA','Menú 17','Pizza grande, kebab, papas fritas y coca cola 1.5 lt','SELECCIONE',0,0,0,'2025-07-09 14:01:10',' ',0,0,0,5,1,1,0,0,0,1,0.00,'SELECCIONE','SELECCIONE',0,0,0,0,0,0,0,NULL,0,17,0,1,NULL,0,0,0,NULL,NULL,NULL,'KALDI',NULL,NULL,NULL,NULL,NULL,'2025-07-09 14:01:10',0,'SELECCIONE',NULL,0,0,NULL,NULL,NULL,NULL,NULL,'https://susoftware.es/imagenes/susoftware.png',NULL,_binary '',NULL,NULL,NULL,_binary '\0',_binary '',_binary '\0',0,0,_binary '\0',_binary '\0',1,0,_binary '\0',_binary '\0',0,0.00,1,16,0,0,0,0,0,0,0,0,'00:00:00','00:00:00','00:00:00','00:00:00','00:00:00','00:00:00','00:00:00','00:00:00','00:00:00','00:00:00','00:00:00','00:00:00','00:00:00','00:00:00',0,0.00,1,0,NULL,0.00,NULL,1,0,NULL,0),(65,1,_binary '',0,1,8,'GENERAL',0,'','','','','CAJA','Menú 18','Pizza grande, kebab, hamburguesa, papas fritas y coca cola 330ml','SELECCIONE',0,0,0,'2025-07-09 14:02:33',' ',0,0,0,5,1,1,0,0,0,1,0.00,'SELECCIONE','SELECCIONE',0,0,0,0,0,0,0,NULL,0,18,0,1,NULL,0,0,0,NULL,NULL,NULL,'KALDI',NULL,NULL,NULL,NULL,NULL,'2025-07-09 14:02:33',0,'SELECCIONE',NULL,0,0,NULL,NULL,NULL,NULL,NULL,'https://susoftware.es/imagenes/susoftware.png',NULL,_binary '',NULL,NULL,NULL,_binary '\0',_binary '',_binary '\0',0,0,_binary '\0',_binary '\0',1,0,_binary '\0',_binary '\0',0,0.00,1,23,0,0,0,0,0,0,0,0,'00:00:00','00:00:00','00:00:00','00:00:00','00:00:00','00:00:00','00:00:00','00:00:00','00:00:00','00:00:00','00:00:00','00:00:00','00:00:00','00:00:00',0,0.00,1,0,NULL,0.00,NULL,1,0,NULL,0),(66,1,_binary '',0,1,8,'GENERAL',0,'','','','','CAJA','Menú 19','Pollo Tikka','SELECCIONE',0,0,0,'2025-07-09 14:03:03',' ',0,0,0,5,1,1,0,0,0,1,0.00,'SELECCIONE','SELECCIONE',0,0,0,0,0,0,0,NULL,0,19,0,1,NULL,0,0,0,NULL,NULL,NULL,'KALDI',NULL,NULL,NULL,NULL,NULL,'2025-07-09 14:03:03',0,'SELECCIONE',NULL,0,0,NULL,NULL,NULL,NULL,NULL,'https://susoftware.es/imagenes/susoftware.png',NULL,_binary '',NULL,NULL,NULL,_binary '\0',_binary '',_binary '\0',0,0,_binary '\0',_binary '\0',1,0,_binary '\0',_binary '\0',0,0.00,1,7.5,0,0,0,0,0,0,0,0,'00:00:00','00:00:00','00:00:00','00:00:00','00:00:00','00:00:00','00:00:00','00:00:00','00:00:00','00:00:00','00:00:00','00:00:00','00:00:00','00:00:00',0,0.00,1,0,NULL,0.00,NULL,1,0,NULL,0),(67,1,_binary '',0,1,6,'GENERAL',0,'','','','','CAJA','Durum','Carne de ternera/pollo/mixto, con lechuga tomate y cebolla','SELECCIONE',0,0,0,'2025-07-14 07:48:42',' ',0,0,0,2,1,1,0,0,0,1,0.00,'SELECCIONE','SELECCIONE',0,0,0,0,0,0,0,NULL,0,1,0,1,NULL,0,0,0,NULL,NULL,NULL,'KALDI',NULL,NULL,NULL,NULL,NULL,'2025-07-14 07:48:42',0,'SELECCIONE',NULL,0,0,NULL,NULL,NULL,NULL,NULL,'https://susoftware.es/imagenes/susoftware.png',NULL,_binary '',NULL,NULL,NULL,_binary '\0',_binary '',_binary '\0',0,0,_binary '\0',_binary '\0',1,0,_binary '\0',_binary '\0',0,0.00,1,0,0,0,0,0,0,0,0,0,'00:00:00','00:00:00','00:00:00','00:00:00','00:00:00','00:00:00','00:00:00','00:00:00','00:00:00','00:00:00','00:00:00','00:00:00','00:00:00','00:00:00',0,0.00,1,0,NULL,0.00,NULL,1,0,NULL,0),(68,1,_binary '',0,1,6,'GENERAL',0,'','','','','CAJA','Pita','','SELECCIONE',0,0,0,'2025-07-14 07:49:13',' ',0,0,0,2,1,1,0,0,0,1,0.00,'SELECCIONE','SELECCIONE',0,0,0,0,0,0,0,NULL,0,1,0,1,NULL,0,0,0,NULL,NULL,NULL,'KALDI',NULL,NULL,NULL,NULL,NULL,'2025-07-14 07:49:13',0,'SELECCIONE',NULL,0,0,NULL,NULL,NULL,NULL,NULL,'https://susoftware.es/imagenes/susoftware.png',NULL,_binary '',NULL,NULL,NULL,_binary '\0',_binary '',_binary '\0',0,0,_binary '\0',_binary '\0',1,0,_binary '\0',_binary '\0',0,0.00,1,0,0,0,0,0,0,0,0,0,'00:00:00','00:00:00','00:00:00','00:00:00','00:00:00','00:00:00','00:00:00','00:00:00','00:00:00','00:00:00','00:00:00','00:00:00','00:00:00','00:00:00',0,0.00,1,0,NULL,0.00,NULL,1,0,NULL,0),(69,1,_binary '',0,1,6,'GENERAL',0,'','','','','CAJA','mixto','','SELECCIONE',0,0,0,'2025-07-14 10:56:03',' ',0,0,0,5,1,1,0,0,0,1,0.00,'SELECCIONE','SELECCIONE',0,0,0,0,0,0,0,NULL,0,1,0,1,NULL,0,0,0,NULL,NULL,NULL,'KALDI',NULL,NULL,NULL,NULL,NULL,'2025-07-14 10:56:03',0,'SELECCIONE',NULL,0,0,NULL,NULL,NULL,NULL,NULL,'https://susoftware.es/imagenes/susoftware.png',NULL,_binary '',NULL,NULL,NULL,_binary '\0',_binary '\0',_binary '\0',0,0,_binary '\0',_binary '\0',1,0,_binary '\0',_binary '\0',0,0.00,1,6,0,0,0,0,0,0,0,0,'00:00:00','00:00:00','00:00:00','00:00:00','00:00:00','00:00:00','00:00:00','00:00:00','00:00:00','00:00:00','00:00:00','00:00:00','00:00:00','00:00:00',0,0.00,1,0,NULL,0.00,NULL,1,0,NULL,0),(70,1,_binary '',0,1,6,'GENERAL',0,'','','','','CAJA','Carne de ternera','','SELECCIONE',0,0,0,'2025-07-14 10:56:39',' ',0,0,0,5,1,1,0,0,0,1,0.00,'SELECCIONE','SELECCIONE',0,0,0,0,0,0,0,NULL,0,1,0,1,NULL,0,0,0,NULL,NULL,NULL,'KALDI',NULL,NULL,NULL,NULL,NULL,'2025-07-14 10:56:39',0,'SELECCIONE',NULL,0,0,NULL,NULL,NULL,NULL,NULL,'https://susoftware.es/imagenes/susoftware.png',NULL,_binary '',NULL,NULL,NULL,_binary '\0',_binary '\0',_binary '\0',0,0,_binary '\0',_binary '\0',1,0,_binary '\0',_binary '\0',0,0.00,1,6,0,0,0,0,0,0,0,0,'00:00:00','00:00:00','00:00:00','00:00:00','00:00:00','00:00:00','00:00:00','00:00:00','00:00:00','00:00:00','00:00:00','00:00:00','00:00:00','00:00:00',0,0.00,1,0,NULL,0.00,NULL,1,0,NULL,0),(71,1,_binary '',0,1,6,'GENERAL',0,'','','','','CAJA','Carne de Pollo','','SELECCIONE',0,0,0,'2025-07-14 10:57:03',' ',0,0,0,5,1,1,0,0,0,1,0.00,'SELECCIONE','SELECCIONE',0,0,0,0,0,0,0,NULL,0,1,0,1,NULL,0,0,0,NULL,NULL,NULL,'KALDI',NULL,NULL,NULL,NULL,NULL,'2025-07-14 10:57:03',0,'SELECCIONE',NULL,0,0,NULL,NULL,NULL,NULL,NULL,'https://susoftware.es/imagenes/susoftware.png',NULL,_binary '',NULL,NULL,NULL,_binary '\0',_binary '\0',_binary '\0',0,0,_binary '\0',_binary '\0',1,0,_binary '\0',_binary '\0',0,0.00,1,6,0,0,0,0,0,0,0,0,'00:00:00','00:00:00','00:00:00','00:00:00','00:00:00','00:00:00','00:00:00','00:00:00','00:00:00','00:00:00','00:00:00','00:00:00','00:00:00','00:00:00',0,0.00,1,0,NULL,0.00,NULL,1,0,NULL,0),(72,1,_binary '',0,1,6,'GENERAL',0,'','','','','CAJA','Durum Solo Carne','Solo Carne de ternera/pollo o mixto','SELECCIONE',0,0,0,'2025-07-15 14:38:28',' ',0,0,0,2,1,1,0,0,0,1,0.00,'SELECCIONE','SELECCIONE',0,0,0,0,0,0,0,NULL,0,1,0,1,NULL,0,0,0,NULL,NULL,NULL,'KALDI',NULL,NULL,NULL,NULL,NULL,'2025-07-15 14:38:28',0,'SELECCIONE',NULL,0,0,NULL,NULL,NULL,NULL,NULL,'https://susoftware.es/imagenes/susoftware.png',NULL,_binary '',NULL,NULL,NULL,_binary '\0',_binary '',_binary '\0',0,0,_binary '\0',_binary '\0',1,0,_binary '\0',_binary '\0',0,0.00,1,6.5,0,0,0,0,0,0,0,0,'00:00:00','00:00:00','00:00:00','00:00:00','00:00:00','00:00:00','00:00:00','00:00:00','00:00:00','00:00:00','00:00:00','00:00:00','00:00:00','00:00:00',0,0.00,1,0,NULL,0.00,NULL,1,0,NULL,0);

--
-- Table structure for table `articulos_grupos`
--

CREATE TABLE `articulos_grupos` (
  `id` int NOT NULL AUTO_INCREMENT,
  `idarticulo` bigint unsigned NOT NULL,
  `idgrupo` int NOT NULL,
  `fechacreacion` datetime DEFAULT NULL,
  `idusuario` bigint unsigned NOT NULL,
  PRIMARY KEY (`id`),
  UNIQUE KEY `idarticulo_grupo` (`idarticulo`,`idgrupo`),
  KEY `idarticulo` (`idarticulo`),
  KEY `idgrupo` (`idgrupo`),
  CONSTRAINT `articulos_grupos_ibfk_1` FOREIGN KEY (`idarticulo`) REFERENCES `articulos` (`id`),
  CONSTRAINT `articulos_grupos_ibfk_2` FOREIGN KEY (`idgrupo`) REFERENCES `grupos_adicionales` (`id`)
) ENGINE=InnoDB AUTO_INCREMENT=52 DEFAULT CHARSET=utf8mb4 COLLATE=utf8mb4_unicode_ci;

--
-- Dumping data for table `articulos_grupos`
--

INSERT INTO `articulos_grupos` (`id`, `idarticulo`, `idgrupo`, `fechacreacion`, `idusuario`) VALUES (1,2,7,'2025-07-09 17:33:10',2),(5,3,8,'2025-07-10 14:21:10',2),(8,4,9,'2025-07-10 14:49:50',2),(9,5,10,'2025-07-10 14:57:54',2),(10,6,11,'2025-07-10 15:54:20',5),(11,7,12,'2025-07-10 15:57:40',5),(12,8,13,'2025-07-10 16:34:25',5),(13,9,14,'2025-07-10 16:36:52',5),(14,10,15,'2025-07-10 16:38:16',5),(15,11,16,'2025-07-10 16:40:06',5),(16,12,17,'2025-07-10 16:41:21',5),(17,13,18,'2025-07-10 16:42:30',5),(18,14,19,'2025-07-10 16:43:33',5),(19,15,20,'2025-07-10 16:45:20',5),(20,16,21,'2025-07-10 16:46:23',5),(21,17,22,'2025-07-10 16:47:37',5),(22,18,23,'2025-07-10 16:49:41',5),(23,48,24,'2025-07-14 08:14:56',2),(24,49,25,'2025-07-14 08:31:14',2),(26,50,43,'2025-07-14 10:24:15',2),(27,51,27,'2025-07-14 10:30:32',2),(28,52,28,'2025-07-14 10:40:52',5),(29,53,29,'2025-07-14 10:42:21',5),(30,63,39,'2025-07-14 10:45:34',5),(31,54,30,'2025-07-14 10:51:34',5),(32,55,31,'2025-07-14 10:51:47',5),(33,67,44,'2025-07-14 10:59:34',5),(34,56,32,'2025-07-14 13:47:55',5),(35,56,26,'2025-07-14 13:50:13',2),(41,57,33,'2025-07-14 14:04:36',5),(42,58,34,'2025-07-14 14:06:49',5),(43,59,35,'2025-07-14 14:08:41',5),(44,60,36,'2025-07-14 14:10:25',5),(45,61,37,'2025-07-14 14:12:29',5),(46,62,38,'2025-07-14 14:14:25',5),(47,64,40,'2025-07-14 14:25:13',5),(48,65,41,'2025-07-14 14:26:53',5),(49,63,49,'2025-07-14 14:44:24',5),(50,68,45,'2025-07-14 15:28:58',5),(51,42,54,'2025-07-15 14:47:24',2);

--
-- Table structure for table `asignacionarticulosfamiliasmodificadores`
--

CREATE TABLE `asignacionarticulosfamiliasmodificadores` (
  `id` bigint unsigned NOT NULL AUTO_INCREMENT,
  `idarticulo` bigint unsigned NOT NULL,
  `familiademodificadores` varchar(50) NOT NULL DEFAULT '',
  `activo` int DEFAULT '0',
  `idfamilia` bigint unsigned NOT NULL,
  `fechacreacion` datetime NOT NULL DEFAULT CURRENT_TIMESTAMP,
  `sesubeaifood` int DEFAULT '0',
  `idrapi` varchar(25) DEFAULT NULL,
  `papa` int DEFAULT '0',
  `pv` varchar(25) DEFAULT 'KALDI',
  `orden` int DEFAULT '0',
  `sesubearappi` int DEFAULT '1',
  `minimo` int DEFAULT '0',
  `maximo` int DEFAULT '0',
  `ordenasignaionfm` int DEFAULT '0',
  PRIMARY KEY (`id`),
  UNIQUE KEY `id` (`id`),
  KEY `idarticulo` (`idarticulo`),
  KEY `idfamilia` (`idfamilia`)
) ENGINE=InnoDB DEFAULT CHARSET=utf8mb3;

--
-- Dumping data for table `asignacionarticulosfamiliasmodificadores`
--


--
-- Table structure for table `asignacionarticulosturnos`
--

CREATE TABLE `asignacionarticulosturnos` (
  `id` bigint unsigned NOT NULL,
  `idarticulo` int NOT NULL,
  `idturno` int NOT NULL,
  `fechacreacion` datetime NOT NULL DEFAULT CURRENT_TIMESTAMP,
  `cc` int NOT NULL DEFAULT '0',
  `idarticulooriginal` int NOT NULL DEFAULT '0'
) ENGINE=MyISAM DEFAULT CHARSET=utf8mb3;

--
-- Dumping data for table `asignacionarticulosturnos`
--


--
-- Table structure for table `asignacionclientesturnos`
--

CREATE TABLE `asignacionclientesturnos` (
  `id` bigint unsigned NOT NULL AUTO_INCREMENT,
  `idcliente` bigint unsigned DEFAULT NULL,
  `idturno` bigint unsigned DEFAULT NULL,
  `fechacreacion` date DEFAULT NULL,
  `idusuario` bigint unsigned DEFAULT NULL,
  PRIMARY KEY (`id`),
  UNIQUE KEY `id` (`id`),
  KEY `idcliente` (`idcliente`),
  KEY `idturno` (`idturno`),
  KEY `idusuario` (`idusuario`),
  CONSTRAINT `asignacionclientesturnos_ibfk_1` FOREIGN KEY (`idcliente`) REFERENCES `clientes` (`id`),
  CONSTRAINT `asignacionclientesturnos_ibfk_2` FOREIGN KEY (`idusuario`) REFERENCES `clientes` (`id`),
  CONSTRAINT `asignacionclientesturnos_ibfk_3` FOREIGN KEY (`idturno`) REFERENCES `turnos` (`id`)
) ENGINE=InnoDB DEFAULT CHARSET=utf8mb3;

--
-- Dumping data for table `asignacionclientesturnos`
--


--
-- Table structure for table `asignacioncupones`
--

CREATE TABLE `asignacioncupones` (
  `id` bigint unsigned NOT NULL AUTO_INCREMENT,
  `idarticulo` bigint unsigned NOT NULL,
  `idcupon` bigint DEFAULT NULL,
  `fechainicio` date DEFAULT NULL,
  `fechafin` date DEFAULT NULL,
  `fechacreacion` datetime NOT NULL DEFAULT CURRENT_TIMESTAMP,
  `porcentajedescuento` int DEFAULT '0',
  PRIMARY KEY (`id`),
  UNIQUE KEY `id` (`id`),
  KEY `idarticulo` (`idarticulo`),
  KEY `idfamilia` (`fechafin`),
  KEY `idcupon` (`idcupon`),
  CONSTRAINT `asignacioncupones_ibfk_1` FOREIGN KEY (`idcupon`) REFERENCES `cupones` (`id`)
) ENGINE=InnoDB DEFAULT CHARSET=utf8mb3;

--
-- Dumping data for table `asignacioncupones`
--


--
-- Table structure for table `asignaciondescuentos`
--

CREATE TABLE `asignaciondescuentos` (
  `id` bigint unsigned NOT NULL AUTO_INCREMENT,
  `idarticulo` bigint unsigned NOT NULL,
  `idcliente` int DEFAULT NULL,
  `fechainicio` date DEFAULT NULL,
  `fechafin` date DEFAULT NULL,
  `fechacreacion` datetime NOT NULL DEFAULT CURRENT_TIMESTAMP,
  `porcentajedescuento` int DEFAULT '0',
  PRIMARY KEY (`id`),
  UNIQUE KEY `id` (`id`),
  KEY `idarticulo` (`idarticulo`),
  KEY `idfamilia` (`fechafin`)
) ENGINE=InnoDB DEFAULT CHARSET=utf8mb3;

--
-- Dumping data for table `asignaciondescuentos`
--


--
-- Table structure for table `asignacionseccionesterceros`
--

CREATE TABLE `asignacionseccionesterceros` (
  `idcliente` bigint unsigned NOT NULL,
  `idseccion` bigint unsigned NOT NULL,
  `activo` int DEFAULT '1',
  `id` bigint unsigned NOT NULL AUTO_INCREMENT,
  PRIMARY KEY (`id`),
  UNIQUE KEY `id` (`id`),
  UNIQUE KEY `idcliente_2` (`idcliente`,`idseccion`),
  KEY `idseccion` (`idseccion`),
  KEY `idcliente` (`idcliente`),
  CONSTRAINT `asig1` FOREIGN KEY (`idseccion`) REFERENCES `secciones` (`id`),
  CONSTRAINT `asig12` FOREIGN KEY (`idcliente`) REFERENCES `clientes` (`id`)
) ENGINE=InnoDB AUTO_INCREMENT=51 DEFAULT CHARSET=utf8mb3;

--
-- Dumping data for table `asignacionseccionesterceros`
--

INSERT INTO `asignacionseccionesterceros` (`idcliente`, `idseccion`, `activo`, `id`) VALUES (5,1,1,1),(5,2,1,2),(5,3,1,3),(5,4,1,4),(5,5,1,5),(5,6,1,6),(2,1,1,8),(2,2,1,9),(2,3,1,10),(2,4,1,11),(2,5,1,12),(2,6,1,13),(2,7,1,14),(2,8,1,15),(6,1,1,23),(6,2,1,24),(6,3,1,25),(6,4,1,26),(6,5,1,27),(6,6,1,28),(6,7,1,29),(6,8,1,30),(9,1,1,43),(9,2,1,44),(9,3,1,45),(9,4,1,46),(9,5,1,47),(9,6,1,48),(9,7,1,49),(9,8,1,50);

--
-- Table structure for table `asignacionzonasterceros`
--

CREATE TABLE `asignacionzonasterceros` (
  `id` bigint unsigned NOT NULL AUTO_INCREMENT,
  `idcliente` bigint unsigned NOT NULL,
  `idzona` bigint unsigned NOT NULL,
  `activo` int DEFAULT '1',
  UNIQUE KEY `id` (`id`),
  UNIQUE KEY `idcliente` (`idcliente`,`idzona`),
  KEY `clienteszonas2` (`idzona`),
  CONSTRAINT `clienteszonas1` FOREIGN KEY (`idcliente`) REFERENCES `clientes` (`id`),
  CONSTRAINT `clienteszonas2` FOREIGN KEY (`idzona`) REFERENCES `zonas` (`id`) ON DELETE CASCADE ON UPDATE CASCADE
) ENGINE=InnoDB AUTO_INCREMENT=14 DEFAULT CHARSET=utf8mb3;

--
-- Dumping data for table `asignacionzonasterceros`
--

INSERT INTO `asignacionzonasterceros` (`id`, `idcliente`, `idzona`, `activo`) VALUES (1,2,1,1),(4,5,1,1),(7,6,1,1),(13,9,1,1);

--
-- Table structure for table `auxiliarbuscarpadre`
--

CREATE TABLE `auxiliarbuscarpadre` (
  `a` int NOT NULL,
  `b` int NOT NULL,
  `idusuario` int NOT NULL
) ENGINE=InnoDB DEFAULT CHARSET=utf8mb3;

--
-- Dumping data for table `auxiliarbuscarpadre`
--


--
-- Table structure for table `auxiliarcambiodeprecios`
--

CREATE TABLE `auxiliarcambiodeprecios` (
  `id` bigint unsigned NOT NULL AUTO_INCREMENT,
  `idinsumo` bigint unsigned NOT NULL DEFAULT '1',
  `idarticulo` bigint unsigned NOT NULL DEFAULT '1',
  `cc` bigint unsigned NOT NULL,
  `cantidad` double NOT NULL DEFAULT '0',
  UNIQUE KEY `id` (`id`),
  KEY `idusuario` (`idinsumo`),
  KEY `idcaja` (`idarticulo`),
  KEY `cc` (`cc`),
  CONSTRAINT `auxiliarcambiodeprecios_ibfk_1` FOREIGN KEY (`idarticulo`) REFERENCES `articulos` (`id`),
  CONSTRAINT `auxiliarcambiodeprecios_ibfk_2` FOREIGN KEY (`idinsumo`) REFERENCES `articulos` (`id`)
) ENGINE=InnoDB AUTO_INCREMENT=12 DEFAULT CHARSET=utf8mb3;

--
-- Dumping data for table `auxiliarcambiodeprecios`
--


--
-- Table structure for table `auxiliarcostoagrupado`
--

CREATE TABLE `auxiliarcostoagrupado` (
  `idarticulo` int NOT NULL,
  `idinsumo` int NOT NULL,
  `idusuario` int NOT NULL,
  `cantidad` double NOT NULL,
  `id` bigint unsigned NOT NULL AUTO_INCREMENT,
  PRIMARY KEY (`id`),
  UNIQUE KEY `id` (`id`)
) ENGINE=InnoDB DEFAULT CHARSET=utf8mb3;

--
-- Dumping data for table `auxiliarcostoagrupado`
--


--
-- Table structure for table `auxiliarcotizarreceta`
--

CREATE TABLE `auxiliarcotizarreceta` (
  `idarticulo` int NOT NULL,
  `idinsumo` int NOT NULL,
  `idusuario` int NOT NULL,
  `cantidad` double NOT NULL,
  `id` bigint unsigned NOT NULL AUTO_INCREMENT,
  `pv` varchar(25) DEFAULT 'KALDI',
  PRIMARY KEY (`id`),
  UNIQUE KEY `id` (`id`)
) ENGINE=InnoDB DEFAULT CHARSET=utf8mb3;

--
-- Dumping data for table `auxiliarcotizarreceta`
--


--
-- Table structure for table `bajas`
--

CREATE TABLE `bajas` (
  `id` bigint unsigned NOT NULL AUTO_INCREMENT,
  `codvendedor` int NOT NULL DEFAULT '0',
  `REFERENCIA` varchar(20) DEFAULT NULL,
  `situacioncocina` varchar(50) DEFAULT NULL,
  `idmayor` bigint unsigned NOT NULL,
  `consecutivo` int NOT NULL,
  `INCREMENTO` int NOT NULL,
  `codarticulo` int NOT NULL,
  `codsituacion` int NOT NULL,
  `porcentajedescuento` double DEFAULT '0',
  `referenciafront` varchar(15) DEFAULT NULL,
  `impuesto` double DEFAULT '0',
  `idarticulo` bigint unsigned NOT NULL,
  `descripcion` bigint unsigned NOT NULL,
  `esmodificador` int DEFAULT '0',
  `nombrearticulo` varchar(100) DEFAULT NULL,
  `cantidad` double NOT NULL DEFAULT '0',
  `comentario` varchar(200) DEFAULT NULL,
  `observaciones` varchar(200) DEFAULT NULL,
  `valorunitario` double NOT NULL DEFAULT '0',
  `idmesa` int NOT NULL DEFAULT '1',
  `bruto` double NOT NULL DEFAULT '0',
  `baseunitario` double NOT NULL DEFAULT '0',
  `ivaunitario` double NOT NULL DEFAULT '0',
  `descuento` double NOT NULL DEFAULT '0',
  `valortotal` double NOT NULL DEFAULT '0',
  `cc` bigint unsigned NOT NULL,
  `documento` varchar(3) NOT NULL DEFAULT 'V',
  `origen` varchar(8) NOT NULL DEFAULT 'MESAS',
  `fecha` datetime NOT NULL DEFAULT CURRENT_TIMESTAMP,
  `fechacreacion` datetime NOT NULL DEFAULT CURRENT_TIMESTAMP,
  `HORAINI` datetime DEFAULT NULL,
  `HORAFIN` datetime DEFAULT NULL,
  `ultimaedicion` datetime NOT NULL DEFAULT CURRENT_TIMESTAMP,
  `idcliente` bigint unsigned NOT NULL DEFAULT '0',
  `idusuario` bigint unsigned NOT NULL DEFAULT '1',
  `idz` bigint unsigned NOT NULL DEFAULT '1',
  `abonado` int NOT NULL DEFAULT '0',
  `idfacturaqueabona` int NOT NULL DEFAULT '0',
  `costomedio` double DEFAULT '0',
  `porcentajeiva` double NOT NULL DEFAULT '0',
  `base` double NOT NULL DEFAULT '0',
  `iva` double NOT NULL DEFAULT '0',
  `esbolsillo` int NOT NULL DEFAULT '0',
  `idvendedor` bigint unsigned NOT NULL DEFAULT '1',
  `escortesia` int NOT NULL DEFAULT '0',
  `idcaja` bigint unsigned NOT NULL DEFAULT '1',
  `idnc` bigint unsigned NOT NULL DEFAULT '1',
  `nc` int DEFAULT '0',
  `idusuarionc` bigint unsigned NOT NULL DEFAULT '1',
  `mediodepago` varchar(25) NOT NULL DEFAULT 'EFECTIVO',
  `comision` int NOT NULL DEFAULT '0',
  `devolucionrevisada` int DEFAULT '0',
  `fechaabonado` datetime DEFAULT NULL,
  `fechamc` datetime DEFAULT NULL,
  `tienenc` int NOT NULL DEFAULT '0',
  `marcadoparanc` int NOT NULL DEFAULT '0',
  `servicio` int NOT NULL DEFAULT '0',
  `subido` int NOT NULL DEFAULT '0',
  `CODMODIF` varchar(2) NOT NULL DEFAULT '0',
  `esmodif` int NOT NULL DEFAULT '0',
  `CODARTICULOABAJO` varchar(12) NOT NULL DEFAULT '',
  `PRECIOIVA` int NOT NULL DEFAULT '0',
  `NUMMODIF` int NOT NULL DEFAULT '0',
  `numservicio` int NOT NULL DEFAULT '0',
  `aliasespera` int NOT NULL DEFAULT '1',
  `impresiones` int NOT NULL DEFAULT '1',
  `IDMOTIVODTO` varchar(2) NOT NULL DEFAULT '-1',
  `DETALLEDENUMLINEA` varchar(2) NOT NULL DEFAULT '0',
  `FAMILIAAENA` varchar(2) NOT NULL DEFAULT '0',
  `DETALLEMODIF` varchar(2) NOT NULL DEFAULT '0',
  `ABONODE_NUMERO` varchar(2) NOT NULL DEFAULT '0',
  `ABONODE_N` varchar(2) NOT NULL DEFAULT '0',
  `ABONODE_SERIE` varchar(2) NOT NULL DEFAULT '0',
  `ABONODE_FO` varchar(2) NOT NULL DEFAULT '-1',
  `NORDERTIQUET` varchar(1) NOT NULL DEFAULT '0',
  `SORDERTIQUET` varchar(1) NOT NULL DEFAULT '',
  `REQ` int NOT NULL DEFAULT '0',
  `COSTEIVA` int NOT NULL DEFAULT '0',
  `DTO` int NOT NULL DEFAULT '0',
  `TIPO` varchar(2) NOT NULL DEFAULT 'V',
  `CODMACRO` int NOT NULL DEFAULT '0',
  `CODFORMATO` int NOT NULL DEFAULT '0',
  `NUMLINEA` int NOT NULL DEFAULT '1',
  `pv` varchar(25) DEFAULT 'KALDI',
  PRIMARY KEY (`id`),
  UNIQUE KEY `id` (`id`),
  KEY `idmayor` (`idmayor`),
  KEY `idarticulo` (`idarticulo`),
  KEY `idcc` (`cc`),
  KEY `idcliente` (`idcliente`),
  KEY `idusuario` (`idusuario`),
  KEY `idz` (`idz`),
  KEY `idvendedor` (`idvendedor`),
  CONSTRAINT `bajas_ibfk_2` FOREIGN KEY (`idusuario`) REFERENCES `clientes` (`id`),
  CONSTRAINT `bajas_ibfk_3` FOREIGN KEY (`idz`) REFERENCES `z` (`id`),
  CONSTRAINT `bajas_ibfk_4` FOREIGN KEY (`idvendedor`) REFERENCES `clientes` (`id`),
  CONSTRAINT `bajas_ibfk_6` FOREIGN KEY (`idmayor`) REFERENCES `mayoresbajas` (`id`)
) ENGINE=InnoDB DEFAULT CHARSET=utf8mb3;

--
-- Dumping data for table `bajas`
--


--
-- Table structure for table `bajasauxiliar`
--

CREATE TABLE `bajasauxiliar` (
  `id` bigint unsigned NOT NULL AUTO_INCREMENT,
  `estadoimpresion` int DEFAULT '0',
  `identificador` varchar(100) DEFAULT NULL,
  `referenciapayu` varchar(200) DEFAULT NULL,
  `referenciafront` varchar(15) DEFAULT NULL,
  `descripcion` varchar(50) DEFAULT NULL,
  `pagarcontraentrega` int DEFAULT '0',
  `idmesa` int DEFAULT '1',
  `descuento` double NOT NULL DEFAULT '0',
  `codsituacion` int NOT NULL,
  `idcliente` bigint unsigned NOT NULL DEFAULT '1',
  `idarticulo` bigint unsigned NOT NULL,
  `cc` bigint unsigned NOT NULL DEFAULT '2',
  `origen` varchar(8) NOT NULL DEFAULT 'MESAS',
  `comentario` varchar(200) DEFAULT NULL,
  `observaciones` varchar(200) DEFAULT NULL,
  `valorunitario` double NOT NULL DEFAULT '0',
  `cantidad` int DEFAULT '0',
  `valortotal` double NOT NULL DEFAULT '0',
  `fecha` datetime NOT NULL DEFAULT CURRENT_TIMESTAMP,
  `fechacreacion` datetime NOT NULL DEFAULT CURRENT_TIMESTAMP,
  `fechaentregado` datetime NOT NULL DEFAULT CURRENT_TIMESTAMP,
  `idusuario` bigint unsigned NOT NULL DEFAULT '1',
  `costomedio` double DEFAULT '0',
  `porcentajeiva` double NOT NULL DEFAULT '0',
  `idvendedor` bigint unsigned NOT NULL DEFAULT '1',
  `idcaja` bigint unsigned NOT NULL DEFAULT '1',
  `nota` varchar(25) NOT NULL DEFAULT '',
  `observacion` varchar(25) NOT NULL DEFAULT '',
  `despachado` int NOT NULL DEFAULT '0' COMMENT 'Significa que la cocina ya sirviÃƒÆ’Ã‚Â² el producto',
  `entregado` int NOT NULL DEFAULT '0' COMMENT 'Significa que la cocina ya sirviÃƒÆ’Ã‚Â² el producto',
  `enespera` int NOT NULL DEFAULT '0' COMMENT 'para que el mesero ya no pueda eliminar',
  `comision` int NOT NULL DEFAULT '0',
  `porcentajedescuento` double NOT NULL DEFAULT '0',
  `impuesto` double NOT NULL DEFAULT '0',
  `base` double NOT NULL DEFAULT '0',
  `servicio` double NOT NULL DEFAULT '0',
  `CODMODIF` int NOT NULL DEFAULT '0',
  `numlinea` int NOT NULL DEFAULT '0',
  `esmodif` int NOT NULL DEFAULT '0',
  `situacioncocina` varchar(50) DEFAULT NULL,
  `pv` varchar(25) DEFAULT 'KALDI',
  PRIMARY KEY (`id`),
  UNIQUE KEY `id` (`id`),
  KEY `idarticulo` (`idarticulo`),
  KEY `idcc` (`cc`),
  KEY `idusuario` (`idusuario`),
  KEY `idvendedor` (`idvendedor`),
  KEY `idcliente` (`idcliente`),
  CONSTRAINT `bajasauxiliar_ibfk_1` FOREIGN KEY (`idarticulo`) REFERENCES `articulos` (`id`),
  CONSTRAINT `bajasauxiliar_ibfk_3` FOREIGN KEY (`idusuario`) REFERENCES `clientes` (`id`),
  CONSTRAINT `bajasauxiliar_ibfk_4` FOREIGN KEY (`idvendedor`) REFERENCES `clientes` (`id`),
  CONSTRAINT `bajasauxiliar_ibfk_6` FOREIGN KEY (`idcliente`) REFERENCES `clientes` (`id`)
) ENGINE=InnoDB DEFAULT CHARSET=utf8mb3;

--
-- Dumping data for table `bajasauxiliar`
--


--
-- Table structure for table `banco`
--

CREATE TABLE `banco` (
  `id` bigint unsigned NOT NULL AUTO_INCREMENT,
  `fechacreacion` datetime DEFAULT NULL,
  `idusuario` int DEFAULT NULL,
  `valor` double DEFAULT '0',
  `tipo` varchar(25) DEFAULT NULL,
  `descripcion` varchar(25) DEFAULT NULL,
  `concepto` varchar(200) DEFAULT NULL,
  `idz` int DEFAULT '1',
  `fecha` date DEFAULT NULL,
  `valorinicial` double DEFAULT '0',
  `valorfinal` double DEFAULT '0',
  `pv` varchar(25) DEFAULT 'KALDI',
  PRIMARY KEY (`id`),
  UNIQUE KEY `id` (`id`)
) ENGINE=MyISAM DEFAULT CHARSET=utf8mb3;

--
-- Dumping data for table `banco`
--


--
-- Table structure for table `barrios`
--

CREATE TABLE `barrios` (
  `barrio` varchar(150) DEFAULT NULL,
  `id` bigint unsigned NOT NULL AUTO_INCREMENT,
  `incremento` int NOT NULL DEFAULT '0',
  PRIMARY KEY (`id`),
  UNIQUE KEY `id` (`id`),
  UNIQUE KEY `barrio` (`barrio`)
) ENGINE=InnoDB AUTO_INCREMENT=8 DEFAULT CHARSET=latin1;

--
-- Dumping data for table `barrios`
--

INSERT INTO `barrios` (`barrio`, `id`, `incremento`) VALUES ('Fabelo',1,2),('Los Pozos',2,2),('Charco',3,2),('La hondura',6,3),('Playa Blanca',7,3);

--
-- Table structure for table `bases`
--

CREATE TABLE `bases` (
  `id` bigint unsigned NOT NULL AUTO_INCREMENT,
  `base` int NOT NULL DEFAULT '0',
  `fechacreacion` datetime NOT NULL,
  `idz` int NOT NULL DEFAULT '1',
  `idusuario` int DEFAULT '0',
  `pv` varchar(25) DEFAULT 'texasburgers',
  `usuario` varchar(100) DEFAULT NULL,
  PRIMARY KEY (`id`),
  UNIQUE KEY `id` (`id`),
  UNIQUE KEY `idz` (`idz`)
) ENGINE=MyISAM DEFAULT CHARSET=utf8mb3;

--
-- Dumping data for table `bases`
--


--
-- Table structure for table `bitacora`
--

CREATE TABLE `bitacora` (
  `id` int NOT NULL,
  `texto` text CHARACTER SET utf8mb4 COLLATE utf8mb4_general_ci,
  `fecha` date DEFAULT NULL,
  `fechacreacion` datetime DEFAULT NULL,
  `idcliente` bigint unsigned DEFAULT NULL,
  `idusuario` bigint unsigned DEFAULT NULL,
  PRIMARY KEY (`id`),
  KEY `idcliente` (`idcliente`),
  KEY `idusuario` (`idusuario`),
  CONSTRAINT `bitacora_ibfk_1` FOREIGN KEY (`idcliente`) REFERENCES `clientes` (`id`),
  CONSTRAINT `bitacora_ibfk_2` FOREIGN KEY (`idusuario`) REFERENCES `clientes` (`id`)
) ENGINE=InnoDB DEFAULT CHARSET=utf8mb4 COLLATE=utf8mb4_general_ci;

--
-- Dumping data for table `bitacora`
--


--
-- Table structure for table `bolsillos`
--

CREATE TABLE `bolsillos` (
  `id` bigint unsigned NOT NULL AUTO_INCREMENT,
  `fechacreacion` datetime NOT NULL DEFAULT CURRENT_TIMESTAMP,
  `valor` double NOT NULL DEFAULT '0',
  `idcliente` bigint unsigned NOT NULL,
  `valorinicial` double NOT NULL DEFAULT '0',
  `valorfinal` double NOT NULL DEFAULT '0',
  `cc` bigint unsigned NOT NULL DEFAULT '0',
  `idusuario` bigint unsigned NOT NULL DEFAULT '1',
  `idz` bigint unsigned NOT NULL DEFAULT '1',
  `idfactura` int DEFAULT '0',
  `movimiento` varchar(8) DEFAULT 'INGRESO',
  PRIMARY KEY (`id`),
  UNIQUE KEY `id` (`id`),
  KEY `idcliente` (`idcliente`),
  KEY `idusuario` (`idusuario`),
  KEY `idz` (`idz`),
  CONSTRAINT `bolsillos_ibfk_1` FOREIGN KEY (`idusuario`) REFERENCES `clientes` (`id`),
  CONSTRAINT `bolsillos_ibfk_2` FOREIGN KEY (`idz`) REFERENCES `z` (`id`)
) ENGINE=InnoDB DEFAULT CHARSET=utf8mb3;

--
-- Dumping data for table `bolsillos`
--


--
-- Table structure for table `cajamayor`
--

CREATE TABLE `cajamayor` (
  `id` bigint unsigned NOT NULL AUTO_INCREMENT,
  `fechacreacion` datetime DEFAULT NULL,
  `idusuario` int DEFAULT NULL,
  `valor` double DEFAULT '0',
  `tipo` varchar(25) DEFAULT NULL,
  `descripcion` varchar(25) DEFAULT NULL,
  `concepto` varchar(25) DEFAULT NULL,
  `idz` int DEFAULT '1',
  `fecha` date DEFAULT NULL,
  `valorinicial` double DEFAULT '0',
  `valorfinal` double DEFAULT '0',
  `pv` varchar(25) DEFAULT 'KALDI',
  PRIMARY KEY (`id`),
  UNIQUE KEY `id` (`id`)
) ENGINE=MyISAM DEFAULT CHARSET=utf8mb3;

--
-- Dumping data for table `cajamayor`
--


--
-- Table structure for table `cajamayor2`
--

CREATE TABLE `cajamayor2` (
  `id` bigint unsigned NOT NULL AUTO_INCREMENT,
  `fechacreacion` datetime DEFAULT NULL,
  `idusuario` int DEFAULT NULL,
  `valor` double DEFAULT '0',
  `tipo` varchar(25) DEFAULT NULL,
  `descripcion` varchar(100) DEFAULT '',
  `concepto` varchar(120) DEFAULT NULL,
  `idz` int DEFAULT '1',
  `fecha` date DEFAULT NULL,
  `valorinicial` double DEFAULT '0',
  `valorfinal` double DEFAULT '0',
  `pv` varchar(25) DEFAULT 'KALDI',
  `mediodepago` varchar(25) DEFAULT NULL,
  `entrada` double DEFAULT '0',
  `salida` double DEFAULT '0',
  `idprestamoin` int DEFAULT NULL,
  `idtabla` int DEFAULT '0',
  `tabla` varchar(12) DEFAULT '',
  PRIMARY KEY (`id`),
  UNIQUE KEY `id` (`id`)
) ENGINE=MyISAM DEFAULT CHARSET=utf8mb3;

--
-- Dumping data for table `cajamayor2`
--


--
-- Table structure for table `cajas`
--

CREATE TABLE `cajas` (
  `id` bigint unsigned NOT NULL AUTO_INCREMENT,
  `caja` varchar(25) NOT NULL DEFAULT '',
  `cc` bigint unsigned NOT NULL,
  `pv` varchar(25) DEFAULT 'KALDI',
  PRIMARY KEY (`id`),
  UNIQUE KEY `id` (`id`),
  KEY `cc` (`cc`)
) ENGINE=InnoDB AUTO_INCREMENT=3 DEFAULT CHARSET=utf8mb3;

--
-- Dumping data for table `cajas`
--

INSERT INTO `cajas` (`id`, `caja`, `cc`, `pv`) VALUES (1,'1',1,'KALDI'),(2,'1',2,'KALDI');

--
-- Table structure for table `calendario`
--

CREATE TABLE `calendario` (
  `id` bigint NOT NULL,
  `descripcion` varchar(200) DEFAULT NULL,
  `titulo` varchar(200) DEFAULT NULL,
  `start` datetime DEFAULT NULL,
  `fechacreacion` datetime DEFAULT NULL,
  `end` datetime DEFAULT NULL
) ENGINE=InnoDB DEFAULT CHARSET=utf8mb3;

--
-- Dumping data for table `calendario`
--


--
-- Table structure for table `cambios`
--

CREATE TABLE `cambios` (
  `id` bigint unsigned NOT NULL AUTO_INCREMENT,
  `bruto` double DEFAULT '0',
  `estadoimpresion` int DEFAULT '0',
  `identificador` varchar(100) DEFAULT NULL,
  `referenciapayu` varchar(200) DEFAULT NULL,
  `referenciafront` varchar(15) DEFAULT NULL,
  `descripcion` varchar(120) DEFAULT NULL,
  `pagarcontraentrega` int DEFAULT '0',
  `idfactura` int DEFAULT NULL,
  `descuento` double NOT NULL DEFAULT '0',
  `codsituacion` int NOT NULL,
  `idcliente` bigint unsigned NOT NULL DEFAULT '1',
  `idarticulo` bigint unsigned NOT NULL,
  `cc` bigint unsigned NOT NULL DEFAULT '2',
  `origen` varchar(25) DEFAULT NULL,
  `mediodepago` varchar(25) DEFAULT NULL,
  `observaciones` varchar(200) DEFAULT NULL,
  `valorunitario` double NOT NULL DEFAULT '0',
  `cantidad` int DEFAULT '0',
  `valortotal` double NOT NULL DEFAULT '0',
  `fecha` datetime NOT NULL DEFAULT CURRENT_TIMESTAMP,
  `fechacreacion` datetime NOT NULL DEFAULT CURRENT_TIMESTAMP,
  `fechaentregado` datetime NOT NULL DEFAULT CURRENT_TIMESTAMP,
  `idusuario` bigint unsigned NOT NULL DEFAULT '1',
  `costomedio` double DEFAULT '0',
  `porcentajeiva` double NOT NULL DEFAULT '0',
  `idvendedor` bigint unsigned NOT NULL DEFAULT '1',
  `idcaja` bigint unsigned NOT NULL DEFAULT '1',
  `tipo` varchar(25) DEFAULT NULL,
  `despachado` int NOT NULL DEFAULT '0' COMMENT 'Significa que la cocina ya sirviÃƒÂ² el producto',
  `entregado` int NOT NULL DEFAULT '0' COMMENT 'Significa que la cocina ya sirviÃƒÂ² el producto',
  `enespera` int NOT NULL DEFAULT '0' COMMENT 'para que el mesero ya no pueda eliminar',
  `comision` int NOT NULL DEFAULT '0',
  `porcentajedescuento` double NOT NULL DEFAULT '0',
  `impuesto` double NOT NULL DEFAULT '0',
  `base` double NOT NULL DEFAULT '0',
  `servicio` double NOT NULL DEFAULT '0',
  `CODMODIF` int NOT NULL DEFAULT '0',
  `numlinea` int NOT NULL DEFAULT '0',
  `esmodif` int NOT NULL DEFAULT '0',
  `situacioncocina` varchar(50) DEFAULT NULL,
  `CODARTICULOABAJO` int NOT NULL DEFAULT '0',
  `COD_SATELITE` varchar(25) DEFAULT NULL,
  `unidaddemedida` varchar(25) DEFAULT NULL,
  `impreso` int DEFAULT '0',
  `domicilio` int DEFAULT '0',
  `enviaraproduccion` int DEFAULT '0',
  `pv` varchar(25) DEFAULT 'KALDI',
  `afectacaja` int DEFAULT '1',
  `referencia` varchar(25) DEFAULT NULL,
  `consecutivo` int DEFAULT '0',
  PRIMARY KEY (`id`),
  UNIQUE KEY `id` (`id`),
  KEY `idarticulo` (`idarticulo`),
  KEY `idcc` (`cc`),
  KEY `idusuario` (`idusuario`),
  KEY `idvendedor` (`idvendedor`),
  KEY `idcliente` (`idcliente`)
) ENGINE=InnoDB DEFAULT CHARSET=utf8mb3;

--
-- Dumping data for table `cambios`
--


--
-- Table structure for table `cambiosauxiliar`
--

CREATE TABLE `cambiosauxiliar` (
  `id` bigint unsigned NOT NULL AUTO_INCREMENT,
  `bruto` double DEFAULT '0',
  `estadoimpresion` int DEFAULT '0',
  `identificador` varchar(100) DEFAULT NULL,
  `referenciapayu` varchar(200) DEFAULT NULL,
  `iva` double DEFAULT '0',
  `descripcion` varchar(120) DEFAULT NULL,
  `pagarcontraentrega` int DEFAULT '0',
  `idfactura` int DEFAULT NULL,
  `descuento` double NOT NULL DEFAULT '0',
  `codsituacion` int NOT NULL,
  `idcliente` bigint unsigned NOT NULL DEFAULT '1',
  `idarticulo` bigint unsigned NOT NULL,
  `cc` bigint unsigned NOT NULL DEFAULT '2',
  `origen` varchar(25) DEFAULT NULL,
  `comentario` varchar(200) DEFAULT NULL,
  `observaciones` varchar(200) DEFAULT NULL,
  `valorunitario` double NOT NULL DEFAULT '0',
  `cantidad` int DEFAULT '0',
  `valortotal` double NOT NULL DEFAULT '0',
  `fecha` datetime NOT NULL DEFAULT CURRENT_TIMESTAMP,
  `fechacreacion` datetime NOT NULL DEFAULT CURRENT_TIMESTAMP,
  `fechaentregado` datetime NOT NULL DEFAULT CURRENT_TIMESTAMP,
  `idusuario` bigint unsigned NOT NULL DEFAULT '1',
  `costomedio` double DEFAULT '0',
  `porcentajeiva` double NOT NULL DEFAULT '0',
  `idvendedor` bigint unsigned NOT NULL DEFAULT '1',
  `idcaja` bigint unsigned NOT NULL DEFAULT '1',
  `nota` varchar(25) NOT NULL DEFAULT '',
  `observacion` varchar(25) NOT NULL DEFAULT '',
  `despachado` int NOT NULL DEFAULT '0' COMMENT 'Significa que la cocina ya sirviÃƒÂ² el producto',
  `entregado` int NOT NULL DEFAULT '0' COMMENT 'Significa que la cocina ya sirviÃƒÂ² el producto',
  `enespera` int NOT NULL DEFAULT '0' COMMENT 'para que el mesero ya no pueda eliminar',
  `comision` int NOT NULL DEFAULT '0',
  `porcentajedescuento` double NOT NULL DEFAULT '0',
  `impuesto` double NOT NULL DEFAULT '0',
  `base` double NOT NULL DEFAULT '0',
  `servicio` double NOT NULL DEFAULT '0',
  `CODMODIF` int NOT NULL DEFAULT '0',
  `numlinea` int NOT NULL DEFAULT '0',
  `esmodif` int NOT NULL DEFAULT '0',
  `situacioncocina` varchar(50) DEFAULT NULL,
  `CODARTICULOABAJO` int NOT NULL DEFAULT '0',
  `COD_SATELITE` varchar(25) DEFAULT NULL,
  `unidaddemedida` varchar(25) DEFAULT NULL,
  `impreso` int DEFAULT '0',
  `domicilio` int DEFAULT '0',
  `enviaraproduccion` int DEFAULT '0',
  `pv` varchar(25) DEFAULT 'KALDI',
  `afectacaja` int DEFAULT '1',
  `referencia` varchar(25) DEFAULT NULL,
  PRIMARY KEY (`id`),
  UNIQUE KEY `id` (`id`),
  KEY `idarticulo` (`idarticulo`),
  KEY `idcc` (`cc`),
  KEY `idusuario` (`idusuario`),
  KEY `idvendedor` (`idvendedor`),
  KEY `idcliente` (`idcliente`)
) ENGINE=InnoDB DEFAULT CHARSET=utf8mb3;

--
-- Dumping data for table `cambiosauxiliar`
--


--
-- Table structure for table `cambiosrecibidoauxiliar`
--

CREATE TABLE `cambiosrecibidoauxiliar` (
  `id` bigint unsigned NOT NULL AUTO_INCREMENT,
  `bruto` double DEFAULT '0',
  `estadoimpresion` int DEFAULT '0',
  `identificador` varchar(100) DEFAULT NULL,
  `referenciapayu` varchar(200) DEFAULT NULL,
  `referenciafront` varchar(15) DEFAULT NULL,
  `descripcion` varchar(120) DEFAULT NULL,
  `pagarcontraentrega` int DEFAULT '0',
  `idfactura` int DEFAULT NULL,
  `descuento` double NOT NULL DEFAULT '0',
  `codsituacion` int NOT NULL,
  `idcliente` bigint unsigned NOT NULL DEFAULT '1',
  `idarticulo` bigint unsigned NOT NULL,
  `cc` bigint unsigned NOT NULL DEFAULT '2',
  `origen` varchar(25) DEFAULT NULL,
  `comentario` varchar(200) DEFAULT NULL,
  `observaciones` varchar(200) DEFAULT NULL,
  `valorunitario` double NOT NULL DEFAULT '0',
  `cantidad` int DEFAULT '0',
  `valortotal` double NOT NULL DEFAULT '0',
  `fecha` datetime NOT NULL DEFAULT CURRENT_TIMESTAMP,
  `fechacreacion` datetime NOT NULL DEFAULT CURRENT_TIMESTAMP,
  `fechaentregado` datetime NOT NULL DEFAULT CURRENT_TIMESTAMP,
  `idusuario` bigint unsigned NOT NULL DEFAULT '1',
  `costomedio` double DEFAULT '0',
  `porcentajeiva` double NOT NULL DEFAULT '0',
  `idvendedor` bigint unsigned NOT NULL DEFAULT '1',
  `idcaja` bigint unsigned NOT NULL DEFAULT '1',
  `tipo` varchar(25) DEFAULT NULL,
  `observacion` varchar(25) NOT NULL DEFAULT '',
  `despachado` int NOT NULL DEFAULT '0' COMMENT 'Significa que la cocina ya sirviÃƒÂ² el producto',
  `entregado` int NOT NULL DEFAULT '0' COMMENT 'Significa que la cocina ya sirviÃƒÂ² el producto',
  `enespera` int NOT NULL DEFAULT '0' COMMENT 'para que el mesero ya no pueda eliminar',
  `comision` int NOT NULL DEFAULT '0',
  `porcentajedescuento` double NOT NULL DEFAULT '0',
  `impuesto` double NOT NULL DEFAULT '0',
  `base` double NOT NULL DEFAULT '0',
  `servicio` double NOT NULL DEFAULT '0',
  `CODMODIF` int NOT NULL DEFAULT '0',
  `numlinea` int NOT NULL DEFAULT '0',
  `esmodif` int NOT NULL DEFAULT '0',
  `situacioncocina` varchar(50) DEFAULT NULL,
  `CODARTICULOABAJO` int NOT NULL DEFAULT '0',
  `COD_SATELITE` varchar(25) DEFAULT NULL,
  `unidaddemedida` varchar(25) DEFAULT NULL,
  `impreso` int DEFAULT '0',
  `domicilio` int DEFAULT '0',
  `enviaraproduccion` int DEFAULT '0',
  `pv` varchar(25) DEFAULT 'KALDI',
  `afectacaja` int DEFAULT '1',
  `referencia` varchar(25) DEFAULT NULL,
  PRIMARY KEY (`id`),
  UNIQUE KEY `id` (`id`),
  KEY `idarticulo` (`idarticulo`),
  KEY `idcc` (`cc`),
  KEY `idusuario` (`idusuario`),
  KEY `idvendedor` (`idvendedor`),
  KEY `idcliente` (`idcliente`)
) ENGINE=InnoDB DEFAULT CHARSET=utf8mb3;

--
-- Dumping data for table `cambiosrecibidoauxiliar`
--


--
-- Table structure for table `cargos`
--

CREATE TABLE `cargos` (
  `id` bigint unsigned NOT NULL AUTO_INCREMENT,
  `cargo` varchar(120) NOT NULL DEFAULT '',
  `cc` bigint unsigned NOT NULL DEFAULT '1',
  `pv` varchar(25) DEFAULT 'KALDI',
  PRIMARY KEY (`id`),
  UNIQUE KEY `id` (`id`),
  KEY `cc` (`cc`)
) ENGINE=InnoDB AUTO_INCREMENT=9 DEFAULT CHARSET=utf8mb3;

--
-- Dumping data for table `cargos`
--

INSERT INTO `cargos` (`id`, `cargo`, `cc`, `pv`) VALUES (3,'MESERO',2,'KALDI'),(8,'',2,'KALDI');

--
-- Table structure for table `causaciones`
--

CREATE TABLE `causaciones` (
  `id` bigint NOT NULL AUTO_INCREMENT,
  `valor` int DEFAULT '0',
  `idcliente` int DEFAULT NULL,
  `tipo` varchar(15) DEFAULT 'PAGO',
  `estado` varchar(25) DEFAULT 'ACTIVO',
  `idpadre3` varchar(25) DEFAULT NULL,
  `fecha` date DEFAULT NULL,
  `fechacreacion` datetime DEFAULT CURRENT_TIMESTAMP,
  `fecharecibido4` date DEFAULT NULL,
  `devolucionreportada` bit(1) DEFAULT b'0',
  `fecharecibido7` datetime DEFAULT NULL,
  `fecharecibido10` datetime DEFAULT NULL,
  `fechaeliminado` datetime DEFAULT NULL,
  `usuarioelimina` varchar(150) DEFAULT NULL,
  `idfactura` int DEFAULT '0',
  `idpadre` int DEFAULT '0',
  `cliente` varchar(25) DEFAULT NULL,
  `padre` varchar(25) DEFAULT NULL,
  `idmayornomina` int DEFAULT '0',
  PRIMARY KEY (`id`),
  KEY `cc` (`idcliente`)
) ENGINE=InnoDB DEFAULT CHARSET=utf8mb3;

--
-- Dumping data for table `causaciones`
--


--
-- Table structure for table `cc`
--

CREATE TABLE `cc` (
  `id` bigint NOT NULL AUTO_INCREMENT,
  `nombrecc` varchar(25) DEFAULT NULL,
  PRIMARY KEY (`id`)
) ENGINE=InnoDB AUTO_INCREMENT=29 DEFAULT CHARSET=utf8mb3;

--
-- Dumping data for table `cc`
--

INSERT INTO `cc` (`id`, `nombrecc`) VALUES (19,'MERCADO LIBRE G NATECH'),(22,'PAGINA WEB'),(23,'RAPPI NATECH'),(24,'MERCADO LIBRE G COMERCIA'),(25,'LUEGO PAGO'),(26,'RAPPI G COMERCIA'),(27,'ADDI'),(28,'FALABELLA G COMERCIA');

--
-- Table structure for table `centrosdecostos`
--

CREATE TABLE `centrosdecostos` (
  `id` bigint unsigned NOT NULL AUTO_INCREMENT,
  `refrescarcache` int DEFAULT '0',
  `debepagarel` int DEFAULT '0',
  `direccion` varchar(120) NOT NULL DEFAULT ' ',
  `titulotirilla` varchar(50) DEFAULT NULL,
  `pagoefectivo` int DEFAULT '0',
  `cuenta_costodeventa` int DEFAULT NULL,
  `type_regime_id` int DEFAULT '0',
  `ultimomespagado` int DEFAULT '0',
  `telefono` varchar(20) NOT NULL DEFAULT ' ',
  `nit` varchar(20) NOT NULL DEFAULT ' ',
  `centrodecostos` varchar(100) NOT NULL DEFAULT 'ALIMENTOS DOGGY',
  `fechacreacion` datetime NOT NULL DEFAULT CURRENT_TIMESTAMP,
  `representante` varchar(100) NOT NULL DEFAULT ' ',
  `idusuario` bigint unsigned NOT NULL DEFAULT '1',
  `idresolucion` bigint unsigned NOT NULL DEFAULT '1',
  `email` varchar(100) DEFAULT '',
  `regimen` varchar(45) DEFAULT NULL,
  `comentariotirilla` text,
  `convertirpedidoenfactura` int DEFAULT '0',
  `numero` varchar(40) DEFAULT '',
  `prefijo` varchar(5) DEFAULT NULL,
  `razonsocialcomanda` varchar(100) DEFAULT NULL,
  `mostrariva` int NOT NULL DEFAULT '0',
  `contacto` varchar(200) DEFAULT NULL,
  `telefonocontacto` varchar(25) DEFAULT NULL,
  `cuenta_ingreso` int DEFAULT NULL,
  `modulocontable` bit(1) DEFAULT b'0',
  `impresionfichaderegistro` varchar(7) DEFAULT 'TIRILLA',
  `cuenta_inventario` int DEFAULT NULL,
  `alerta2` varchar(100) DEFAULT NULL,
  `desde` int DEFAULT NULL,
  `hasta` int DEFAULT NULL,
  `porcentajeservicio` int DEFAULT '10',
  `lineaimpuestos` varchar(4) DEFAULT '12',
  `fecharesolucion` date DEFAULT NULL,
  `fechainicioresolucion` date DEFAULT NULL,
  `fechafinresolucion` date DEFAULT NULL,
  `codigodepartamento` varchar(2) DEFAULT NULL,
  `codigomunicipio` varchar(5) DEFAULT NULL,
  `ciudad` varchar(25) DEFAULT NULL,
  `departamento` varchar(25) DEFAULT NULL,
  `id_tipo_persona` int DEFAULT '2',
  `tipo_identificacion` varchar(3) DEFAULT 'NIT',
  `endpoint_taxxa` varchar(200) DEFAULT 'https://demo1.taxxa.co/api.djson',
  `prefijonc` varchar(2) DEFAULT NULL,
  `token_taxxa` varchar(150) DEFAULT NULL,
  `prefijofe` varchar(5) DEFAULT NULL,
  `puedeusar` int DEFAULT '0',
  `descuento` double DEFAULT '0',
  `descuentodeldia` int DEFAULT '0',
  `alerta` varchar(150) DEFAULT NULL,
  `hastafe` int DEFAULT '0',
  `fechahastafe` date DEFAULT NULL,
  `satelitecallcenter` varchar(25) DEFAULT 'SELECCIONE',
  `tituloimpuestos` varchar(50) DEFAULT 'DETALLE IMPOCONSUMO',
  `nombreimpuesto` varchar(50) DEFAULT 'IMPOCONSUMO',
  `pv` varchar(25) DEFAULT 'texasburgers',
  `zonapostal` varchar(6) DEFAULT NULL,
  `prefijodocequivalente` varchar(5) DEFAULT NULL,
  `responsabilidades` varchar(10) DEFAULT NULL,
  `tipo_persona` varchar(7) DEFAULT 'company',
  `resdianfe` varchar(25) DEFAULT NULL,
  `desdefe` int DEFAULT '0',
  `fechafe` date DEFAULT NULL,
  `usuarioTaxxa` varchar(150) DEFAULT NULL,
  `claveTaxxa` varchar(15) DEFAULT NULL,
  `cuenta_devolucion` int DEFAULT NULL,
  `comosemideeltiempo` int DEFAULT '0',
  `minutosdescanso` int DEFAULT '0',
  `tiendaonline` bit(1) DEFAULT b'1',
  `cuenta_cxp` int DEFAULT NULL,
  `vence_firmadigital` date DEFAULT NULL,
  `ultimocobro` datetime DEFAULT NULL,
  `fechaproximopago` date DEFAULT NULL,
  `telegram_vendedor` varchar(25) DEFAULT NULL,
  `calculodeservicio` varchar(5) DEFAULT 'total',
  `textowsp` varchar(100) DEFAULT NULL,
  `wsp` varchar(100) DEFAULT NULL,
  `visitastv` int DEFAULT '0',
  `calculodescuento` varchar(5) DEFAULT 'total',
  `mostrarcategorias` varchar(2) DEFAULT 'SI',
  `calculodelcosto` varchar(5) DEFAULT 'total',
  `mostrarpventv` varchar(2) DEFAULT 'SI',
  `urlinstagram` varchar(200) DEFAULT NULL,
  `urlfacebook` varchar(200) DEFAULT NULL,
  `urltiktok` varchar(200) DEFAULT NULL,
  `titulocabecera` varchar(100) DEFAULT '',
  `piedepaginafe` varchar(500) DEFAULT NULL,
  `lunes` bit(1) DEFAULT b'1',
  `martes` bit(1) DEFAULT b'1',
  `miercoles` bit(1) DEFAULT b'1',
  `jueves` bit(1) DEFAULT b'1',
  `viernes` bit(1) DEFAULT b'1',
  `sabado` bit(1) DEFAULT b'1',
  `domingo` bit(1) DEFAULT b'1',
  `inilunes` time DEFAULT '08:00:00',
  `inimartes` time DEFAULT '08:00:00',
  `inimiercoles` time DEFAULT '08:00:00',
  `inijueves` time DEFAULT '08:00:00',
  `iniviernes` time DEFAULT '08:00:00',
  `inisabado` time DEFAULT '08:00:00',
  `inidomingo` time DEFAULT '08:00:00',
  `finlunes` time DEFAULT '23:00:00',
  `finmartes` time DEFAULT '23:00:00',
  `finmiercoles` time DEFAULT '23:00:00',
  `finjueves` time DEFAULT '23:00:00',
  `finviernes` time DEFAULT '23:00:00',
  `finsabado` time DEFAULT '23:00:00',
  `findomingo` time DEFAULT '23:00:00',
  `inilunes2` time DEFAULT '08:00:00',
  `finlunes2` time DEFAULT '08:00:00',
  `inimartes2` time DEFAULT '08:00:00',
  `finmartes2` time DEFAULT '08:00:00',
  `inimiercoles2` time DEFAULT '08:00:00',
  `finmiercoles2` time DEFAULT '08:00:00',
  `inijueves2` time DEFAULT '08:00:00',
  `finjueves2` time DEFAULT '08:00:00',
  `iniviernes2` time DEFAULT '08:00:00',
  `finviernes2` time DEFAULT '08:00:00',
  `inisabado2` time DEFAULT '08:00:00',
  `finsabado2` time DEFAULT '08:00:00',
  `inidomingo2` time DEFAULT '08:00:00',
  `findomingo2` time DEFAULT '08:00:00',
  `porcentajeips` int DEFAULT '0',
  `activarporcentajeips` int DEFAULT '0',
  `fechafinfe` date DEFAULT NULL,
  `desdeposelectronico` int DEFAULT '0',
  `hastaposelectronico` int DEFAULT '0',
  `fechaposelectronico` date DEFAULT NULL,
  `fechafinposelectronico` date DEFAULT NULL,
  `prefijope` varchar(4) DEFAULT NULL,
  `fechahastape` date DEFAULT NULL,
  `registromercantil` varchar(25) DEFAULT NULL,
  `digitodeverificacion` int DEFAULT NULL,
  `tokenapidian` varchar(100) DEFAULT NULL,
  `idsoftware` varchar(100) DEFAULT '',
  `parking_moto` int DEFAULT '3000',
  `firmadigital` text,
  `clavefirmadigital` varchar(50) DEFAULT NULL,
  `parking_carro` int DEFAULT '3000',
  `modulo` int DEFAULT '4',
  `SoftwareID` varchar(80) DEFAULT NULL,
  `clavefirma` varchar(20) DEFAULT NULL,
  `nombrecomercialcc` varchar(50) DEFAULT '',
  `porcentaje_ganancia_en_venta` decimal(5,2) DEFAULT NULL,
  `snotetop` varchar(150) DEFAULT NULL,
  UNIQUE KEY `id` (`id`)
) ENGINE=InnoDB AUTO_INCREMENT=4 DEFAULT CHARSET=utf8mb3;

--
-- Dumping data for table `centrosdecostos`
--

INSERT INTO `centrosdecostos` (`id`, `refrescarcache`, `debepagarel`, `direccion`, `titulotirilla`, `pagoefectivo`, `cuenta_costodeventa`, `type_regime_id`, `ultimomespagado`, `telefono`, `nit`, `centrodecostos`, `fechacreacion`, `representante`, `idusuario`, `idresolucion`, `email`, `regimen`, `comentariotirilla`, `convertirpedidoenfactura`, `numero`, `prefijo`, `razonsocialcomanda`, `mostrariva`, `contacto`, `telefonocontacto`, `cuenta_ingreso`, `modulocontable`, `impresionfichaderegistro`, `cuenta_inventario`, `alerta2`, `desde`, `hasta`, `porcentajeservicio`, `lineaimpuestos`, `fecharesolucion`, `fechainicioresolucion`, `fechafinresolucion`, `codigodepartamento`, `codigomunicipio`, `ciudad`, `departamento`, `id_tipo_persona`, `tipo_identificacion`, `endpoint_taxxa`, `prefijonc`, `token_taxxa`, `prefijofe`, `puedeusar`, `descuento`, `descuentodeldia`, `alerta`, `hastafe`, `fechahastafe`, `satelitecallcenter`, `tituloimpuestos`, `nombreimpuesto`, `pv`, `zonapostal`, `prefijodocequivalente`, `responsabilidades`, `tipo_persona`, `resdianfe`, `desdefe`, `fechafe`, `usuarioTaxxa`, `claveTaxxa`, `cuenta_devolucion`, `comosemideeltiempo`, `minutosdescanso`, `tiendaonline`, `cuenta_cxp`, `vence_firmadigital`, `ultimocobro`, `fechaproximopago`, `telegram_vendedor`, `calculodeservicio`, `textowsp`, `wsp`, `visitastv`, `calculodescuento`, `mostrarcategorias`, `calculodelcosto`, `mostrarpventv`, `urlinstagram`, `urlfacebook`, `urltiktok`, `titulocabecera`, `piedepaginafe`, `lunes`, `martes`, `miercoles`, `jueves`, `viernes`, `sabado`, `domingo`, `inilunes`, `inimartes`, `inimiercoles`, `inijueves`, `iniviernes`, `inisabado`, `inidomingo`, `finlunes`, `finmartes`, `finmiercoles`, `finjueves`, `finviernes`, `finsabado`, `findomingo`, `inilunes2`, `finlunes2`, `inimartes2`, `finmartes2`, `inimiercoles2`, `finmiercoles2`, `inijueves2`, `finjueves2`, `iniviernes2`, `finviernes2`, `inisabado2`, `finsabado2`, `inidomingo2`, `findomingo2`, `porcentajeips`, `activarporcentajeips`, `fechafinfe`, `desdeposelectronico`, `hastaposelectronico`, `fechaposelectronico`, `fechafinposelectronico`, `prefijope`, `fechahastape`, `registromercantil`, `digitodeverificacion`, `tokenapidian`, `idsoftware`, `parking_moto`, `firmadigital`, `clavefirmadigital`, `parking_carro`, `modulo`, `SoftwareID`, `clavefirma`, `nombrecomercialcc`, `porcentaje_ganancia_en_venta`, `snotetop`) VALUES (2,2,32,'Cra 14  9-07','FACTURA DE VENTA',0,0,0,2,'','901402281','FERRE COSTOS LA 14','2020-12-24 19:28:24','JUAN ALARCON',1,1,'raulotalvaro@gmail.com','PERSONA NATURAL','GRACIAS POR SU COMPRA la propina es voluntaria',0,'18764070336005',NULL,NULL,0,NULL,NULL,NULL,NULL,NULL,NULL,'Tienes 10 facturas pendientes por tramitar a la Dian',NULL,NULL,10,'12',NULL,NULL,NULL,'66','66001','PEREIRA','RISARALDA',2,'NIT','https://demo1.taxxa.co/api2.djson',NULL,NULL,NULL,0,0,0,NULL,NULL,NULL,'SELECCIONE','','IMPOCONSUMO','texasburgers','660001','DSE','O-49','person',NULL,NULL,NULL,NULL,NULL,NULL,0,0,_binary '',NULL,NULL,NULL,NULL,NULL,'total',NULL,NULL,10,'total','SI','total','1',NULL,NULL,NULL,'',NULL,_binary '',_binary '',_binary '',_binary '',_binary '',_binary '',_binary '','13:00:00','13:00:00','13:00:00','13:00:00','13:00:00','13:00:00','13:00:00','23:30:00','23:30:00','23:30:00','23:30:00','23:30:00','23:30:00','23:30:00','13:00:00','23:30:00','13:00:00','23:30:00','13:00:00','23:30:00','13:00:00','23:30:00','13:00:00','11:30:00','13:00:00','23:30:00','13:00:00','23:30:00',0,1,NULL,1,500,'2024-05-29','2026-05-29','PT1','2026-05-29',NULL,NULL,NULL,'',2500,NULL,NULL,3000,1,NULL,NULL,'',NULL,NULL),(3,2,32,'Cra 14  9-07','FACTURA DE VENTA',0,0,0,2,'','901402281','FERRE COSTOS LA 14','2020-12-24 19:28:24','JUAN ALARCON',1,1,'raulotalvaro@gmail.com','PERSONA NATURAL','GRACIAS POR SU COMPRA la propina es voluntaria',0,'18764070336005',NULL,NULL,0,NULL,NULL,NULL,NULL,NULL,NULL,'Tienes 10 facturas pendientes por tramitar a la Dian',NULL,NULL,10,'12',NULL,NULL,NULL,'66','66001','PEREIRA','RISARALDA',2,'NIT','https://demo1.taxxa.co/api2.djson',NULL,NULL,NULL,0,0,0,NULL,NULL,NULL,'SELECCIONE','','IMPOCONSUMO','texasburgers','660001','DSE','O-49','person',NULL,NULL,NULL,NULL,NULL,NULL,0,0,_binary '',NULL,NULL,NULL,NULL,NULL,'total',NULL,NULL,5,'total','SI','total','1',NULL,NULL,NULL,'',NULL,_binary '',_binary '',_binary '',_binary '',_binary '',_binary '',_binary '','08:00:00','08:00:00','08:00:00','08:00:00','08:00:00','08:00:00','08:00:00','23:00:00','23:00:00','23:00:00','23:00:00','23:00:00','23:00:00','23:00:00','08:00:00','08:00:00','08:00:00','08:00:00','08:00:00','08:00:00','08:00:00','08:00:00','08:00:00','08:00:00','08:00:00','08:00:00','08:00:00','08:00:00',0,1,NULL,1,500,'2024-05-29','2026-05-29','PT1','2026-05-29',NULL,NULL,NULL,'',2500,NULL,NULL,3000,1,NULL,NULL,'',NULL,NULL);

--
-- Table structure for table `cierres`
--

CREATE TABLE `cierres` (
  `id` bigint unsigned NOT NULL AUTO_INCREMENT,
  `fechacreacion` datetime NOT NULL DEFAULT CURRENT_TIMESTAMP,
  `valor` double NOT NULL DEFAULT '0',
  `idusuario` bigint unsigned NOT NULL DEFAULT '1',
  `idz` bigint unsigned NOT NULL DEFAULT '1',
  `mediodepago` varchar(50) DEFAULT '',
  `observaciones` varchar(200) DEFAULT NULL,
  UNIQUE KEY `id` (`id`),
  UNIQUE KEY `idz_2` (`idz`,`mediodepago`),
  KEY `idusuario` (`idusuario`),
  KEY `idz` (`idz`),
  CONSTRAINT `cierres_ibfk_1` FOREIGN KEY (`idz`) REFERENCES `z` (`id`)
) ENGINE=InnoDB DEFAULT CHARSET=utf8mb3;

--
-- Dumping data for table `cierres`
--


--
-- Table structure for table `cierresdecaja`
--

CREATE TABLE `cierresdecaja` (
  `id` bigint unsigned NOT NULL AUTO_INCREMENT,
  `m1` int NOT NULL DEFAULT '0',
  `m2` int NOT NULL DEFAULT '0',
  `m5` int NOT NULL DEFAULT '0',
  `m10` int NOT NULL DEFAULT '0',
  `m20` int NOT NULL DEFAULT '0',
  `m50` int NOT NULL DEFAULT '0',
  `m100` int NOT NULL DEFAULT '0',
  `m200` int NOT NULL DEFAULT '0',
  `m500` int NOT NULL DEFAULT '0',
  `m1000` int NOT NULL DEFAULT '0',
  `b5` int NOT NULL DEFAULT '0',
  `b20` int NOT NULL DEFAULT '0',
  `b10` int NOT NULL DEFAULT '0',
  `b50` int NOT NULL DEFAULT '0',
  `b100` int NOT NULL DEFAULT '0',
  `b1000` int NOT NULL DEFAULT '0',
  `b2000` int NOT NULL DEFAULT '0',
  `b5000` int NOT NULL DEFAULT '0',
  `b10000` int NOT NULL DEFAULT '0',
  `b20000` int NOT NULL DEFAULT '0',
  `b50000` int NOT NULL DEFAULT '0',
  `b100000` int NOT NULL DEFAULT '0',
  `tarjeta` int NOT NULL DEFAULT '0',
  `rappi` int NOT NULL DEFAULT '0',
  `uber` int NOT NULL DEFAULT '0',
  `ifood` int NOT NULL DEFAULT '0',
  `domi` int NOT NULL DEFAULT '0',
  `idusuario` bigint unsigned NOT NULL,
  `fechacreacion` datetime NOT NULL DEFAULT CURRENT_TIMESTAMP,
  `idcaja` bigint unsigned NOT NULL,
  `declarado` double NOT NULL DEFAULT '0',
  `efectivoenz` double NOT NULL DEFAULT '0',
  `diferencia` double NOT NULL DEFAULT '0',
  `observaciones` varchar(200) DEFAULT NULL,
  `cc` bigint unsigned NOT NULL,
  `venta` double DEFAULT '0',
  `domicilio` double DEFAULT '0',
  `base` double DEFAULT '0',
  `gasto` double DEFAULT '0',
  `esperado` double DEFAULT '0',
  `sobrante` double DEFAULT '0',
  `faltante` double DEFAULT '0',
  `servicio` int DEFAULT '0',
  `pv` varchar(25) DEFAULT 'KALDI',
  PRIMARY KEY (`id`),
  UNIQUE KEY `id` (`id`),
  KEY `idusuario` (`idusuario`),
  KEY `cc` (`cc`),
  CONSTRAINT `cierresdecaja_ibfk_2` FOREIGN KEY (`idusuario`) REFERENCES `clientes` (`id`)
) ENGINE=InnoDB DEFAULT CHARSET=utf8mb3;

--
-- Dumping data for table `cierresdecaja`
--


--
-- Table structure for table `ciudades`
--

CREATE TABLE `ciudades` (
  `id` bigint unsigned NOT NULL AUTO_INCREMENT,
  `ciudad` varchar(50) CHARACTER SET latin1 COLLATE latin1_swedish_ci NOT NULL,
  `cc` bigint unsigned NOT NULL,
  `codigodepartamento` varchar(7) DEFAULT NULL,
  `departamento` varchar(25) DEFAULT NULL,
  `codigociudad` varchar(7) DEFAULT NULL,
  `codigopostal` varchar(7) DEFAULT NULL,
  `pv` varchar(25) DEFAULT 'KALDI',
  PRIMARY KEY (`id`),
  UNIQUE KEY `id` (`id`),
  UNIQUE KEY `idx_ciudad` (`ciudad`)
) ENGINE=InnoDB AUTO_INCREMENT=32 DEFAULT CHARSET=utf8mb3;

--
-- Dumping data for table `ciudades`
--

INSERT INTO `ciudades` (`id`, `ciudad`, `cc`, `codigodepartamento`, `departamento`, `codigociudad`, `codigopostal`, `pv`) VALUES (1,'SALENTO',2,'63','QUINDIO','63690','631020','KALDI'),(2,'POPAYAN ',2,'19','CAUCA','19001','190001','KALDI'),(3,'PEREIRA',2,'66','RISARALDA','66001','660001','KALDI'),(5,'IBAGUE',2,'73','TOLIMA','73001','730010','KALDI'),(6,'MEDELLIN',2,'05','ANTIOQUIA','05001','050001','KALDI'),(7,'CUCUTA',2,'54','NORTE DE SANTANDER','54001','540011','KALDI'),(10,'CHIA',2,'25','CUNDINAMARCA','25175','250001','KALDI'),(13,'ARMENIA',2,'63','QUINDIO','63001','630003','KALDI'),(15,'BOGOTA D.C',2,'11','BOGOTA  D.C','11001','110011','KALDI'),(16,'CALI',2,'76','VALLE DEL CAUCA','76001','760030','KALDI'),(17,'ITAGUI',2,'05','ANTIOQUIA','05360','055411','KALDI'),(18,'YUMBO ',2,'76','VALLE DEL CAUCA ','76892','760501','KALDI'),(19,'CANDELARIA',2,'76','VALLE DEL CAUCA','76130','763570','KALDI'),(20,'ALCALA ',2,'76','VALLE DEL CAUCA ','76020','762040','KALDI'),(21,'QUIBDO',2,'27','CHOCO ','27001','270001','KALDI'),(22,'TENJO',2,'25','CUNDINAMARCA','25779','250201','KALDI'),(23,'MANIZALES',2,'17','CALDAS','17001','170001','KALDI'),(24,'NEIVA',2,'41','HUILA','41001','410010','KALDI'),(25,'NARIÑO',2,'05','PASTO','05483','054840','KALDI'),(26,'CALARCA ',2,'63','QUINDIO ','63130','632001','KALDI'),(27,'SABANETA',2,'05','ANTIOQUIA ','05631','055450','KALDI'),(28,'COTA ',2,'25','CUNDINAMARCA ','25214','250010','KALDI'),(29,'LA ESTRELLA',2,'05','ANTIOQUIA','05380','055460','KALDI'),(30,'BARRANQUILLA ',2,'8','ATLÁNTICO','08001','080001','KALDI'),(31,'PALMIRA',2,'76','VALLE DEL CAUCA ','76520','763531','KALDI');

--
-- Table structure for table `clasesdevehiculo`
--

CREATE TABLE `clasesdevehiculo` (
  `id` bigint unsigned NOT NULL AUTO_INCREMENT,
  `clasedevehiculo` varchar(25) DEFAULT NULL,
  PRIMARY KEY (`id`),
  UNIQUE KEY `id` (`id`),
  UNIQUE KEY `clasedevehiculo` (`clasedevehiculo`)
) ENGINE=MyISAM DEFAULT CHARSET=utf8mb3;

--
-- Dumping data for table `clasesdevehiculo`
--


--
-- Table structure for table `clasificacionclientes`
--

CREATE TABLE `clasificacionclientes` (
  `id` bigint unsigned NOT NULL AUTO_INCREMENT,
  `clasificacion` varchar(25) DEFAULT NULL,
  PRIMARY KEY (`id`),
  UNIQUE KEY `id` (`id`)
) ENGINE=InnoDB AUTO_INCREMENT=7 DEFAULT CHARSET=latin1;

--
-- Dumping data for table `clasificacionclientes`
--


--
-- Table structure for table `clientes`
--

CREATE TABLE `clientes` (
  `id` bigint unsigned NOT NULL AUTO_INCREMENT,
  `primernombre` varchar(100) DEFAULT NULL,
  `barrio` varchar(25) DEFAULT NULL,
  `grupo` varchar(50) DEFAULT NULL,
  `codabajo` int DEFAULT NULL,
  `primerapellido` varchar(25) DEFAULT '',
  `tipodepersona` int DEFAULT '2',
  `cedula` varchar(15) DEFAULT '',
  `direccion` varchar(100) DEFAULT '',
  `fechadenacimiento` date DEFAULT NULL,
  `celular` varchar(15) DEFAULT '',
  `fechadecreacion` datetime NOT NULL DEFAULT CURRENT_TIMESTAMP,
  `ciudad` varchar(25) DEFAULT 'PEREIRA',
  `departamento` varchar(25) DEFAULT 'RISARALDA',
  `clave` text,
  `rol` varchar(25) NOT NULL DEFAULT 'CLIENTE',
  `email` varchar(100) DEFAULT '',
  `telefono` varchar(10) DEFAULT '',
  `edad` int NOT NULL DEFAULT '0',
  `genero` varchar(12) NOT NULL DEFAULT 'MASCULINO',
  `tipodedocumento` varchar(5) NOT NULL DEFAULT 'CC',
  `saldo` double NOT NULL DEFAULT '0',
  `cc` bigint unsigned NOT NULL,
  `idusuario` bigint unsigned NOT NULL DEFAULT '1',
  `esproveedor` varchar(2) DEFAULT 'NO',
  `cuantoledebo` int DEFAULT '0',
  `bolsillo` int DEFAULT '0',
  `contacto` varchar(200) DEFAULT '',
  `telefonocontacto` varchar(25) DEFAULT '',
  `espersonajuridica` int NOT NULL DEFAULT '0',
  `enviarcorreo` int NOT NULL DEFAULT '0',
  `observacion` text,
  `numerocalle` varchar(4) DEFAULT NULL,
  `puntos` int NOT NULL DEFAULT '0',
  `esempleado` int NOT NULL DEFAULT '0',
  `idgrupo` int DEFAULT '0',
  `descatalogado` int DEFAULT '0',
  `eps` varchar(150) DEFAULT NULL,
  `afp` varchar(150) DEFAULT NULL,
  `codigociudad` varchar(7) DEFAULT '66001',
  `codigodepartamento` varchar(7) DEFAULT '66',
  `codigopostal` varchar(7) DEFAULT '660001',
  `segundonombre` varchar(25) DEFAULT NULL,
  `segundoapellido` varchar(25) DEFAULT NULL,
  `legalidad` int DEFAULT '0',
  `tipo_identificacion` varchar(5) DEFAULT 'CC',
  `razonsocial` varchar(200) DEFAULT NULL,
  `nombrecomercial` varchar(200) DEFAULT NULL,
  `dv` int DEFAULT NULL,
  `sfiscalresponsibilities` varchar(7) DEFAULT 'R-99-PN',
  `regimenfiscal` int DEFAULT '49',
  `expedicioncedula` date DEFAULT NULL,
  `marcavehiculo` varchar(25) DEFAULT NULL,
  `placavehiculo` varchar(6) DEFAULT NULL,
  `nacionalidad` varchar(25) DEFAULT NULL,
  `municipioexpedido` varchar(25) DEFAULT NULL,
  `departamentoexpedido` varchar(25) DEFAULT NULL,
  `pv` varchar(25) DEFAULT 'texasburgers',
  `sessionid` varchar(32) DEFAULT NULL,
  `huella` blob,
  `idcargo` int DEFAULT '0',
  `codigonomina` varchar(1) DEFAULT NULL,
  `codigozona` varchar(5) DEFAULT NULL,
  `areanomina` varchar(5) DEFAULT NULL,
  `idturno` int DEFAULT '0',
  `idturno2` int DEFAULT '0',
  `fechainicioturnoactual` date DEFAULT NULL,
  `fechafinturnoactual` date DEFAULT NULL,
  `fechainicioprooximoturno` date DEFAULT NULL,
  `fechaprooximoturno` date DEFAULT NULL,
  `iddomiciliarioyoyo` int DEFAULT NULL,
  `ciudadexpedicioncedula` varchar(25) DEFAULT NULL,
  `intentosfallidos` int DEFAULT '0',
  `ipultimoacceso` varchar(16) DEFAULT NULL,
  `codigoarea` varchar(5) DEFAULT NULL,
  `pagarextras` bit(1) DEFAULT b'0',
  `vencimientolicencia` date DEFAULT NULL,
  `tokendispositivo` varchar(250) DEFAULT NULL,
  `diacontacto1` int DEFAULT '0',
  `diacontacto2` int DEFAULT '0',
  `urlfotocliente` varchar(170) DEFAULT NULL,
  `sueldomensual` int DEFAULT '0',
  `auxtransportemensual` int DEFAULT '0',
  `clasificacion` varchar(25) DEFAULT 'CLIENTE FINAL',
  `instagram` varchar(50) DEFAULT NULL,
  `licenciaconduccion` varchar(25) DEFAULT NULL,
  `nombrereferencia1` varchar(150) DEFAULT NULL,
  `nombrereferencia2` varchar(150) DEFAULT NULL,
  `telefonoreferencia1` varchar(150) DEFAULT NULL,
  `telefonoreferencia2` varchar(150) DEFAULT NULL,
  `parentescorefererencia2` varchar(150) DEFAULT NULL,
  `parentesco` varchar(150) DEFAULT NULL,
  `parentescorefererencia1` varchar(150) DEFAULT NULL,
  `EDS` varchar(1) DEFAULT NULL,
  `comensalescliente` int DEFAULT '0',
  `idtelegram` varchar(25) DEFAULT NULL,
  `membrecia_hasta` date DEFAULT NULL,
  `idpadre2` int DEFAULT '0',
  `banco` varchar(25) DEFAULT NULL,
  `tipodecuenta` varchar(12) DEFAULT NULL,
  `cuentabancaria` varchar(15) DEFAULT NULL,
  `urlcedulacliente` varchar(100) DEFAULT NULL,
  `urlrutcliente` varchar(100) DEFAULT NULL,
  `urlcamaracliente` varchar(100) DEFAULT NULL,
  `fecha_expedicion` date DEFAULT NULL,
  `datosvalidados` int DEFAULT '0',
  `ultimavalidacion` date DEFAULT NULL,
  `cuentainscrita` int DEFAULT '0',
  `fechaactualizacionrut` date DEFAULT NULL,
  `direccion2` varchar(100) DEFAULT NULL,
  `direccion3` varchar(100) DEFAULT NULL,
  `identificadortv` varchar(30) DEFAULT NULL,
  `origencliente` varchar(10) DEFAULT 'CLIENTES',
  `aceptacondiciones` int DEFAULT '0',
  `fechaaceptacondiciones` date DEFAULT NULL,
  `HTTP_HOST` bit(1) DEFAULT b'0',
  `porcentaje_comision_enventa` int DEFAULT '0',
  `codigomasser` bit(1) DEFAULT b'0',
  `rutacualizado` varchar(2) DEFAULT 'NO',
  `tokenfirebase` varchar(500) DEFAULT NULL,
  `ocupacion` varchar(50) DEFAULT NULL,
  `origen_cliente` varchar(3) DEFAULT 'CON',
  `proximallamada` date DEFAULT NULL,
  `idpadre` int DEFAULT '0',
  `responsable` varchar(50) DEFAULT NULL,
  `campovalor_cliente` varchar(25) DEFAULT 'valordeventa',
  `aplicaretencion` int DEFAULT '0',
  `clientes_bloqueados` varchar(150) DEFAULT NULL,
  `puedehacerpedido` int DEFAULT '1',
  UNIQUE KEY `id` (`id`),
  KEY `cc` (`cc`),
  KEY `idusuario` (`idusuario`)
) ENGINE=InnoDB AUTO_INCREMENT=12 DEFAULT CHARSET=utf8mb3;

--
-- Dumping data for table `clientes`
--

INSERT INTO `clientes` (`id`, `primernombre`, `barrio`, `grupo`, `codabajo`, `primerapellido`, `tipodepersona`, `cedula`, `direccion`, `fechadenacimiento`, `celular`, `fechadecreacion`, `ciudad`, `departamento`, `clave`, `rol`, `email`, `telefono`, `edad`, `genero`, `tipodedocumento`, `saldo`, `cc`, `idusuario`, `esproveedor`, `cuantoledebo`, `bolsillo`, `contacto`, `telefonocontacto`, `espersonajuridica`, `enviarcorreo`, `observacion`, `numerocalle`, `puntos`, `esempleado`, `idgrupo`, `descatalogado`, `eps`, `afp`, `codigociudad`, `codigodepartamento`, `codigopostal`, `segundonombre`, `segundoapellido`, `legalidad`, `tipo_identificacion`, `razonsocial`, `nombrecomercial`, `dv`, `sfiscalresponsibilities`, `regimenfiscal`, `expedicioncedula`, `marcavehiculo`, `placavehiculo`, `nacionalidad`, `municipioexpedido`, `departamentoexpedido`, `pv`, `sessionid`, `huella`, `idcargo`, `codigonomina`, `codigozona`, `areanomina`, `idturno`, `idturno2`, `fechainicioturnoactual`, `fechafinturnoactual`, `fechainicioprooximoturno`, `fechaprooximoturno`, `iddomiciliarioyoyo`, `ciudadexpedicioncedula`, `intentosfallidos`, `ipultimoacceso`, `codigoarea`, `pagarextras`, `vencimientolicencia`, `tokendispositivo`, `diacontacto1`, `diacontacto2`, `urlfotocliente`, `sueldomensual`, `auxtransportemensual`, `clasificacion`, `instagram`, `licenciaconduccion`, `nombrereferencia1`, `nombrereferencia2`, `telefonoreferencia1`, `telefonoreferencia2`, `parentescorefererencia2`, `parentesco`, `parentescorefererencia1`, `EDS`, `comensalescliente`, `idtelegram`, `membrecia_hasta`, `idpadre2`, `banco`, `tipodecuenta`, `cuentabancaria`, `urlcedulacliente`, `urlrutcliente`, `urlcamaracliente`, `fecha_expedicion`, `datosvalidados`, `ultimavalidacion`, `cuentainscrita`, `fechaactualizacionrut`, `direccion2`, `direccion3`, `identificadortv`, `origencliente`, `aceptacondiciones`, `fechaaceptacondiciones`, `HTTP_HOST`, `porcentaje_comision_enventa`, `codigomasser`, `rutacualizado`, `tokenfirebase`, `ocupacion`, `origen_cliente`, `proximallamada`, `idpadre`, `responsable`, `campovalor_cliente`, `aplicaretencion`, `clientes_bloqueados`, `puedehacerpedido`) VALUES (1,'SYSTEM','Charco',NULL,NULL,'',0,'','134856780','2006-06-11','134856780','2017-12-20 22:34:05','134856780','QUINDIO','$1$xgEatvV1$Hkc2Q63sQZbuLulxyZLwq1','ADMINISTRADOR',NULL,NULL,0,'MASCULINO','CC',0,1,1,'NO',0,39000,NULL,NULL,1,1,'','2',8,0,0,0,NULL,NULL,'66001','66','0',NULL,NULL,0,'NIT','',NULL,NULL,'',0,NULL,NULL,NULL,NULL,NULL,NULL,'texasburgers','peqkdv633k74mrtrd70n8kcbgf',NULL,0,NULL,'hola',NULL,0,0,NULL,NULL,NULL,NULL,NULL,NULL,0,'45.225.224.36',NULL,_binary '',NULL,NULL,0,0,NULL,0,0,'CLIENTE FINAL',NULL,NULL,NULL,NULL,NULL,NULL,NULL,NULL,NULL,NULL,0,NULL,NULL,0,NULL,NULL,NULL,NULL,NULL,NULL,NULL,0,NULL,0,NULL,NULL,NULL,NULL,'CLIENTES',0,NULL,_binary '\0',0,_binary '\0','NO','dX2vNg4usTUkd41HZbzVm3:APA91bFBGRzQTrh3R-w4NCHfFKkR7V9dvJkKDdIvsPhN02_bEBKOegs6I6paIjMPjecNwpbqNBysGC8eUZE1b1QbNV-6tTuGauVW2lqddYPx8v7OIRSxiT0',NULL,'CON',NULL,0,NULL,'valordeventa',0,NULL,1),(2,'LIBARDO','',NULL,NULL,'',2,'10117768','Cra 14  9-07','2050-12-12','','2022-12-06 06:58:59','PEREIRA','RISARALDA','12cQDaeLVCpC6','ADMINISTRADOR','raulotalvaro@gmail.com','',0,'MASCULINO','CC',0,2,1,'NO',0,0,'CONSUMIDOR FINAL','',0,0,NULL,'2',0,0,0,0,NULL,NULL,'66001','66','660001','','',0,'FN','','',0,'R-99-PN',49,NULL,NULL,NULL,NULL,NULL,NULL,'texasburgers','ck6avf45933i2j3umescsk6l4v',NULL,0,NULL,'hola',NULL,0,0,NULL,NULL,NULL,NULL,NULL,NULL,0,'46.6.213.132',NULL,_binary '\0',NULL,NULL,0,0,NULL,0,0,'CLIENTE FINAL',NULL,NULL,NULL,NULL,NULL,NULL,NULL,NULL,NULL,NULL,0,NULL,NULL,0,NULL,NULL,NULL,NULL,NULL,NULL,NULL,0,NULL,0,NULL,NULL,NULL,NULL,'CLIENTES',0,NULL,_binary '\0',0,_binary '\0','NO','{\"endpoint\":\"https://fcm.googleapis.com/fcm/send/fM_tPAPzgj8:APA91bFdHiizjdm7p0F3BJpYzweb9_vChdeWaru-yTDQ2JrAr1CkyoVlGcv52xxEZ9jvUsXHAGxKsUu4YNqhTpPiz6hq4Lf3wGYKj-IL6eQbl-Jfh0PfOmRhqHwMp2VSr53KyZMeS7AI\",\"expirationTime\":null,\"keys\":{\"p256dh\":\"BJBZ5Tq_PuKfWuKTiwCEz8RJs2gfynvatMK5tO_aCS7wIZlqpaPWWr6MNKh3-qRUeT7uhxtDQz0ncsOtBM89xw8\",\"auth\":\"_O9A41l21O0Lqo6S3XYnnA\"}}',NULL,'CON',NULL,0,NULL,'valordeventa',0,NULL,1),(3,'CONSUMIDOR FINAL',NULL,NULL,NULL,'',2,'222222222222','',NULL,'','2025-07-09 08:10:18','PEREIRA','RISARALDA',NULL,'CLIENTE','','',0,'MASCULINO','CC',0,3,1,'NO',0,0,'','',0,0,NULL,NULL,0,0,0,0,NULL,NULL,'66001','66','660001',NULL,NULL,0,'CC',NULL,NULL,NULL,'R-99-PN',49,NULL,NULL,NULL,NULL,NULL,NULL,'texasburgers',NULL,NULL,0,NULL,NULL,NULL,0,0,NULL,NULL,NULL,NULL,NULL,NULL,0,NULL,NULL,_binary '\0',NULL,NULL,0,0,NULL,0,0,'CLIENTE FINAL',NULL,NULL,NULL,NULL,NULL,NULL,NULL,NULL,NULL,NULL,0,NULL,NULL,0,NULL,NULL,NULL,NULL,NULL,NULL,NULL,0,NULL,0,NULL,NULL,NULL,NULL,'CLIENTES',0,NULL,_binary '\0',0,_binary '\0','NO',NULL,NULL,'CON',NULL,0,NULL,'valordeventa',0,NULL,1),(4,'VENTA DIRECTA',NULL,NULL,NULL,'',2,'VENTADIRECTA','',NULL,'','2025-07-09 08:10:18','PEREIRA','RISARALDA',NULL,'CLIENTE','','',0,'MASCULINO','CC',0,2,1,'NO',0,0,'','',0,0,NULL,NULL,0,0,0,0,NULL,NULL,'66001','66','660001',NULL,NULL,0,'CC',NULL,NULL,NULL,'R-99-PN',49,NULL,NULL,NULL,NULL,NULL,NULL,'texasburgers',NULL,NULL,0,NULL,NULL,NULL,0,0,NULL,NULL,NULL,NULL,NULL,NULL,0,NULL,NULL,_binary '\0',NULL,NULL,0,0,NULL,0,0,'CLIENTE FINAL',NULL,NULL,NULL,NULL,NULL,NULL,NULL,NULL,NULL,NULL,0,NULL,NULL,0,NULL,NULL,NULL,NULL,NULL,NULL,NULL,0,NULL,0,NULL,NULL,NULL,NULL,'CLIENTES',0,NULL,_binary '\0',0,_binary '\0','NO',NULL,NULL,'CON',NULL,0,NULL,'valordeventa',0,NULL,1),(5,'Odaisy',NULL,NULL,NULL,'',2,'58406087','',NULL,'','2025-07-09 10:39:29','PEREIRA','RISARALDA','14JIcyOOIQ3dA','CAJERO (A)','','',0,'MASCULINO','CC',0,2,2,'NO',0,0,'','',0,0,NULL,NULL,0,0,0,0,NULL,NULL,'66001','66','660001',NULL,NULL,0,'CC',NULL,NULL,NULL,'R-99-PN',49,NULL,NULL,NULL,NULL,NULL,NULL,'texasburgers','8ajiksj8l0vvqjni5aj5q5eau7',NULL,0,NULL,NULL,NULL,0,0,NULL,NULL,NULL,NULL,NULL,NULL,0,'152.207.246.20',NULL,_binary '\0',NULL,NULL,0,0,NULL,0,0,'CLIENTE FINAL',NULL,NULL,NULL,NULL,NULL,NULL,NULL,NULL,NULL,NULL,0,NULL,NULL,0,NULL,NULL,NULL,NULL,NULL,NULL,NULL,0,NULL,0,NULL,NULL,NULL,NULL,'CLIENTES',0,NULL,_binary '\0',0,_binary '\0','NO',NULL,NULL,'CON',NULL,0,NULL,'valordeventa',0,NULL,1),(6,'Didier',NULL,NULL,NULL,'',2,'9603063','',NULL,'691034361','2025-07-10 22:02:52','PEREIRA','RISARALDA','','CAJERO (A)','','',0,'MASCULINO','CC',0,2,2,'NO',0,0,'','',0,0,NULL,NULL,0,0,0,1,NULL,NULL,'66001','66','660001',NULL,NULL,0,'CC',NULL,NULL,NULL,'R-99-PN',49,NULL,NULL,NULL,NULL,NULL,NULL,'texasburgers',NULL,NULL,0,NULL,NULL,NULL,0,0,NULL,NULL,NULL,NULL,NULL,NULL,0,NULL,NULL,_binary '\0',NULL,NULL,0,0,NULL,0,0,'CLIENTE FINAL',NULL,NULL,NULL,NULL,NULL,NULL,NULL,NULL,NULL,NULL,0,NULL,NULL,0,NULL,NULL,NULL,NULL,NULL,NULL,NULL,0,NULL,0,NULL,NULL,NULL,NULL,'CLIENTES',0,NULL,_binary '\0',0,_binary '\0','NO',NULL,NULL,'CON',NULL,0,NULL,'valordeventa',0,NULL,1),(8,'Libardo García','Los Pozos',NULL,NULL,'',2,'Y7061699T','Calle Profesor Juan Tadeo Cabrera 12 2B',NULL,'611 78 22 16','2025-07-25 14:26:23','Puerto Del Rosario','RISARALDA',NULL,'CLIENTE','','',0,'MASCULINO','CC',0,0,1,'NO',0,0,'','',0,0,NULL,NULL,0,0,0,0,NULL,NULL,'66001','66','660001',NULL,NULL,0,'CC',NULL,NULL,NULL,'R-99-PN',49,NULL,NULL,NULL,NULL,NULL,NULL,'texasburgers',NULL,NULL,0,NULL,NULL,NULL,0,0,NULL,NULL,NULL,NULL,NULL,NULL,0,NULL,NULL,_binary '\0',NULL,NULL,0,0,NULL,0,0,'CLIENTE FINAL',NULL,NULL,NULL,NULL,NULL,NULL,NULL,NULL,NULL,NULL,0,NULL,NULL,0,NULL,NULL,NULL,NULL,NULL,NULL,NULL,0,NULL,0,NULL,NULL,NULL,NULL,'CLIENTES',0,NULL,_binary '\0',0,_binary '\0','NO','',NULL,'CON',NULL,0,NULL,'valordeventa',0,NULL,1),(9,'Fuertekashmir','Los Pozos',NULL,NULL,'',2,'2474508','Calle Profesor Juan Tadeo Cabrera 12 2B',NULL,'611 78 22 16','2025-07-28 14:14:54','Puerto Del Rosario','RISARALDA','55kjpcjSf8tcA','CAJERO (A)','','',0,'MASCULINO','CC',0,2,2,'NO',0,0,'','',0,0,NULL,NULL,0,0,0,0,NULL,NULL,'66001','66','660001','Faisal',NULL,0,'CC',NULL,NULL,NULL,'R-99-PN',49,NULL,NULL,NULL,NULL,NULL,NULL,'texasburgers','3l8r6k8gk63js1f8n70m8ngd5m',NULL,0,NULL,NULL,NULL,0,0,NULL,NULL,NULL,NULL,NULL,NULL,0,'188.78.104.171',NULL,_binary '\0',NULL,NULL,0,0,NULL,0,0,'CLIENTE FINAL',NULL,NULL,NULL,NULL,NULL,NULL,NULL,NULL,NULL,NULL,0,'8286228437',NULL,0,NULL,NULL,NULL,NULL,NULL,NULL,NULL,0,NULL,0,NULL,NULL,NULL,NULL,'CLIENTES',0,NULL,_binary '\0',0,_binary '\0','NO','',NULL,'CON',NULL,0,NULL,'valordeventa',0,NULL,1),(10,'Libardo García','Los Pozos',NULL,NULL,'',2,'Y7061699T','Calle Profesor Juan Tadeo Cabrera 12 2B',NULL,'611 78 22 16','2025-07-30 17:55:05','Puerto Del Rosario','RISARALDA',NULL,'CLIENTE','','',0,'MASCULINO','CC',0,0,1,'NO',0,0,'','',0,0,NULL,NULL,0,0,0,0,NULL,NULL,'66001','66','660001',NULL,NULL,0,'CC',NULL,NULL,NULL,'R-99-PN',49,NULL,NULL,NULL,NULL,NULL,NULL,'texasburgers',NULL,NULL,0,NULL,NULL,NULL,0,0,NULL,NULL,NULL,NULL,NULL,NULL,0,NULL,NULL,_binary '\0',NULL,NULL,0,0,NULL,0,0,'CLIENTE FINAL',NULL,NULL,NULL,NULL,NULL,NULL,NULL,NULL,NULL,NULL,0,NULL,NULL,0,NULL,NULL,NULL,NULL,NULL,NULL,NULL,0,NULL,0,NULL,NULL,NULL,NULL,'CLIENTES',0,NULL,_binary '\0',0,_binary '\0','NO','',NULL,'CON',NULL,0,NULL,'valordeventa',0,NULL,1),(11,'Libardo García','Los Pozos',NULL,NULL,'',2,'Y7061699T','Calle Profesor Juan Tadeo Cabrera 12 2B',NULL,'611 78 22 16','2025-07-31 04:23:08','Puerto Del Rosario','RISARALDA',NULL,'CLIENTE','','',0,'MASCULINO','CC',0,0,1,'NO',0,0,'','',0,0,NULL,NULL,0,0,0,0,NULL,NULL,'66001','66','660001',NULL,NULL,0,'CC',NULL,NULL,NULL,'R-99-PN',49,NULL,NULL,NULL,NULL,NULL,NULL,'texasburgers',NULL,NULL,0,NULL,NULL,NULL,0,0,NULL,NULL,NULL,NULL,NULL,NULL,0,NULL,NULL,_binary '\0',NULL,NULL,0,0,NULL,0,0,'CLIENTE FINAL',NULL,NULL,NULL,NULL,NULL,NULL,NULL,NULL,NULL,NULL,0,NULL,NULL,0,NULL,NULL,NULL,NULL,NULL,NULL,NULL,0,NULL,0,NULL,NULL,NULL,NULL,'CLIENTES',0,NULL,_binary '\0',0,_binary '\0','NO','',NULL,'CON',NULL,0,NULL,'valordeventa',0,NULL,1);

--
-- Table structure for table `colores`
--

CREATE TABLE `colores` (
  `id` bigint unsigned NOT NULL AUTO_INCREMENT,
  `color` varchar(25) DEFAULT NULL,
  PRIMARY KEY (`id`),
  UNIQUE KEY `id` (`id`),
  UNIQUE KEY `color` (`color`)
) ENGINE=MyISAM AUTO_INCREMENT=34 DEFAULT CHARSET=utf8mb3;

--
-- Dumping data for table `colores`
--

INSERT INTO `colores` (`id`, `color`) VALUES (1,'BLANCO CLARO'),(2,'BLANCO VERDE'),(3,'BLANCO SAL'),(4,'BLANCO'),(5,'SUPER BLANCO '),(6,'BLANCO PERLADO'),(7,'BLANCO MAHLER'),(8,'BLANCO LECHE'),(9,'BLANCO  PERLADO'),(10,'BLANCO NEVADA BICAPA'),(11,'VERDE BLANCO'),(12,'SUPER BLANCO 2'),(13,'VERDE'),(14,'BLANCO NEVADO'),(15,'BLANCO BRILLANTE'),(16,'BLANCO PURO'),(17,'BLANCO CRISTAL'),(18,'BLANCO NEVADO BICAPA'),(19,'BLANCO CERAMICA'),(20,'BLANCO CANDY'),(21,'BLANCO PLATA'),(22,'BLANCO CHERY'),(23,'BLANCO  CERAMICA'),(24,'BLANCO LUNA'),(25,'BLANCO OLIMPICO'),(26,'BLANCO ARTICA'),(27,'BLANCO TITANIO'),(28,'BLANCO GLACIAL'),(29,'BLANCO  ARTICA'),(30,'BLANCO VAINILLA'),(31,'PENDIENTE'),(32,'BLANCO ARTICO'),(33,NULL);

--
-- Table structure for table `componentesarticulos`
--

CREATE TABLE `componentesarticulos` (
  `id` bigint unsigned NOT NULL AUTO_INCREMENT,
  `idarticulo` bigint unsigned NOT NULL,
  `idinsumo` bigint unsigned NOT NULL,
  `cantidad` double NOT NULL DEFAULT '1',
  `cc` bigint unsigned NOT NULL,
  `fechacreacion` datetime NOT NULL DEFAULT CURRENT_TIMESTAMP,
  `idusuario` bigint unsigned NOT NULL DEFAULT '1',
  `tipo` varchar(12) DEFAULT NULL,
  `idpaparapi` int DEFAULT '0',
  `valor` double DEFAULT '0',
  `pv` varchar(25) DEFAULT 'KALDI',
  `idpapaifood` varchar(50) DEFAULT NULL,
  `PRECIOIVA` int DEFAULT '0',
  UNIQUE KEY `id` (`id`),
  KEY `cc` (`cc`),
  KEY `idusuario` (`idusuario`),
  KEY `idinsumo` (`idinsumo`),
  KEY `idarticulo` (`idarticulo`),
  CONSTRAINT `componentesarticulos_ibfk_1` FOREIGN KEY (`idusuario`) REFERENCES `clientes` (`id`),
  CONSTRAINT `componentesarticulos_ibfk_3` FOREIGN KEY (`idinsumo`) REFERENCES `articulos` (`id`),
  CONSTRAINT `componentesarticulos_ibfk_4` FOREIGN KEY (`idarticulo`) REFERENCES `articulos` (`id`)
) ENGINE=InnoDB DEFAULT CHARSET=utf8mb3;

--
-- Dumping data for table `componentesarticulos`
--


--
-- Table structure for table `compras`
--

CREATE TABLE `compras` (
  `id` bigint unsigned NOT NULL AUTO_INCREMENT,
  `idarticulo` bigint unsigned NOT NULL,
  `fecha` datetime NOT NULL DEFAULT CURRENT_TIMESTAMP,
  `cantidad` double NOT NULL DEFAULT '0',
  `valortotal` double NOT NULL DEFAULT '0',
  `valorunitario` double NOT NULL DEFAULT '0',
  `idproveedor` bigint unsigned NOT NULL,
  `fechacreacion` datetime NOT NULL DEFAULT CURRENT_TIMESTAMP,
  `idmayor` bigint unsigned NOT NULL,
  `porcentajeiva` double NOT NULL DEFAULT '0',
  `base` double DEFAULT '0',
  `afectacaja` int NOT NULL DEFAULT '1',
  `iva` double NOT NULL DEFAULT '0',
  `idunidaddemedida` bigint unsigned NOT NULL,
  `valorgramo` double NOT NULL DEFAULT '0',
  `factor` double NOT NULL DEFAULT '0',
  `cc` bigint unsigned NOT NULL,
  `idz` bigint unsigned NOT NULL DEFAULT '1',
  `idusuario` bigint unsigned NOT NULL DEFAULT '1',
  `idcaja` bigint unsigned NOT NULL DEFAULT '1',
  `nd` int DEFAULT '0',
  `compras` int DEFAULT '1',
  `pv` varchar(25) DEFAULT 'KALDI',
  `tipodeiva` varchar(12) DEFAULT NULL,
  `descuento` double DEFAULT '0',
  `porcentajedescuento` double DEFAULT '0',
  `nombreimpuesto` varchar(3) DEFAULT 'IVA',
  `imei` varchar(50) DEFAULT NULL,
  `fechavencecompra` date DEFAULT NULL,
  `descripcionencompra` varchar(100) DEFAULT NULL,
  `ibua` int DEFAULT '0',
  `advalorem` int DEFAULT '0',
  `fletecompra` double DEFAULT '0',
  `proximocostomedio` double DEFAULT '0',
  `p_descuentosinfacturar` double DEFAULT '0',
  PRIMARY KEY (`id`),
  UNIQUE KEY `id` (`id`),
  KEY `idarticulo` (`idarticulo`),
  KEY `idproveedor` (`idproveedor`),
  KEY `idmayor` (`idmayor`),
  KEY `idunidaddemedida` (`idunidaddemedida`),
  KEY `cc` (`cc`),
  KEY `idz` (`idz`),
  KEY `idusuario` (`idusuario`),
  CONSTRAINT `compras_ibfk_4` FOREIGN KEY (`idmayor`) REFERENCES `mayorescompras` (`id`),
  CONSTRAINT `compras_ibfk_6` FOREIGN KEY (`idz`) REFERENCES `z` (`id`),
  CONSTRAINT `compras_ibfk_7` FOREIGN KEY (`idusuario`) REFERENCES `clientes` (`id`)
) ENGINE=InnoDB DEFAULT CHARSET=utf8mb3;

--
-- Dumping data for table `compras`
--


--
-- Table structure for table `comprasauxiliar`
--

CREATE TABLE `comprasauxiliar` (
  `id` bigint unsigned NOT NULL AUTO_INCREMENT,
  `idarticulo` bigint unsigned NOT NULL,
  `fecha` datetime NOT NULL DEFAULT CURRENT_TIMESTAMP,
  `cantidad` double NOT NULL DEFAULT '0',
  `valortotal` double NOT NULL DEFAULT '0',
  `valorunitario` double NOT NULL DEFAULT '0',
  `idproveedor` bigint unsigned NOT NULL,
  `fechacreacion` datetime NOT NULL DEFAULT CURRENT_TIMESTAMP,
  `idmayor` bigint unsigned NOT NULL,
  `porcentajeiva` double NOT NULL DEFAULT '0',
  `base` double DEFAULT '0',
  `iva` double NOT NULL DEFAULT '0',
  `idunidaddemedida` bigint unsigned NOT NULL,
  `valorgramo` double NOT NULL DEFAULT '0',
  `factor` double NOT NULL DEFAULT '0',
  `cc` bigint unsigned NOT NULL,
  `idz` bigint unsigned NOT NULL DEFAULT '1',
  `idusuario` bigint unsigned NOT NULL DEFAULT '1',
  `idcaja` bigint unsigned NOT NULL DEFAULT '1',
  `pv` varchar(25) DEFAULT 'KALDI',
  `descuento` double DEFAULT '0',
  `porcentajedescuento` double DEFAULT '0',
  `tipodeiva` varchar(12) DEFAULT NULL,
  `nombreimpuesto` varchar(3) DEFAULT 'IVA',
  `imei` varchar(50) DEFAULT NULL,
  `fechavencecompra` date DEFAULT NULL,
  `ibua` int DEFAULT '0',
  `advalorem` int DEFAULT '0',
  `costomedioaux` double DEFAULT '0',
  `fleteaux` double DEFAULT '0',
  `proximocostomedio` double DEFAULT '0',
  `p_descuentosinfacturar` double DEFAULT '0',
  PRIMARY KEY (`id`),
  UNIQUE KEY `id` (`id`)
) ENGINE=InnoDB AUTO_INCREMENT=103 DEFAULT CHARSET=utf8mb3;

--
-- Dumping data for table `comprasauxiliar`
--

INSERT INTO `comprasauxiliar` (`id`, `idarticulo`, `fecha`, `cantidad`, `valortotal`, `valorunitario`, `idproveedor`, `fechacreacion`, `idmayor`, `porcentajeiva`, `base`, `iva`, `idunidaddemedida`, `valorgramo`, `factor`, `cc`, `idz`, `idusuario`, `idcaja`, `pv`, `descuento`, `porcentajedescuento`, `tipodeiva`, `nombreimpuesto`, `imei`, `fechavencecompra`, `ibua`, `advalorem`, `costomedioaux`, `fleteaux`, `proximocostomedio`, `p_descuentosinfacturar`) VALUES (19,76,'2025-04-05 10:05:03',1,0,3,2300,'2025-04-05 10:05:03',15,19,0,0,1,0,1,0,1,2,1,'KALDI',0,0,'INCLUIDO','IVA','','0000-00-00',0,0,0,0,0,0),(20,76,'2025-04-05 10:08:01',1,0,3,2300,'2025-04-05 10:08:01',15,19,0,0,1,0,1,0,1,2,1,'KALDI',0,0,'INCLUIDO','IVA','','0000-00-00',0,0,0,0,0,0),(21,127,'2025-04-05 10:08:10',1,0,3,2300,'2025-04-05 10:08:10',15,19,0,0,1,0,1,0,1,2,1,'KALDI',0.09,3,'SIN INCLUIR','IVA','','0000-00-00',0,0,0,0,0,0),(22,76,'2025-04-05 10:09:06',1,0,2,2300,'2025-04-05 10:09:06',15,19,0,0,1,0,1,0,1,2,1,'KALDI',0.06,3,'INCLUIDO','IVA','','0000-00-00',0,0,0,0,0,0),(23,76,'2025-04-05 10:09:11',1,0,2,2300,'2025-04-05 10:09:11',15,19,0,0,1,0,1,0,1,2,1,'KALDI',0.06,3,'INCLUIDO','IVA','','0000-00-00',0,0,0,0,0,0),(24,76,'2025-04-05 10:10:18',1,0.97,1,2300,'2025-04-05 10:10:18',15,19,0.8151260504201681,0.15487394957983194,1,0.97,1,0,1,2,1,'KALDI',0.03,3,'INCLUIDO','IVA','','0000-00-00',0,0,0,0,98.6229071804703,0),(25,1786,'2025-04-07 05:27:33',2,159224.793,79612.3965,325,'2025-04-07 05:27:33',3730,5,151642.66,7582.133000000001,1,79612.3965,1,0,1,2,1,'KALDI',0,0,'INCLUIDO','IVA','','0000-00-00',0,0,0,0,0,0),(26,2153,'2025-04-07 05:27:33',1,331094.1795,331094.1795,325,'2025-04-07 05:27:33',3730,5,315327.79000000004,15766.389500000001,1,331094.1795,1,0,1,2,1,'KALDI',0,0,'INCLUIDO','IVA','','0000-00-00',0,0,0,0,0,0),(27,1798,'2025-04-07 05:27:33',2,228688.572,114344.286,325,'2025-04-07 05:27:33',3730,5,217798.63999999998,10889.931999999999,1,114344.286,1,0,1,2,1,'KALDI',0,0,'INCLUIDO','IVA','','0000-00-00',0,0,0,0,0,0),(28,2859,'2025-04-07 05:27:33',3,339673.69800000003,113224.566,325,'2025-04-07 05:27:33',3730,5,323498.76,16174.938,1,113224.566,1,0,1,2,1,'KALDI',0,0,'INCLUIDO','IVA','','0000-00-00',0,0,0,0,0,0),(29,2716,'2025-04-07 05:27:33',6,160164,26694,325,'2025-04-07 05:27:33',3730,0,160164,0,1,26694,1,0,1,2,1,'KALDI',0,0,'INCLUIDO','IVA','','0000-00-00',0,0,0,0,0,0),(30,985,'2025-04-07 05:27:33',6,484123.19999999995,80687.2,325,'2025-04-07 05:27:33',3730,0,484123.19999999995,0,1,80687.2,1,0,1,2,1,'KALDI',0,0,'INCLUIDO','IVA','','0000-00-00',0,0,0,0,0,0),(31,2582,'2025-04-07 05:27:33',2,88823.53,44411.765,325,'2025-04-07 05:27:33',3730,0,88823.53,0,1,44411.765,1,0,1,2,1,'KALDI',0,0,'INCLUIDO','IVA','','0000-00-00',0,0,0,0,0,0),(32,2516,'2025-04-07 05:27:33',1,72166.5,72166.5,325,'2025-04-07 05:27:33',3730,5,68730,3436.5,1,72166.5,1,0,1,2,1,'KALDI',0,0,'INCLUIDO','IVA','','0000-00-00',0,0,0,0,0,0),(33,2334,'2025-04-07 05:27:33',6,349411.74,58235.29,325,'2025-04-07 05:27:33',3730,0,349411.74,0,1,58235.29,1,0,1,2,1,'KALDI',0,0,'INCLUIDO','IVA','','0000-00-00',0,0,0,0,0,0),(34,982,'2025-04-07 05:27:33',8,569384.64,71173.08,325,'2025-04-07 05:27:33',3730,0,569384.64,0,1,71173.08,1,0,1,2,1,'KALDI',0,0,'INCLUIDO','IVA','','0000-00-00',0,0,0,0,0,0),(35,2335,'2025-04-07 05:27:33',1,91344.54,91344.54,325,'2025-04-07 05:27:33',3730,0,91344.54,0,1,91344.54,1,0,1,2,1,'KALDI',0,0,'INCLUIDO','IVA','','0000-00-00',0,0,0,0,0,0),(36,2855,'2025-04-07 05:27:33',1,55543.22,55543.22,325,'2025-04-07 05:27:33',3730,0,55543.22,0,1,55543.22,1,0,1,2,1,'KALDI',0,0,'INCLUIDO','IVA','','0000-00-00',0,0,0,0,0,0),(37,1641,'2025-04-07 05:27:33',10,438582.39999999997,43858.24,325,'2025-04-07 05:27:33',3730,0,438582.39999999997,0,1,43858.24,1,0,1,2,1,'KALDI',0,0,'INCLUIDO','IVA','','0000-00-00',0,0,0,0,0,0),(38,2983,'2025-04-07 05:27:33',2,593533.332,296766.666,325,'2025-04-07 05:27:33',3730,5,565269.8400000001,28263.492000000002,1,296766.666,1,0,1,2,1,'KALDI',0,0,'INCLUIDO','IVA','','0000-00-00',0,0,0,0,0,0),(39,978,'2025-04-07 05:27:33',6,181821.54,30303.59,325,'2025-04-07 05:27:33',3730,0,181821.54,0,1,30303.59,1,0,1,2,1,'KALDI',0,0,'INCLUIDO','IVA','','0000-00-00',0,0,0,0,0,0),(40,2524,'2025-04-07 05:27:33',5,230630,46126,325,'2025-04-07 05:27:33',3730,0,230630,0,1,46126,1,0,1,2,1,'KALDI',0,0,'INCLUIDO','IVA','','0000-00-00',0,0,0,0,0,0),(41,1786,'2025-04-07 05:27:38',2,159224.793,79612.3965,325,'2025-04-07 05:27:38',3730,5,151642.66,7582.133000000001,1,79612.3965,1,0,1,2,1,'KALDI',0,0,'INCLUIDO','IVA','','0000-00-00',0,0,0,0,0,0),(42,2153,'2025-04-07 05:27:38',1,331094.1795,331094.1795,325,'2025-04-07 05:27:38',3730,5,315327.79000000004,15766.389500000001,1,331094.1795,1,0,1,2,1,'KALDI',0,0,'INCLUIDO','IVA','','0000-00-00',0,0,0,0,0,0),(43,1798,'2025-04-07 05:27:38',2,228688.572,114344.286,325,'2025-04-07 05:27:38',3730,5,217798.63999999998,10889.931999999999,1,114344.286,1,0,1,2,1,'KALDI',0,0,'INCLUIDO','IVA','','0000-00-00',0,0,0,0,0,0),(44,2859,'2025-04-07 05:27:38',3,339673.69800000003,113224.566,325,'2025-04-07 05:27:38',3730,5,323498.76,16174.938,1,113224.566,1,0,1,2,1,'KALDI',0,0,'INCLUIDO','IVA','','0000-00-00',0,0,0,0,0,0),(45,2716,'2025-04-07 05:27:38',6,160164,26694,325,'2025-04-07 05:27:38',3730,0,160164,0,1,26694,1,0,1,2,1,'KALDI',0,0,'INCLUIDO','IVA','','0000-00-00',0,0,0,0,0,0),(46,985,'2025-04-07 05:27:38',6,484123.19999999995,80687.2,325,'2025-04-07 05:27:38',3730,0,484123.19999999995,0,1,80687.2,1,0,1,2,1,'KALDI',0,0,'INCLUIDO','IVA','','0000-00-00',0,0,0,0,0,0),(47,2582,'2025-04-07 05:27:38',2,88823.53,44411.765,325,'2025-04-07 05:27:38',3730,0,88823.53,0,1,44411.765,1,0,1,2,1,'KALDI',0,0,'INCLUIDO','IVA','','0000-00-00',0,0,0,0,0,0),(48,2516,'2025-04-07 05:27:38',1,72166.5,72166.5,325,'2025-04-07 05:27:38',3730,5,68730,3436.5,1,72166.5,1,0,1,2,1,'KALDI',0,0,'INCLUIDO','IVA','','0000-00-00',0,0,0,0,0,0),(49,2334,'2025-04-07 05:27:38',6,349411.74,58235.29,325,'2025-04-07 05:27:38',3730,0,349411.74,0,1,58235.29,1,0,1,2,1,'KALDI',0,0,'INCLUIDO','IVA','','0000-00-00',0,0,0,0,0,0),(50,982,'2025-04-07 05:27:38',8,569384.64,71173.08,325,'2025-04-07 05:27:38',3730,0,569384.64,0,1,71173.08,1,0,1,2,1,'KALDI',0,0,'INCLUIDO','IVA','','0000-00-00',0,0,0,0,0,0),(51,2335,'2025-04-07 05:27:38',1,91344.54,91344.54,325,'2025-04-07 05:27:38',3730,0,91344.54,0,1,91344.54,1,0,1,2,1,'KALDI',0,0,'INCLUIDO','IVA','','0000-00-00',0,0,0,0,0,0),(52,2855,'2025-04-07 05:27:38',1,55543.22,55543.22,325,'2025-04-07 05:27:38',3730,0,55543.22,0,1,55543.22,1,0,1,2,1,'KALDI',0,0,'INCLUIDO','IVA','','0000-00-00',0,0,0,0,0,0),(53,1641,'2025-04-07 05:27:38',10,438582.39999999997,43858.24,325,'2025-04-07 05:27:38',3730,0,438582.39999999997,0,1,43858.24,1,0,1,2,1,'KALDI',0,0,'INCLUIDO','IVA','','0000-00-00',0,0,0,0,0,0),(54,2983,'2025-04-07 05:27:38',2,593533.332,296766.666,325,'2025-04-07 05:27:38',3730,5,565269.8400000001,28263.492000000002,1,296766.666,1,0,1,2,1,'KALDI',0,0,'INCLUIDO','IVA','','0000-00-00',0,0,0,0,0,0),(55,978,'2025-04-07 05:27:38',6,181821.54,30303.59,325,'2025-04-07 05:27:38',3730,0,181821.54,0,1,30303.59,1,0,1,2,1,'KALDI',0,0,'INCLUIDO','IVA','','0000-00-00',0,0,0,0,0,0),(56,2524,'2025-04-07 05:27:38',5,230630,46126,325,'2025-04-07 05:27:38',3730,0,230630,0,1,46126,1,0,1,2,1,'KALDI',0,0,'INCLUIDO','IVA','','0000-00-00',0,0,0,0,0,0),(57,1786,'2025-04-07 05:27:50',2,159224.793,79612.3965,325,'2025-04-07 05:27:50',3730,5,151642.66,7582.133000000001,1,79612.3965,1,0,1,2,1,'KALDI',0,0,'INCLUIDO','IVA','','0000-00-00',0,0,0,0,0,0),(58,2153,'2025-04-07 05:27:50',1,331094.1795,331094.1795,325,'2025-04-07 05:27:50',3730,5,315327.79000000004,15766.389500000001,1,331094.1795,1,0,1,2,1,'KALDI',0,0,'INCLUIDO','IVA','','0000-00-00',0,0,0,0,0,0),(59,1798,'2025-04-07 05:27:50',2,228688.572,114344.286,325,'2025-04-07 05:27:50',3730,5,217798.63999999998,10889.931999999999,1,114344.286,1,0,1,2,1,'KALDI',0,0,'INCLUIDO','IVA','','0000-00-00',0,0,0,0,0,0),(60,2859,'2025-04-07 05:27:50',3,339673.69800000003,113224.566,325,'2025-04-07 05:27:50',3730,5,323498.76,16174.938,1,113224.566,1,0,1,2,1,'KALDI',0,0,'INCLUIDO','IVA','','0000-00-00',0,0,0,0,0,0),(61,2716,'2025-04-07 05:27:50',6,160164,26694,325,'2025-04-07 05:27:50',3730,0,160164,0,1,26694,1,0,1,2,1,'KALDI',0,0,'INCLUIDO','IVA','','0000-00-00',0,0,0,0,0,0),(62,985,'2025-04-07 05:27:50',6,484123.19999999995,80687.2,325,'2025-04-07 05:27:50',3730,0,484123.19999999995,0,1,80687.2,1,0,1,2,1,'KALDI',0,0,'INCLUIDO','IVA','','0000-00-00',0,0,0,0,0,0),(63,2582,'2025-04-07 05:27:50',2,88823.53,44411.765,325,'2025-04-07 05:27:50',3730,0,88823.53,0,1,44411.765,1,0,1,2,1,'KALDI',0,0,'INCLUIDO','IVA','','0000-00-00',0,0,0,0,0,0),(64,2516,'2025-04-07 05:27:50',1,72166.5,72166.5,325,'2025-04-07 05:27:50',3730,5,68730,3436.5,1,72166.5,1,0,1,2,1,'KALDI',0,0,'INCLUIDO','IVA','','0000-00-00',0,0,0,0,0,0),(65,2334,'2025-04-07 05:27:50',6,349411.74,58235.29,325,'2025-04-07 05:27:50',3730,0,349411.74,0,1,58235.29,1,0,1,2,1,'KALDI',0,0,'INCLUIDO','IVA','','0000-00-00',0,0,0,0,0,0),(66,982,'2025-04-07 05:27:50',8,569384.64,71173.08,325,'2025-04-07 05:27:50',3730,0,569384.64,0,1,71173.08,1,0,1,2,1,'KALDI',0,0,'INCLUIDO','IVA','','0000-00-00',0,0,0,0,0,0),(67,2335,'2025-04-07 05:27:50',1,91344.54,91344.54,325,'2025-04-07 05:27:50',3730,0,91344.54,0,1,91344.54,1,0,1,2,1,'KALDI',0,0,'INCLUIDO','IVA','','0000-00-00',0,0,0,0,0,0),(68,2855,'2025-04-07 05:27:50',1,55543.22,55543.22,325,'2025-04-07 05:27:50',3730,0,55543.22,0,1,55543.22,1,0,1,2,1,'KALDI',0,0,'INCLUIDO','IVA','','0000-00-00',0,0,0,0,0,0),(69,1641,'2025-04-07 05:27:50',10,438582.39999999997,43858.24,325,'2025-04-07 05:27:50',3730,0,438582.39999999997,0,1,43858.24,1,0,1,2,1,'KALDI',0,0,'INCLUIDO','IVA','','0000-00-00',0,0,0,0,0,0),(70,2983,'2025-04-07 05:27:50',2,593533.332,296766.666,325,'2025-04-07 05:27:50',3730,5,565269.8400000001,28263.492000000002,1,296766.666,1,0,1,2,1,'KALDI',0,0,'INCLUIDO','IVA','','0000-00-00',0,0,0,0,0,0),(71,978,'2025-04-07 05:27:50',6,181821.54,30303.59,325,'2025-04-07 05:27:50',3730,0,181821.54,0,1,30303.59,1,0,1,2,1,'KALDI',0,0,'INCLUIDO','IVA','','0000-00-00',0,0,0,0,0,0),(72,2524,'2025-04-07 05:27:50',5,230630,46126,325,'2025-04-07 05:27:50',3730,0,230630,0,1,46126,1,0,1,2,1,'KALDI',0,0,'INCLUIDO','IVA','','0000-00-00',0,0,0,0,0,0),(73,1786,'2025-04-07 05:28:17',2,159224.793,79612.3965,325,'2025-04-07 05:28:17',3730,5,151642.66,7582.133000000001,1,79612.3965,1,0,1,2,1,'KALDI',0,0,'INCLUIDO','IVA','','0000-00-00',0,0,0,0,0,0),(74,2153,'2025-04-07 05:28:17',1,331094.1795,331094.1795,325,'2025-04-07 05:28:17',3730,5,315327.79000000004,15766.389500000001,1,331094.1795,1,0,1,2,1,'KALDI',0,0,'INCLUIDO','IVA','','0000-00-00',0,0,0,0,0,0),(75,1798,'2025-04-07 05:28:17',2,228688.572,114344.286,325,'2025-04-07 05:28:17',3730,5,217798.63999999998,10889.931999999999,1,114344.286,1,0,1,2,1,'KALDI',0,0,'INCLUIDO','IVA','','0000-00-00',0,0,0,0,0,0),(76,2859,'2025-04-07 05:28:17',3,339673.69800000003,113224.566,325,'2025-04-07 05:28:17',3730,5,323498.76,16174.938,1,113224.566,1,0,1,2,1,'KALDI',0,0,'INCLUIDO','IVA','','0000-00-00',0,0,0,0,0,0),(77,2716,'2025-04-07 05:28:17',6,160164,26694,325,'2025-04-07 05:28:17',3730,0,160164,0,1,26694,1,0,1,2,1,'KALDI',0,0,'INCLUIDO','IVA','','0000-00-00',0,0,0,0,0,0),(78,985,'2025-04-07 05:28:17',6,484123.19999999995,80687.2,325,'2025-04-07 05:28:17',3730,0,484123.19999999995,0,1,80687.2,1,0,1,2,1,'KALDI',0,0,'INCLUIDO','IVA','','0000-00-00',0,0,0,0,0,0),(79,2582,'2025-04-07 05:28:17',2,88823.53,44411.765,325,'2025-04-07 05:28:17',3730,0,88823.53,0,1,44411.765,1,0,1,2,1,'KALDI',0,0,'INCLUIDO','IVA','','0000-00-00',0,0,0,0,0,0),(80,2516,'2025-04-07 05:28:17',1,72166.5,72166.5,325,'2025-04-07 05:28:17',3730,5,68730,3436.5,1,72166.5,1,0,1,2,1,'KALDI',0,0,'INCLUIDO','IVA','','0000-00-00',0,0,0,0,0,0),(81,2334,'2025-04-07 05:28:17',6,349411.74,58235.29,325,'2025-04-07 05:28:17',3730,0,349411.74,0,1,58235.29,1,0,1,2,1,'KALDI',0,0,'INCLUIDO','IVA','','0000-00-00',0,0,0,0,0,0),(82,982,'2025-04-07 05:28:17',8,569384.64,71173.08,325,'2025-04-07 05:28:17',3730,0,569384.64,0,1,71173.08,1,0,1,2,1,'KALDI',0,0,'INCLUIDO','IVA','','0000-00-00',0,0,0,0,0,0),(83,2335,'2025-04-07 05:28:17',1,91344.54,91344.54,325,'2025-04-07 05:28:17',3730,0,91344.54,0,1,91344.54,1,0,1,2,1,'KALDI',0,0,'INCLUIDO','IVA','','0000-00-00',0,0,0,0,0,0),(84,2855,'2025-04-07 05:28:17',1,55543.22,55543.22,325,'2025-04-07 05:28:17',3730,0,55543.22,0,1,55543.22,1,0,1,2,1,'KALDI',0,0,'INCLUIDO','IVA','','0000-00-00',0,0,0,0,0,0),(85,1641,'2025-04-07 05:28:17',10,438582.39999999997,43858.24,325,'2025-04-07 05:28:17',3730,0,438582.39999999997,0,1,43858.24,1,0,1,2,1,'KALDI',0,0,'INCLUIDO','IVA','','0000-00-00',0,0,0,0,0,0),(86,2983,'2025-04-07 05:28:17',2,593533.332,296766.666,325,'2025-04-07 05:28:17',3730,5,565269.8400000001,28263.492000000002,1,296766.666,1,0,1,2,1,'KALDI',0,0,'INCLUIDO','IVA','','0000-00-00',0,0,0,0,0,0),(87,978,'2025-04-07 05:28:17',6,181821.54,30303.59,325,'2025-04-07 05:28:17',3730,0,181821.54,0,1,30303.59,1,0,1,2,1,'KALDI',0,0,'INCLUIDO','IVA','','0000-00-00',0,0,0,0,0,0),(88,2524,'2025-04-07 05:28:17',5,230630,46126,325,'2025-04-07 05:28:17',3730,0,230630,0,1,46126,1,0,1,2,1,'KALDI',0,0,'INCLUIDO','IVA','','0000-00-00',0,0,0,0,0,0),(89,76,'2025-05-05 01:43:32',74,81066.852,1231,2300,'2025-05-04 23:59:59',17,22,66448.2393442623,14618.612655737705,1,1098.498,1,0,1,2,1,'KALDI',135.502,11.007473598700244,'INCLUIDO','IVA','','0000-00-00',1,2,0,0,74.92060092165899,0),(90,154,'2025-05-05 01:43:40',1,2296.14,2343,2300,'2025-05-04 23:59:59',17,19,1929.5294117647059,366.61058823529413,1,2296.14,1,0,1,2,1,'KALDI',46.86,2,'INCLUIDO','IVA','','0000-00-00',0,0,0,0,55689.80699999999,0),(91,127,'2025-05-05 01:43:48',4,16018.923200000001,3434,2300,'2025-05-04 23:59:59',17,19,13461.28,2557.6432,1,4004.7308000000003,1,0,1,2,1,'KALDI',68.68,2,'SIN INCLUIR','IVA','','0000-00-00',0,0,0,0,8246.554358271236,0),(92,143,'2025-05-05 02:32:08',2,842625.42,434343,2300,'2025-05-04 23:59:59',17,0,842625.42,0,1,421312.71,1,0,1,2,1,'KALDI',13030.29,3,'INCLUIDO','IVA','','0000-00-00',0,0,0,0,10117.390638722554,0);

--
-- Table structure for table `comprobantesdenomina`
--

CREATE TABLE `comprobantesdenomina` (
  `id` bigint unsigned NOT NULL AUTO_INCREMENT,
  `fechacreacion` datetime NOT NULL DEFAULT CURRENT_TIMESTAMP,
  `idusuario` bigint unsigned NOT NULL,
  `idcliente` bigint unsigned NOT NULL,
  `consecutivo` int DEFAULT '0',
  `calculadodesde` date DEFAULT NULL,
  `calculadohasta` date DEFAULT NULL,
  `diaslaborados` int DEFAULT '0',
  `ingreso` int DEFAULT '0',
  `deducciones` int DEFAULT '0',
  `valorapgar` int DEFAULT '0',
  `idz` int DEFAULT '0',
  `salario` int DEFAULT '0',
  `mediodepago` varchar(25) DEFAULT NULL,
  `afectacaja` int DEFAULT '0',
  `desde` date DEFAULT NULL,
  `hasta` date DEFAULT NULL,
  `cedula` varchar(15) DEFAULT NULL,
  `nombre` varchar(150) DEFAULT NULL,
  `comisiones` int DEFAULT '0',
  `transporte` int DEFAULT '0',
  `pension` int DEFAULT '0',
  `salud` int DEFAULT '0',
  PRIMARY KEY (`id`),
  UNIQUE KEY `id` (`id`),
  KEY `idusuario` (`idusuario`),
  KEY `idcliente` (`idcliente`),
  CONSTRAINT `comprobantesdenomina_ibfk_2` FOREIGN KEY (`idcliente`) REFERENCES `clientes` (`id`),
  CONSTRAINT `comprobantesdenomina_ibfk_3` FOREIGN KEY (`idusuario`) REFERENCES `clientes` (`id`)
) ENGINE=InnoDB AUTO_INCREMENT=2 DEFAULT CHARSET=latin1;

--
-- Dumping data for table `comprobantesdenomina`
--


--
-- Table structure for table `conceptosgastos`
--

CREATE TABLE `conceptosgastos` (
  `id` bigint unsigned NOT NULL AUTO_INCREMENT,
  `concepto` varchar(200) DEFAULT NULL,
  `cc` bigint unsigned NOT NULL,
  `pv` varchar(25) DEFAULT 'KALDI',
  PRIMARY KEY (`id`),
  UNIQUE KEY `id` (`id`),
  KEY `cc` (`cc`)
) ENGINE=InnoDB AUTO_INCREMENT=15 DEFAULT CHARSET=latin1;

--
-- Dumping data for table `conceptosgastos`
--

INSERT INTO `conceptosgastos` (`id`, `concepto`, `cc`, `pv`) VALUES (13,'ARRENDAMIENTO',1,'KALDI'),(14,'IMPREVISTOS',1,'KALDI');

--
-- Table structure for table `configuracion`
--

CREATE TABLE `configuracion` (
  `id` int NOT NULL AUTO_INCREMENT,
  `clave` varchar(100) COLLATE utf8mb4_general_ci NOT NULL,
  `valor` text COLLATE utf8mb4_general_ci NOT NULL,
  `descripcion` varchar(150) COLLATE utf8mb4_general_ci DEFAULT NULL,
  PRIMARY KEY (`id`)
) ENGINE=InnoDB AUTO_INCREMENT=25 DEFAULT CHARSET=utf8mb4 COLLATE=utf8mb4_general_ci;

--
-- Dumping data for table `configuracion`
--

INSERT INTO `configuracion` (`id`, `clave`, `valor`, `descripcion`) VALUES (16,'Ajustes de inventario','Hay mas unidades en el inventario físico',''),(17,'Ajustes de inventario','Hay menos en el inventario físico',''),(18,'Ajustes de inventario','Se le da de baja por descomposición',''),(19,'Ajustes de inventario','Se le da de baja por mala presentación',''),(20,'Ajustes de inventario','Sale como degustación',''),(21,'Ajustes de inventario','Sale como promoción',''),(22,'Ajustes de inventario','Descontado para cocina',''),(23,'Edición en regularizaciones','Modificando la cantidad','Modificando la cantidad/Agregando la cantidad'),(24,'Descontar inventario en venta','Del módulo de artículos','Del módulo de artículos/Del inventario del vendedor');

--
-- Table structure for table `configuracionshopify`
--

CREATE TABLE `configuracionshopify` (
  `id` bigint unsigned NOT NULL AUTO_INCREMENT,
  `COD_SATELITE` varchar(25) DEFAULT NULL,
  `endpoint1` varchar(200) DEFAULT NULL,
  `endpoint2` varchar(200) DEFAULT NULL,
  `audience` varchar(100) DEFAULT NULL,
  `token1` varchar(200) DEFAULT NULL,
  `token2` varchar(200) DEFAULT NULL,
  `urltoken` varchar(100) DEFAULT NULL,
  `urlmenu` varchar(200) DEFAULT NULL,
  `storeId` varchar(50) NOT NULL,
  `urlactivaciones` varchar(200) DEFAULT NULL,
  `taken` varchar(150) DEFAULT NULL,
  PRIMARY KEY (`id`),
  UNIQUE KEY `id` (`id`)
) ENGINE=MyISAM DEFAULT CHARSET=utf8mb3;

--
-- Dumping data for table `configuracionshopify`
--


--
-- Table structure for table `configuraciontirilla`
--

CREATE TABLE `configuraciontirilla` (
  `id` bigint unsigned NOT NULL AUTO_INCREMENT,
  `fuentemodificadorescomanda` int DEFAULT '12',
  `fuentelineascomanda` int DEFAULT '12',
  `COD_SATELITE` varchar(50) DEFAULT NULL,
  `user` varchar(200) DEFAULT NULL,
  `fuentedatosempresa` int DEFAULT '0',
  `fuentetitulo` int DEFAULT '0',
  `bdcontroldelcliente` varchar(300) DEFAULT NULL,
  `userbdcontroldelcliente` varchar(50) DEFAULT NULL,
  `quienrecibeelpedido` varchar(50) DEFAULT NULL,
  `dominiodelcliente` varchar(500) DEFAULT NULL COMMENT 'En este campo se buscan los archivos para devolver la configuración de la tirilla y los datos que se eimprimen',
  `rutaquehayparaimprimir` varchar(50) DEFAULT NULL,
  `master` varchar(200) DEFAULT NULL,
  `rutaborrarfactura` varchar(200) DEFAULT NULL,
  `masterparasubirdatosdeinformes` varchar(200) DEFAULT NULL,
  `bdparasubirdatosdeinformes` varchar(50) DEFAULT NULL,
  `tabladondeseeejecutaelprocedimiento` varchar(50) DEFAULT 'tabladondeseeejecutaelprocedimiento',
  `tamanopapel` int NOT NULL DEFAULT '1',
  `fuenteunocomanda` int NOT NULL DEFAULT '12',
  `cantidadletrasunocomanda` int NOT NULL DEFAULT '20',
  `fuentedoscomanda` int NOT NULL DEFAULT '12',
  `cantidadletrasdoscomanda` int NOT NULL DEFAULT '20',
  `fuentetrescomanda` int NOT NULL DEFAULT '10',
  `cantidadletrastrescomanda` int NOT NULL DEFAULT '10',
  `fuenteunofactura` int NOT NULL DEFAULT '12',
  `cantidadletrasunofactura` int NOT NULL DEFAULT '20',
  `fuentedosfactura` int NOT NULL DEFAULT '12',
  `cantidadletrasdosfactura` int NOT NULL DEFAULT '20',
  `fuentetresfactura` int NOT NULL DEFAULT '10',
  `cantidadletrastresfactura` int NOT NULL DEFAULT '10',
  `alergenos` int NOT NULL DEFAULT '0',
  `imprimir` int NOT NULL DEFAULT '1',
  `facturadeconfirmacion` int NOT NULL DEFAULT '0',
  `campoparaelconsecutivo` varchar(15) NOT NULL DEFAULT 'pendiente',
  `tipotirillafactura` varchar(4) DEFAULT 'pdf',
  `formatofechasistema` varchar(10) NOT NULL DEFAULT 'YYYY-MM-dd' COMMENT 'Para integracion, se refiere al idioma del sistema operativo donde corre el programa, sirve para arreglar los insert que tienen fechas que no ingresan en sql server',
  `lineaimpuestos` varchar(20) NOT NULL DEFAULT 'pendiente',
  `TIPOIVAPORDEFECTO` double NOT NULL DEFAULT '0' COMMENT 'Cuando lineaimpuestos es cero se utiliza este codigo para calcular el porcentaje del iva en la columna tipoiva de tiquetslin',
  `codigoenlace` varchar(1) NOT NULL DEFAULT '5',
  `titulotirilla` varchar(100) DEFAULT NULL,
  `nombreimpresora` varchar(100) DEFAULT NULL,
  `codalmacen` varchar(5) DEFAULT NULL,
  `codalmacenfapster` varchar(5) NOT NULL DEFAULT '7' COMMENT '(Integracion) Es el cod que se envía a fapster en la tabla pendientes de dbotaxml en la columna codalmacen ',
  `pagoepayco` int NOT NULL DEFAULT '0',
  `pagodatafono` int DEFAULT '0',
  `pagoqr` int NOT NULL DEFAULT '0',
  `pagoefectivo` int NOT NULL DEFAULT '0',
  `sizetextomediana` int NOT NULL DEFAULT '12',
  `sizetextomediano` int NOT NULL DEFAULT '12',
  `sizelineascomanda` int NOT NULL DEFAULT '12',
  `sizetitulo` int DEFAULT '12',
  `sizetextopequeno` int NOT NULL DEFAULT '12',
  `maxletrasencomanda` int NOT NULL DEFAULT '12',
  `maxletrasenfactura` int NOT NULL DEFAULT '30',
  `bd` varchar(50) DEFAULT NULL,
  `serie` varchar(5) DEFAULT NULL,
  `caja` int NOT NULL DEFAULT '1' COMMENT 'Valor fijo para tiquetscab y remtrasacciones',
  `serieresolucion` varchar(50) DEFAULT NULL,
  `fo` int NOT NULL DEFAULT '0',
  `n` varchar(1) NOT NULL DEFAULT 'B',
  `terminal` varchar(50) DEFAULT NULL,
  `seriedelequipo` varchar(50) DEFAULT NULL,
  `host` varchar(120) NOT NULL DEFAULT 'host',
  `regimen` varchar(50) DEFAULT NULL,
  `comentariotirilla` varchar(1200) DEFAULT NULL,
  `observacionalpie` varchar(500) DEFAULT '.' COMMENT 'Se utiliza para poner el texto sobre el destino de la propina, solo se usa en impresión automática',
  `email` varchar(120) DEFAULT NULL,
  `hasta` int DEFAULT NULL,
  `desde` int DEFAULT NULL,
  `fechainicioresolucion` varchar(20) DEFAULT NULL,
  `resolucioncontrol` varchar(20) DEFAULT NULL,
  `nit` varchar(20) DEFAULT NULL,
  `telefono` varchar(100) DEFAULT NULL,
  `subtitulo` varchar(100) DEFAULT NULL,
  `direccion` varchar(100) DEFAULT NULL,
  `razonsocial` varchar(100) DEFAULT NULL,
  `razonsocialcomanda` varchar(100) DEFAULT NULL,
  `numfacturaescero` int NOT NULL DEFAULT '0',
  `seimprimrecomandaconlafactura` int NOT NULL DEFAULT '1',
  `direccionparapush` text COMMENT 'Esta dirección se utiliza para enviar notificaciones al computador del cliente cuando el java se desconecta',
  `direccionservidorqueescucha` varchar(50) DEFAULT NULL,
  `tabla` varchar(25) DEFAULT NULL COMMENT 'Este es el nombre de la tabla donde se guardan las facturas de pendientes por imprimir',
  `imprimirfacturadoble` int NOT NULL DEFAULT '0',
  `fuentelineasfactura` int DEFAULT '14',
  `imprimirprecuentaconservicio` int NOT NULL DEFAULT '1' COMMENT '1 para que la precuenta imprima con la propina, 0 para que no lo haga',
  `pv` varchar(25) DEFAULT NULL,
  `fuentetitulop` int DEFAULT '12',
  `fuentedatosempresap` int DEFAULT '12',
  `fuentelineascomandap` int DEFAULT '12',
  `fuentemodificadorescomandap` int DEFAULT '12',
  `fuentetotalesp` int DEFAULT '16',
  `fuentehoracomanda` int DEFAULT '12',
  PRIMARY KEY (`id`),
  UNIQUE KEY `id` (`id`),
  UNIQUE KEY `COD_SATELITE` (`COD_SATELITE`)
) ENGINE=MyISAM AUTO_INCREMENT=3 DEFAULT CHARSET=latin1;

--
-- Dumping data for table `configuraciontirilla`
--

INSERT INTO `configuraciontirilla` (`id`, `fuentemodificadorescomanda`, `fuentelineascomanda`, `COD_SATELITE`, `user`, `fuentedatosempresa`, `fuentetitulo`, `bdcontroldelcliente`, `userbdcontroldelcliente`, `quienrecibeelpedido`, `dominiodelcliente`, `rutaquehayparaimprimir`, `master`, `rutaborrarfactura`, `masterparasubirdatosdeinformes`, `bdparasubirdatosdeinformes`, `tabladondeseeejecutaelprocedimiento`, `tamanopapel`, `fuenteunocomanda`, `cantidadletrasunocomanda`, `fuentedoscomanda`, `cantidadletrasdoscomanda`, `fuentetrescomanda`, `cantidadletrastrescomanda`, `fuenteunofactura`, `cantidadletrasunofactura`, `fuentedosfactura`, `cantidadletrasdosfactura`, `fuentetresfactura`, `cantidadletrastresfactura`, `alergenos`, `imprimir`, `facturadeconfirmacion`, `campoparaelconsecutivo`, `tipotirillafactura`, `formatofechasistema`, `lineaimpuestos`, `TIPOIVAPORDEFECTO`, `codigoenlace`, `titulotirilla`, `nombreimpresora`, `codalmacen`, `codalmacenfapster`, `pagoepayco`, `pagodatafono`, `pagoqr`, `pagoefectivo`, `sizetextomediana`, `sizetextomediano`, `sizelineascomanda`, `sizetitulo`, `sizetextopequeno`, `maxletrasencomanda`, `maxletrasenfactura`, `bd`, `serie`, `caja`, `serieresolucion`, `fo`, `n`, `terminal`, `seriedelequipo`, `host`, `regimen`, `comentariotirilla`, `observacionalpie`, `email`, `hasta`, `desde`, `fechainicioresolucion`, `resolucioncontrol`, `nit`, `telefono`, `subtitulo`, `direccion`, `razonsocial`, `razonsocialcomanda`, `numfacturaescero`, `seimprimrecomandaconlafactura`, `direccionparapush`, `direccionservidorqueescucha`, `tabla`, `imprimirfacturadoble`, `fuentelineasfactura`, `imprimirprecuentaconservicio`, `pv`, `fuentetitulop`, `fuentedatosempresap`, `fuentelineascomandap`, `fuentemodificadorescomandap`, `fuentetotalesp`, `fuentehoracomanda`) VALUES (2,12,12,NULL,NULL,0,0,NULL,NULL,NULL,NULL,NULL,NULL,NULL,NULL,NULL,'tabladondeseeejecutaelprocedimiento',80,12,20,12,20,10,10,12,20,12,20,10,10,0,1,0,'pendiente','html','YYYY-MM-dd','pendiente',0,'5',NULL,NULL,NULL,'7',0,0,0,0,12,12,12,12,12,12,30,NULL,NULL,1,NULL,0,'B',NULL,NULL,'host',NULL,NULL,'.',NULL,NULL,NULL,NULL,NULL,NULL,NULL,NULL,NULL,NULL,NULL,0,1,NULL,NULL,NULL,0,14,1,NULL,12,12,12,12,16,12);

--
-- Table structure for table `consecutivos`
--

CREATE TABLE `consecutivos` (
  `id` bigint unsigned NOT NULL AUTO_INCREMENT,
  `consecutivo` bigint NOT NULL DEFAULT '1',
  `cc` bigint unsigned NOT NULL,
  `fechacreacion` datetime NOT NULL DEFAULT CURRENT_TIMESTAMP,
  `tipo` varchar(50) NOT NULL DEFAULT 'VENTAS',
  `idusuario` bigint unsigned NOT NULL DEFAULT '1',
  `pv` varchar(25) DEFAULT 'KALDI',
  UNIQUE KEY `id` (`id`),
  KEY `cc` (`cc`),
  KEY `idusuario` (`idusuario`)
) ENGINE=InnoDB AUTO_INCREMENT=44 DEFAULT CHARSET=utf8mb3;

--
-- Dumping data for table `consecutivos`
--

INSERT INTO `consecutivos` (`id`, `consecutivo`, `cc`, `fechacreacion`, `tipo`, `idusuario`, `pv`) VALUES (1,57,1,'2020-12-24 19:28:24','VENTAS',1,'KALDI'),(2,73596,2,'2020-12-24 19:28:24','VENTAS',1,'KALDI'),(3,980,1,'2020-12-24 19:28:24','Z',1,'KALDI'),(4,4,2,'2020-12-24 19:28:24','Z',1,'KALDI'),(5,181,1,'2020-12-24 19:28:24','ABONOS',1,'KALDI'),(6,181,2,'2020-12-24 19:28:24','ABONOS',1,'KALDI'),(7,1,1,'2020-12-24 19:28:24','NOTASCREDITO',1,'KALDI'),(8,1,2,'2020-12-24 19:28:24','NOTASCREDITO',1,'KALDI'),(9,1,1,'2020-12-24 19:28:24','NOTASDEBITO',1,'KALDI'),(10,1,2,'2020-12-24 19:28:24','NOTASDEBITO',1,'KALDI'),(11,1,1,'2020-12-24 19:28:24','CORTESIAS',1,'KALDI'),(12,1,2,'2020-12-24 19:28:24','CORTESIAS',1,'KALDI'),(13,2,1,'2020-12-24 19:28:24','COMPROBANTE DE EGRESOS',1,'KALDI'),(14,4,2,'2020-12-24 19:28:24','COMPROBANTE DE EGRESOS',1,'KALDI'),(15,1,1,'2020-12-24 19:28:24','SEPARADOS',1,'KALDI'),(16,1,2,'2020-12-24 19:28:24','SEPARADOS',1,'KALDI'),(17,1,1,'2020-12-24 19:28:24','PRODUCCION',1,'KALDI'),(18,2,2,'2020-12-24 19:28:24','PRODUCCION',1,'KALDI'),(19,1,2,'2020-12-24 19:28:24','SOLICITUDES',1,'KALDI'),(20,1,2,'2020-12-24 19:28:24','SOLICITUDES',1,'KALDI'),(21,16,1,'2021-04-04 18:41:42','BAJAS',1,'KALDI'),(22,16,2,'2021-04-04 18:41:52','BAJAS',1,'KALDI'),(23,1,2,'2021-08-31 05:13:46','ABONOS PRESTAMOS',1,'KALDI'),(24,1,2,'2021-09-02 21:51:07','ABONOS SEPARADOS',1,'KALDI'),(25,1,2,'2021-10-09 01:38:11','RecepcionEquipo',1,'KALDI'),(26,1,2,'2022-01-16 08:30:58','TRASLADOS',1,'KALDI'),(27,1,2,'2022-01-24 12:25:47','PrecuentaCallcenter',1,'KALDI'),(28,1,2,'2022-02-04 19:54:59','FICHA DE REGISTRO',1,'KALDI'),(29,10,2,'2022-08-12 19:58:36','DOCUMENTO SOPORTE',1,'KALDI'),(30,1,2,'2023-01-26 09:53:10','DEVOLUCIONES POR PAGAR',1,'KALDI'),(31,1002,2,'2023-02-26 05:14:06','FE',1,'KALDI'),(32,9,2,'2024-01-16 18:29:10','NOTACREDITOFE',1,'KALDI'),(33,1,2,'2024-06-01 17:53:45','POS ELECTRONICO',1,'KALDI'),(34,6,2,'2024-08-13 10:13:50','ANTICIPOS',1,'KALDI'),(35,34,0,'2025-03-13 16:29:02','RECIBO GENERAL',1,'KALDI'),(36,44,0,'2025-03-30 00:31:37','RUTAS',1,'KALDI'),(37,2,0,'2025-05-03 19:57:10','ABONOS COMPRAS',1,'KALDI'),(41,8,0,'2025-05-16 03:33:14','PEDIDOS',1,'KALDI'),(42,3,2,'2025-05-26 13:43:49','FEN',1,'KALDI'),(43,1,0,'2025-06-18 04:23:09','NOMINA',1,'KALDI');

--
-- Table structure for table `consultas`
--

CREATE TABLE `consultas` (
  `id` bigint unsigned NOT NULL AUTO_INCREMENT,
  `consulta` text,
  PRIMARY KEY (`id`),
  UNIQUE KEY `id` (`id`)
) ENGINE=MyISAM DEFAULT CHARSET=utf8mb3;

--
-- Dumping data for table `consultas`
--


--
-- Table structure for table `contable`
--

CREATE TABLE `contable` (
  `id` bigint unsigned NOT NULL AUTO_INCREMENT,
  `fechacreacion` datetime DEFAULT NULL,
  `idfactura` bigint unsigned NOT NULL,
  `idusuario` bigint unsigned NOT NULL,
  `idcliente` bigint unsigned NOT NULL,
  `cuenta` varchar(8) DEFAULT NULL,
  `debito` decimal(11,2) DEFAULT '0.00',
  `credito` decimal(11,2) DEFAULT '0.00',
  `descripcioncuenta` varchar(25) DEFAULT NULL,
  `tipo` varchar(25) DEFAULT NULL,
  UNIQUE KEY `id` (`id`),
  KEY `idusuario` (`idusuario`),
  KEY `idfactura` (`idfactura`),
  KEY `contable_ibfk_3` (`idcliente`),
  CONSTRAINT `contable_ibfk_1` FOREIGN KEY (`idusuario`) REFERENCES `clientes` (`id`),
  CONSTRAINT `contable_ibfk_2` FOREIGN KEY (`idfactura`) REFERENCES `facturas` (`id`),
  CONSTRAINT `contable_ibfk_3` FOREIGN KEY (`idcliente`) REFERENCES `clientes` (`id`)
) ENGINE=InnoDB DEFAULT CHARSET=utf8mb3;

--
-- Dumping data for table `contable`
--


--
-- Table structure for table `conteodiario`
--

CREATE TABLE `conteodiario` (
  `id` bigint unsigned NOT NULL AUTO_INCREMENT,
  `idarticulo` bigint unsigned NOT NULL,
  `descripcion` varchar(100) NOT NULL DEFAULT '',
  `cantidad` double NOT NULL DEFAULT '0',
  `mes` int NOT NULL,
  `ano` int NOT NULL,
  `costomedio` double NOT NULL,
  `idusuario` bigint unsigned NOT NULL,
  `cc` bigint unsigned NOT NULL,
  `fechacracion` datetime NOT NULL DEFAULT CURRENT_TIMESTAMP,
  `fisico` double NOT NULL DEFAULT '0',
  `idmayor` bigint unsigned NOT NULL DEFAULT '0',
  `fecha` date DEFAULT NULL,
  PRIMARY KEY (`id`),
  UNIQUE KEY `id` (`id`),
  KEY `idusuario` (`idusuario`),
  KEY `idmayor` (`idusuario`),
  KEY `idarticulo` (`idarticulo`),
  KEY `idmayor_2` (`idmayor`),
  CONSTRAINT `conteodiario_ibfk_1` FOREIGN KEY (`idmayor`) REFERENCES `mayoresconteodiario` (`id`) ON DELETE CASCADE ON UPDATE CASCADE
) ENGINE=InnoDB DEFAULT CHARSET=utf8mb3;

--
-- Dumping data for table `conteodiario`
--


--
-- Table structure for table `cotizaciondereceta`
--

CREATE TABLE `cotizaciondereceta` (
  `idarticulo` int NOT NULL,
  `cantidad` double NOT NULL,
  `idusuario` int NOT NULL,
  `id` bigint unsigned NOT NULL AUTO_INCREMENT,
  `revisado` int NOT NULL DEFAULT '0',
  `pv` varchar(25) DEFAULT 'KALDI',
  PRIMARY KEY (`id`),
  UNIQUE KEY `id` (`id`)
) ENGINE=InnoDB AUTO_INCREMENT=14 DEFAULT CHARSET=utf8mb3;

--
-- Dumping data for table `cotizaciondereceta`
--

INSERT INTO `cotizaciondereceta` (`idarticulo`, `cantidad`, `idusuario`, `id`, `revisado`, `pv`) VALUES (20,1,1,13,1,'KALDI');

--
-- Table structure for table `cotizaciones`
--

CREATE TABLE `cotizaciones` (
  `id` bigint unsigned NOT NULL AUTO_INCREMENT,
  `idmayor` bigint unsigned NOT NULL,
  `consecutivo` int NOT NULL,
  `idarticulo` bigint unsigned NOT NULL,
  `cantidad` int NOT NULL DEFAULT '0',
  `valorunitario` double NOT NULL DEFAULT '0',
  `bruto` double NOT NULL DEFAULT '0',
  `descuento` double NOT NULL DEFAULT '0',
  `valortotal` double NOT NULL DEFAULT '0',
  `fechacreacion` datetime NOT NULL DEFAULT CURRENT_TIMESTAMP,
  `idcliente` bigint unsigned NOT NULL DEFAULT '0',
  `idusuario` bigint unsigned NOT NULL DEFAULT '1',
  `escortesiadeconvenio` int NOT NULL DEFAULT '0',
  `fechaabonado` datetime DEFAULT NULL,
  `descripcion` varchar(25) DEFAULT NULL,
  `porcentajedescuento` double DEFAULT '0',
  `porcentajeiva` decimal(5,2) DEFAULT '0.00',
  `base` double DEFAULT '0',
  `impuesto` double DEFAULT '0',
  `numlinea` text,
  `unidaddemedida` text,
  `talla` varchar(5) DEFAULT NULL,
  PRIMARY KEY (`id`),
  UNIQUE KEY `id` (`id`),
  KEY `idmayor` (`idmayor`),
  KEY `idarticulo` (`idarticulo`),
  KEY `idcliente` (`idcliente`),
  KEY `idusuario` (`idusuario`)
) ENGINE=InnoDB AUTO_INCREMENT=6 DEFAULT CHARSET=utf8mb3;

--
-- Dumping data for table `cotizaciones`
--

INSERT INTO `cotizaciones` (`id`, `idmayor`, `consecutivo`, `idarticulo`, `cantidad`, `valorunitario`, `bruto`, `descuento`, `valortotal`, `fechacreacion`, `idcliente`, `idusuario`, `escortesiadeconvenio`, `fechaabonado`, `descripcion`, `porcentajedescuento`, `porcentajeiva`, `base`, `impuesto`, `numlinea`, `unidaddemedida`, `talla`) VALUES (1,5,0,0,0,7532000,0,0,0,'2025-04-14 17:59:25',0,1,0,NULL,'DISEÑO Y FABRICACIÓN DE M',0,0.00,0,0,'1','gl',NULL),(2,5,0,0,0,5000000,0,0,0,'2025-04-14 17:59:25',0,1,0,NULL,'FABRICACIÓN DE RODILLO SE',0,0.00,0,0,'2','gl',NULL),(3,6,0,0,0,7532000,0,0,0,'2025-04-14 18:37:15',0,1,0,NULL,'DISEÑO Y FABRICACIÓN DE M',0,0.00,0,0,'1','gl',NULL),(4,6,0,0,0,5000000,0,0,0,'2025-04-14 18:37:15',0,1,0,NULL,'FABRICACIÓN DE RODILLO SE',0,0.00,0,0,'2','gl',NULL),(5,6,0,0,0,10000,0,0,0,'2025-04-14 18:37:15',0,1,0,NULL,'as fñalds fañsfljkañsflk',0,0.00,0,0,'3','gl',NULL);

--
-- Table structure for table `cuentadecobro`
--

CREATE TABLE `cuentadecobro` (
  `id` bigint unsigned NOT NULL AUTO_INCREMENT,
  `consecutivo` int NOT NULL DEFAULT '0',
  `idusuario` bigint NOT NULL,
  `fechacreacion` datetime NOT NULL DEFAULT CURRENT_TIMESTAMP,
  `valor` float NOT NULL DEFAULT '0',
  `concepto` text,
  `idcliente` bigint NOT NULL,
  `tipodeventa` varchar(50) NOT NULL,
  PRIMARY KEY (`id`),
  UNIQUE KEY `id` (`id`)
) ENGINE=InnoDB DEFAULT CHARSET=latin1;

--
-- Dumping data for table `cuentadecobro`
--


--
-- Table structure for table `cuentas`
--

CREATE TABLE `cuentas` (
  `id` bigint unsigned NOT NULL AUTO_INCREMENT,
  `tipo` varchar(25) DEFAULT NULL,
  `cuenta` int DEFAULT NULL,
  `Nombre` varchar(25) DEFAULT NULL,
  `fechacreacion` datetime NOT NULL DEFAULT CURRENT_TIMESTAMP,
  `porcentaje` decimal(5,2) DEFAULT NULL,
  PRIMARY KEY (`id`),
  UNIQUE KEY `id` (`id`),
  UNIQUE KEY `tipo` (`tipo`,`porcentaje`)
) ENGINE=MyISAM DEFAULT CHARSET=latin1;

--
-- Dumping data for table `cuentas`
--


--
-- Table structure for table `cupones`
--

CREATE TABLE `cupones` (
  `id` bigint NOT NULL AUTO_INCREMENT,
  `nombre` varchar(30) DEFAULT NULL,
  PRIMARY KEY (`id`)
) ENGINE=InnoDB DEFAULT CHARSET=utf8mb3;

--
-- Dumping data for table `cupones`
--


--
-- Table structure for table `departments`
--

CREATE TABLE `departments` (
  `id` bigint unsigned NOT NULL AUTO_INCREMENT,
  `country_id` bigint unsigned NOT NULL,
  `name` varchar(191) CHARACTER SET utf8mb4 COLLATE utf8mb4_unicode_ci NOT NULL,
  `code` char(191) CHARACTER SET utf8mb4 COLLATE utf8mb4_unicode_ci NOT NULL,
  `created_at` timestamp NULL DEFAULT NULL,
  `updated_at` timestamp NULL DEFAULT NULL,
  PRIMARY KEY (`id`),
  KEY `departments_country_id_foreign` (`country_id`)
) ENGINE=InnoDB AUTO_INCREMENT=34 DEFAULT CHARSET=utf8mb4 COLLATE=utf8mb4_unicode_ci;

--
-- Dumping data for table `departments`
--

INSERT INTO `departments` (`id`, `country_id`, `name`, `code`, `created_at`, `updated_at`) VALUES (1,46,'Amazonas','91','2024-06-21 01:05:20','2024-06-21 01:05:20'),(2,46,'Antioquia','05','2024-06-21 01:05:20','2024-06-21 01:05:20'),(3,46,'Arauca','81','2024-06-21 01:05:20','2024-06-21 01:05:20'),(4,46,'Atlántico','08','2024-06-21 01:05:20','2024-06-21 01:05:20'),(5,46,'Bogotá','11','2024-06-21 01:05:20','2024-06-21 01:05:20'),(6,46,'Bolívar','13','2024-06-21 01:05:20','2024-06-21 01:05:20'),(7,46,'Boyacá','15','2024-06-21 01:05:20','2024-06-21 01:05:20'),(8,46,'Caldas','17','2024-06-21 01:05:20','2024-06-21 01:05:20'),(9,46,'Caquetá','18','2024-06-21 01:05:20','2024-06-21 01:05:20'),(10,46,'Casanare','85','2024-06-21 01:05:20','2024-06-21 01:05:20'),(11,46,'Cauca','19','2024-06-21 01:05:20','2024-06-21 01:05:20'),(12,46,'Cesar','20','2024-06-21 01:05:20','2024-06-21 01:05:20'),(13,46,'Chocó','27','2024-06-21 01:05:20','2024-06-21 01:05:20'),(14,46,'Córdoba','23','2024-06-21 01:05:20','2024-06-21 01:05:20'),(15,46,'Cundinamarca','25','2024-06-21 01:05:20','2024-06-21 01:05:20'),(16,46,'Guainía','94','2024-06-21 01:05:20','2024-06-21 01:05:20'),(17,46,'Guaviare','95','2024-06-21 01:05:20','2024-06-21 01:05:20'),(18,46,'Huila','41','2024-06-21 01:05:20','2024-06-21 01:05:20'),(19,46,'La Guajira','44','2024-06-21 01:05:20','2024-06-21 01:05:20'),(20,46,'Magdalena','47','2024-06-21 01:05:20','2024-06-21 01:05:20'),(21,46,'Meta','50','2024-06-21 01:05:20','2024-06-21 01:05:20'),(22,46,'Nariño','52','2024-06-21 01:05:20','2024-06-21 01:05:20'),(23,46,'Norte de Santander','54','2024-06-21 01:05:20','2024-06-21 01:05:20'),(24,46,'Putumayo','86','2024-06-21 01:05:20','2024-06-21 01:05:20'),(25,46,'Quindío','63','2024-06-21 01:05:20','2024-06-21 01:05:20'),(26,46,'Risaralda','66','2024-06-21 01:05:20','2024-06-21 01:05:20'),(27,46,'San Andrés y Providencia','88','2024-06-21 01:05:20','2024-06-21 01:05:20'),(28,46,'Santander','68','2024-06-21 01:05:20','2024-06-21 01:05:20'),(29,46,'Sucre','70','2024-06-21 01:05:20','2024-06-21 01:05:20'),(30,46,'Tolima','73','2024-06-21 01:05:20','2024-06-21 01:05:20'),(31,46,'Valle del Cauca','76','2024-06-21 01:05:20','2024-06-21 01:05:20'),(32,46,'Vaupés','97','2024-06-21 01:05:20','2024-06-21 01:05:20'),(33,46,'Vichada','99','2024-06-21 01:05:20','2024-06-21 01:05:20');

--
-- Table structure for table `descuentosporgrupo`
--

CREATE TABLE `descuentosporgrupo` (
  `id` bigint unsigned NOT NULL AUTO_INCREMENT,
  `idgrupo` bigint unsigned NOT NULL DEFAULT '1',
  `cc` bigint unsigned NOT NULL DEFAULT '1',
  `porcentaje` int NOT NULL DEFAULT '0',
  `linea` varchar(25) DEFAULT NULL,
  `pv` varchar(25) DEFAULT 'KALDI',
  PRIMARY KEY (`id`),
  UNIQUE KEY `id` (`id`),
  KEY `idgrupo` (`idgrupo`),
  KEY `cc` (`cc`),
  CONSTRAINT `descuentosporgrupo_ibfk_1` FOREIGN KEY (`idgrupo`) REFERENCES `gruposdepersonas` (`id`)
) ENGINE=InnoDB DEFAULT CHARSET=utf8mb3;

--
-- Dumping data for table `descuentosporgrupo`
--


--
-- Table structure for table `descuentosprogramados`
--

CREATE TABLE `descuentosprogramados` (
  `id` int NOT NULL AUTO_INCREMENT,
  `fechacreacion` datetime DEFAULT NULL,
  `idusuario` bigint unsigned NOT NULL,
  `idcliente` bigint unsigned NOT NULL,
  `valor` int DEFAULT NULL,
  `mes` tinyint unsigned DEFAULT NULL,
  `ano` year DEFAULT NULL,
  PRIMARY KEY (`id`),
  UNIQUE KEY `idcliente_2` (`idcliente`,`mes`,`ano`),
  KEY `idusuario` (`idusuario`),
  KEY `idcliente` (`idcliente`)
) ENGINE=InnoDB AUTO_INCREMENT=505 DEFAULT CHARSET=latin1;

--
-- Dumping data for table `descuentosprogramados`
--


--
-- Table structure for table `devolucionesporpagar`
--

CREATE TABLE `devolucionesporpagar` (
  `id` bigint unsigned NOT NULL AUTO_INCREMENT,
  `idfactura` bigint unsigned NOT NULL,
  `consecutivo` int DEFAULT '0',
  `fechacreacion` datetime NOT NULL DEFAULT CURRENT_TIMESTAMP,
  `valor` double NOT NULL DEFAULT '0',
  `idusuario` bigint unsigned NOT NULL DEFAULT '1',
  `pagado` bit(1) DEFAULT b'0',
  `fechapagado` datetime NOT NULL DEFAULT CURRENT_TIMESTAMP,
  `idusuariopaga` bigint unsigned NOT NULL DEFAULT '1',
  `idcliente` bigint unsigned DEFAULT NULL,
  UNIQUE KEY `id` (`id`),
  KEY `idusuario` (`idusuario`),
  KEY `idfactura` (`idfactura`),
  CONSTRAINT `cons_devporpgagar_1` FOREIGN KEY (`idusuario`) REFERENCES `clientes` (`id`),
  CONSTRAINT `cons_devporpgagar_2` FOREIGN KEY (`idfactura`) REFERENCES `facturas` (`id`)
) ENGINE=InnoDB DEFAULT CHARSET=utf8mb3;

--
-- Dumping data for table `devolucionesporpagar`
--


--
-- Table structure for table `direcciones`
--

CREATE TABLE `direcciones` (
  `id` bigint unsigned NOT NULL AUTO_INCREMENT,
  `direccion` varchar(300) DEFAULT NULL,
  `telefono` varchar(15) DEFAULT NULL,
  `idcliente` bigint unsigned NOT NULL,
  `pv` varchar(25) DEFAULT 'KALDI',
  PRIMARY KEY (`id`),
  UNIQUE KEY `id` (`id`),
  UNIQUE KEY `direccion` (`direccion`,`idcliente`),
  KEY `idcliente` (`idcliente`),
  CONSTRAINT `direcciones_ibfk_1` FOREIGN KEY (`idcliente`) REFERENCES `clientes` (`id`)
) ENGINE=InnoDB DEFAULT CHARSET=latin1;

--
-- Dumping data for table `direcciones`
--


--
-- Table structure for table `ediciones`
--

CREATE TABLE `ediciones` (
  `id` bigint unsigned NOT NULL AUTO_INCREMENT,
  `tabla` varchar(300) DEFAULT NULL,
  `tarea` varchar(600) DEFAULT NULL,
  `usuario` varchar(300) DEFAULT NULL,
  `fechacreacion` varchar(300) DEFAULT NULL,
  `antes` varchar(300) DEFAULT NULL,
  `despues` varchar(300) DEFAULT NULL,
  `campo` varchar(150) DEFAULT NULL,
  `idtabla` int DEFAULT NULL,
  PRIMARY KEY (`id`),
  UNIQUE KEY `id` (`id`)
) ENGINE=MyISAM AUTO_INCREMENT=679 DEFAULT CHARSET=latin1;

--
-- Dumping data for table `ediciones`
--

INSERT INTO `ediciones` (`id`, `tabla`, `tarea`, `usuario`, `fechacreacion`, `antes`, `despues`, `campo`, `idtabla`) VALUES (1,'clientes','editar id 2 SOFTWARE   ',' ','2025-07-09 08:10:27','SOFTWARE','LIBARDO','primernombre',NULL),(2,'clientes','editar id 2 LIBARDO   ',' ','2025-07-09 08:10:44','','10117768','cedula',NULL),(3,'clientes','editar id 2 LIBARDO   ',' ','2025-07-09 08:10:48','2EPVhdbrMz0e2','1512','clave',NULL),(4,'permisos','editar id 3463','LIBARDO   ','2025-07-09 10:37:19','2','1','valor',NULL),(5,'clientes','editar id 5    ','LIBARDO   ','2025-07-09 10:39:42','','Odaisy','primernombre',NULL),(6,'clientes','editar id 5 Odaisy   ','LIBARDO   ','2025-07-09 10:39:55','','58406087','cedula',NULL),(7,'clientes','editar id 5 Odaisy   ','LIBARDO   ','2025-07-09 10:40:05','','6087','clave',NULL),(8,'clientes','editar id 5 Odaisy   ','LIBARDO   ','2025-07-09 10:41:38','CLIENTE','CAJERO (A)','rol',NULL),(9,'articulos','editar id 34 ','Odaisy   ','2025-07-09 11:16:57','7','6.50','vrventapublico',34),(10,'articulos','URL de imagen actualizada: https://susoftware.es/imagenes/susoftware.png','Odaisy   ','2025-07-09 11:16:57',NULL,NULL,NULL,34),(11,'permisos','editar id 3221','Odaisy   ','2025-07-09 11:42:21','2','1','valor',NULL),(12,'permisos','editar id 2739','Odaisy   ','2025-07-09 11:42:24','2','1','valor',NULL),(13,'permisos','editar id 2709','Odaisy   ','2025-07-09 11:42:26','2','1','valor',NULL),(14,'permisos','editar id 3453','LIBARDO   ','2025-07-09 11:42:47','2','1','valor',NULL),(15,'permisos','editar id 3261','LIBARDO   ','2025-07-09 11:42:48','2','1','valor',NULL),(16,'permisos','editar id 3683','LIBARDO   ','2025-07-09 11:42:51','2','1','valor',NULL),(17,'permisos','editar id 3683','LIBARDO   ','2025-07-09 11:42:51','1','2','valor',NULL),(18,'permisos','editar id 3683','LIBARDO   ','2025-07-09 11:42:52','2','1','valor',NULL),(19,'permisos','editar id 2329','LIBARDO   ','2025-07-09 11:42:53','2','1','valor',NULL),(20,'permisos','editar id 2329','LIBARDO   ','2025-07-09 11:42:53','1','2','valor',NULL),(21,'permisos','editar id 2374','LIBARDO   ','2025-07-09 11:42:54','2','1','valor',NULL),(22,'permisos','editar id 2329','LIBARDO   ','2025-07-09 11:42:55','2','1','valor',NULL),(23,'permisos','editar id 3166','LIBARDO   ','2025-07-09 11:42:56','2','1','valor',NULL),(24,'permisos','editar id 2309','LIBARDO   ','2025-07-09 11:42:57','2','1','valor',NULL),(25,'permisos','editar id 3291','LIBARDO   ','2025-07-09 11:42:59','2','1','valor',NULL),(26,'permisos','editar id 3281','LIBARDO   ','2025-07-09 11:43:01','2','1','valor',NULL),(27,'permisos','editar id 2062','LIBARDO   ','2025-07-09 11:43:01','2','1','valor',NULL),(28,'permisos','editar id 2464','LIBARDO   ','2025-07-09 11:43:03','2','1','valor',NULL),(29,'permisos','editar id 2196','LIBARDO   ','2025-07-09 11:43:05','2','1','valor',NULL),(30,'permisos','editar id 783','LIBARDO   ','2025-07-09 11:43:08','2','1','valor',NULL),(31,'permisos','editar id 2002','LIBARDO   ','2025-07-09 11:43:09','2','1','valor',NULL),(32,'permisos','editar id 1485','LIBARDO   ','2025-07-09 11:43:12','2','1','valor',NULL),(33,'permisos','editar id 969','LIBARDO   ','2025-07-09 11:43:13','2','1','valor',NULL),(34,'permisos','editar id 3636','LIBARDO   ','2025-07-09 11:43:14','2','1','valor',NULL),(35,'permisos','editar id 3863','LIBARDO   ','2025-07-09 11:43:16','2','1','valor',NULL),(36,'permisos','editar id 3863','LIBARDO   ','2025-07-09 11:43:16','1','2','valor',NULL),(37,'permisos','editar id 2242','LIBARDO   ','2025-07-09 11:43:20','2','1','valor',NULL),(38,'permisos','editar id 2679','LIBARDO   ','2025-07-09 11:43:21','2','1','valor',NULL),(39,'permisos','editar id 2694','LIBARDO   ','2025-07-09 11:43:21','2','1','valor',NULL),(40,'permisos','editar id 506','LIBARDO   ','2025-07-09 11:43:23','2','1','valor',NULL),(41,'permisos','editar id 1529','LIBARDO   ','2025-07-09 11:43:46','2','1','valor',NULL),(42,'permisos','editar id 932','LIBARDO   ','2025-07-09 11:43:51','2','1','valor',NULL),(43,'permisos','editar id 2287','LIBARDO   ','2025-07-09 11:43:52','2','1','valor',NULL),(44,'permisos','editar id 3337','LIBARDO   ','2025-07-09 11:43:55','2','1','valor',NULL),(45,'permisos','editar id 236','LIBARDO   ','2025-07-09 11:43:57','2','1','valor',NULL),(46,'permisos','editar id 3007','LIBARDO   ','2025-07-09 11:43:58','2','1','valor',NULL),(47,'permisos','editar id 2495','LIBARDO   ','2025-07-09 11:44:00','2','1','valor',NULL),(48,'permisos','editar id 1640','LIBARDO   ','2025-07-09 11:44:03','2','1','valor',NULL),(49,'permisos','editar id 232','LIBARDO   ','2025-07-09 11:44:03','2','1','valor',NULL),(50,'permisos','editar id 3096','LIBARDO   ','2025-07-09 11:44:04','2','1','valor',NULL),(51,'permisos','editar id 2298','LIBARDO   ','2025-07-09 11:44:06','2','1','valor',NULL),(52,'permisos','editar id 2344','LIBARDO   ','2025-07-09 11:44:08','2','1','valor',NULL),(53,'permisos','editar id 2155','LIBARDO   ','2025-07-09 11:44:10','2','1','valor',NULL),(54,'permisos','editar id 2155','LIBARDO   ','2025-07-09 11:44:11','1','2','valor',NULL),(55,'permisos','editar id 3843','LIBARDO   ','2025-07-09 11:44:12','2','1','valor',NULL),(56,'permisos','editar id 664','LIBARDO   ','2025-07-09 11:44:14','2','1','valor',NULL),(57,'permisos','editar id 3811','LIBARDO   ','2025-07-09 11:44:18','2','1','valor',NULL),(58,'permisos','editar id 3811','LIBARDO   ','2025-07-09 11:44:18','1','2','valor',NULL),(59,'permisos','editar id 2257','LIBARDO   ','2025-07-09 11:44:19','2','1','valor',NULL),(60,'permisos','editar id 3811','LIBARDO   ','2025-07-09 11:44:22','2','1','valor',NULL),(61,'permisos','editar id 3559','Odaisy   ','2025-07-09 11:44:40','2','1','valor',NULL),(62,'permisos','editar id 3559','Odaisy   ','2025-07-09 11:44:40','1','2','valor',NULL),(63,'permisos','editar id 3577','Odaisy   ','2025-07-09 11:44:41','2','1','valor',NULL),(64,'permisos','editar id 3559','Odaisy   ','2025-07-09 11:44:42','2','1','valor',NULL),(65,'permisos','editar id 3595','Odaisy   ','2025-07-09 11:44:44','2','1','valor',NULL),(66,'permisos','editar id 3613','Odaisy   ','2025-07-09 11:44:48','2','1','valor',NULL),(67,'permisos','editar id 3738','Odaisy   ','2025-07-09 11:44:48','2','1','valor',NULL),(68,'permisos','editar id 3738','Odaisy   ','2025-07-09 11:44:49','1','2','valor',NULL),(69,'permisos','editar id 3738','Odaisy   ','2025-07-09 11:44:50','2','1','valor',NULL),(70,'permisos','editar id 3484','Odaisy   ','2025-07-09 11:44:51','2','1','valor',NULL),(71,'permisos','editar id 3755','Odaisy   ','2025-07-09 11:44:52','2','1','valor',NULL),(72,'permisos','editar id 3426','Odaisy   ','2025-07-09 11:44:54','2','1','valor',NULL),(73,'permisos','editar id 3538','Odaisy   ','2025-07-09 11:44:54','2','1','valor',NULL),(74,'permisos','editar id 1226','Odaisy   ','2025-07-09 11:44:57','2','1','valor',NULL),(75,'permisos','editar id 259','Odaisy   ','2025-07-09 11:44:58','2','1','valor',NULL),(76,'permisos','editar id 3520','Odaisy   ','2025-07-09 11:44:59','2','1','valor',NULL),(77,'permisos','editar id 238','Odaisy   ','2025-07-09 11:45:00','2','1','valor',NULL),(78,'permisos','editar id 255','Odaisy   ','2025-07-09 11:45:02','2','1','valor',NULL),(79,'permisos','editar id 231','Odaisy   ','2025-07-09 11:45:03','2','1','valor',NULL),(80,'permisos','editar id 2047','Odaisy   ','2025-07-09 11:45:03','2','1','valor',NULL),(81,'permisos','editar id 2047','Odaisy   ','2025-07-09 11:45:04','1','2','valor',NULL),(82,'permisos','editar id 737','Odaisy   ','2025-07-09 11:45:05','2','1','valor',NULL),(83,'permisos','editar id 2047','Odaisy   ','2025-07-09 11:45:06','2','1','valor',NULL),(84,'permisos','editar id 2047','Odaisy   ','2025-07-09 11:45:06','1','2','valor',NULL),(85,'permisos','editar id 2047','Odaisy   ','2025-07-09 11:45:07','2','1','valor',NULL),(86,'permisos','editar id 705','Odaisy   ','2025-07-09 11:45:08','2','1','valor',NULL),(87,'permisos','editar id 705','Odaisy   ','2025-07-09 11:45:08','1','2','valor',NULL),(88,'permisos','editar id 640','Odaisy   ','2025-07-09 11:45:09','2','1','valor',NULL),(89,'permisos','editar id 705','Odaisy   ','2025-07-09 11:45:10','2','1','valor',NULL),(90,'permisos','editar id 3501','Odaisy   ','2025-07-09 11:45:11','2','1','valor',NULL),(91,'permisos','editar id 3501','Odaisy   ','2025-07-09 11:45:11','1','2','valor',NULL),(92,'permisos','editar id 3501','Odaisy   ','2025-07-09 11:45:12','2','1','valor',NULL),(93,'permisos','editar id 1214','Odaisy   ','2025-07-09 11:45:15','2','1','valor',NULL),(94,'permisos','editar id 250','Odaisy   ','2025-07-09 11:45:16','2','1','valor',NULL),(95,'permisos','editar id 652','Odaisy   ','2025-07-09 11:45:18','2','1','valor',NULL),(96,'permisos','editar id 604','Odaisy   ','2025-07-09 11:45:19','2','1','valor',NULL),(97,'permisos','editar id 3668','Odaisy   ','2025-07-09 11:45:21','2','1','valor',NULL),(98,'permisos','editar id 920','Odaisy   ','2025-07-09 11:45:23','2','1','valor',NULL),(99,'permisos','editar id 920','Odaisy   ','2025-07-09 11:45:23','1','2','valor',NULL),(100,'permisos','editar id 920','Odaisy   ','2025-07-09 11:45:24','2','1','valor',NULL),(101,'permisos','editar id 1166','Odaisy   ','2025-07-09 11:45:26','2','1','valor',NULL),(102,'permisos','editar id 1166','Odaisy   ','2025-07-09 11:45:26','1','2','valor',NULL),(103,'permisos','editar id 1166','Odaisy   ','2025-07-09 11:45:27','2','1','valor',NULL),(104,'permisos','editar id 676','Odaisy   ','2025-07-09 11:45:28','2','1','valor',NULL),(105,'permisos','editar id 239','Odaisy   ','2025-07-09 11:45:30','2','1','valor',NULL),(106,'permisos','editar id 1404','Odaisy   ','2025-07-09 11:45:31','2','1','valor',NULL),(107,'permisos','editar id 241','Odaisy   ','2025-07-09 11:45:32','2','1','valor',NULL),(108,'permisos','editar id 1363','Odaisy   ','2025-07-09 11:45:33','2','1','valor',NULL),(109,'permisos','editar id 2110','Odaisy   ','2025-07-09 11:45:34','2','1','valor',NULL),(110,'permisos','editar id 628','Odaisy   ','2025-07-09 11:45:35','2','1','valor',NULL),(111,'permisos','editar id 881','Odaisy   ','2025-07-09 11:45:37','2','1','valor',NULL),(112,'permisos','editar id 764','Odaisy   ','2025-07-09 11:45:39','2','1','valor',NULL),(113,'permisos','editar id 2272','Odaisy   ','2025-07-09 11:45:41','2','1','valor',NULL),(114,'permisos','editar id 3366','Odaisy   ','2025-07-09 11:45:42','2','1','valor',NULL),(115,'permisos','editar id 2155','Odaisy   ','2025-07-09 11:45:46','2','1','valor',NULL),(116,'permisos','editar id 1987','Odaisy   ','2025-07-09 11:45:47','2','1','valor',NULL),(117,'estilos','Editar id 1 ','Odaisy   ','2025-07-09 11:50:53',NULL,'.ficha-articulo-img{display:none !important;}','estilo',NULL),(118,'modulos','editar id 206 ','LIBARDO   ','2025-07-09 11:52:24','AdValorem','Creador_web','modulo',NULL),(119,'modulos','editar id 206 ','LIBARDO   ','2025-07-09 11:52:27','Compras','General','grupo',NULL),(120,'modulos','editar id 206 ','LIBARDO   ','2025-07-09 11:52:29','El término Ad Valorem proviene del latín y significa según el valor. Este tipo de impuesto se calcula como un porcentaje sobre el valor de un bien o servicio, se utiliza para impuestos como el predial o el de importación entre otros','','descripcion',NULL),(121,'permisos','editar id 3947','LIBARDO   ','2025-07-09 11:52:43','0','2','valor',NULL),(122,'estilos','Editar id 2 ','LIBARDO   ','2025-07-09 11:53:02','','Creador_web','estilo',NULL),(123,'estilos','Editar id 1 ','LIBARDO   ','2025-07-09 11:53:09','.ficha-articulo-img{display:none !important;}','','estilo',NULL),(124,'estilos','Editar id 2 ','LIBARDO   ','2025-07-09 11:53:10','Creador_web','.ficha-articulo-img{display:none !important;}','estilo',NULL),(125,'estilos','Editar id 2 ','LIBARDO   ','2025-07-09 11:57:50','.ficha-articulo-img{display:none !important;}','.ficha-articulo-img{display:none !important;}\n\n.ficha-articulo {\n    height: 80px !important;  \nmin-height: 80px !important;  \n}','estilo',NULL),(126,'estilos','Editar id 2 ','LIBARDO   ','2025-07-09 11:58:27','.ficha-articulo-img{display:none !important;}\n\n.ficha-articulo {\n    height: 80px !important;  \nmin-height: 80px !important;  \n}','.ficha-articulo-img{display:none !important;}\n\n.ficha-articulo {\n    height: 80px !important;  \nmin-height: 80px !important;  \n}\n.ficha-articulo-titulo{\ncolor:red;\n}','estilo',NULL),(127,'estilos','Editar id 2 ','LIBARDO   ','2025-07-09 12:03:15','.ficha-articulo-img{display:none !important;}\n\n.ficha-articulo {\n    height: 80px !important;  \nmin-height: 80px !important;  \n}\n.ficha-articulo-titulo{\ncolor:red;\n}','.ficha-articulo-img{display:none !important;}\n\n.ficha-articulo {\n    height: 80px !important;  \nmin-height: 80px !important;  \n}\n.ficha-articulo-titulo{\ncolor:red;\n}\n.ficha-articulo-titulo{\n}','estilo',NULL),(128,'estilos','Editar id 2 ','LIBARDO   ','2025-07-09 12:03:34','.ficha-articulo-img{display:none !important;}\n\n.ficha-articulo {\n    height: 80px !important;  \nmin-height: 80px !important;  \n}\n.ficha-articulo-titulo{\ncolor:red;\n}\n.ficha-articulo-titulo{\n}','.ficha-articulo-img{display:none !important;}\n\n.ficha-articulo {\n    height: 80px !important;  \nmin-height: 80px !important;  \n}\n.ficha-articulo-titulo{\ncolor:red;\n}\n.ficha-articulo-titulo{\ncolor:#ff7514;\n}','estilo',NULL),(129,'estilos','Editar id 2 ','LIBARDO   ','2025-07-09 12:03:54','.ficha-articulo-img{display:none !important;}\n\n.ficha-articulo {\n    height: 80px !important;  \nmin-height: 80px !important;  \n}\n.ficha-articulo-titulo{\ncolor:red;\n}\n.ficha-articulo-titulo{\ncolor:#ff7514;\n}','.ficha-articulo-img{display:none !important;}\n\n.ficha-articulo {\n    height: 80px !important;  \nmin-height: 80px !important;  \n}\n.ficha-articulo-titulo{\ncolor:red;\n}\n.ficha-articulo-desc{\ncolor:#ff7514;\n}','estilo',NULL),(130,'seccionespagina','editar id 1 ','LIBARDO   ','2025-07-09 12:06:07','','https://misterwings.control2.com.co/imagenes_comco/1751923389_kebab.jpg','url',1),(131,'estilos','Editar id 2 ','LIBARDO   ','2025-07-09 12:08:40','.ficha-articulo-img{display:none !important;}\n\n.ficha-articulo {\n    height: 80px !important;  \nmin-height: 80px !important;  \n}\n.ficha-articulo-titulo{\ncolor:red;\n}\n.ficha-articulo-desc{\ncolor:#ff7514;\n}','.ficha-articulo-img{display:none !important;}\n\n.ficha-articulo {\n    height: 80px !important;  \nmin-height: 80px !important;  \n}\n.ficha-articulo-titulo{\ncolor:red;\n}\n.ficha-articulo-desc{\ncolor:#ff7514;\n}\n.hero-tienda-logo{\nbackground:none;}','estilo',NULL),(132,'estilos','Editar id 2 ','LIBARDO   ','2025-07-09 12:08:54','.ficha-articulo-img{display:none !important;}\n\n.ficha-articulo {\n    height: 80px !important;  \nmin-height: 80px !important;  \n}\n.ficha-articulo-titulo{\ncolor:red;\n}\n.ficha-articulo-desc{\ncolor:#ff7514;\n}\n.hero-tienda-logo{\nbackground:none;}','.ficha-articulo-img{display:none !important;}\n\n.ficha-articulo {\n    height: 80px !important;  \nmin-height: 80px !important;  \n}\n.ficha-articulo-titulo{\ncolor:red;\n}\n.ficha-articulo-desc{\ncolor:#ff7514;\n}\n.hero-tienda-logo{\nbackground:none !important;\n}','estilo',NULL),(133,'estilos','Editar id 2 ','LIBARDO   ','2025-07-09 12:12:04','.ficha-articulo-img{display:none !important;}\n\n.ficha-articulo {\n    height: 80px !important;  \nmin-height: 80px !important;  \n}\n.ficha-articulo-titulo{\ncolor:red;\n}\n.ficha-articulo-desc{\ncolor:#ff7514;\n}\n.hero-tienda-logo{\nbackground:none !important','.ficha-articulo-img{display:none !important;}\n\n.ficha-articulo {\n    height: 80px !important;  \nmin-height: 80px !important;  \n}\n.ficha-articulo-titulo{\ncolor:red;\n}\n.ficha-articulo-desc{\ncolor:#ff7514;\n}\n.hero-tienda-logo{\nbackground:none !important;\n}\n.hero-tienda-titulo{\ndisplay:none;\n}','estilo',NULL),(134,'grupos_adicionales','editar id 1 ','Odaisy   ','2025-07-09 12:27:12','1000','1001','maximo',1),(135,'grupos_adicionales','editar id 1 ','Odaisy   ','2025-07-09 12:27:14','1001','1000','maximo',1),(136,'grupos_adicionales','editar id 1 ','Odaisy   ','2025-07-09 12:27:16','1000','1001','maximo',1),(137,'grupos_adicionales','editar id 1 ','Odaisy   ','2025-07-09 12:27:22','1001','1000','maximo',1),(138,'adicionales_grupo','Actualización incremento adicional 47 en grupo 1: 10','Odaisy   ','2025-07-09 12:27:27',NULL,NULL,NULL,0),(139,'adicionales_grupo','Actualización incremento adicional 46 en grupo 1: 0.011','Odaisy   ','2025-07-09 12:27:29',NULL,NULL,NULL,0),(140,'adicionales_grupo','Actualización incremento adicional 45 en grupo 1: 10','Odaisy   ','2025-07-09 12:27:31',NULL,NULL,NULL,0),(141,'adicionales_grupo','Actualización incremento adicional 46 en grupo 1: 10.011','Odaisy   ','2025-07-09 12:27:31',NULL,NULL,NULL,0),(142,'adicionales_grupo','Actualización incremento adicional 45 en grupo 1: 6.5','LIBARDO   ','2025-07-09 12:30:18',NULL,NULL,NULL,0),(143,'adicionales_grupo','Actualización incremento adicional 46 en grupo 1: 7.5','LIBARDO   ','2025-07-09 12:30:29',NULL,NULL,NULL,0),(144,'adicionales_grupo','Actualización incremento adicional 47 en grupo 1: 14.5','LIBARDO   ','2025-07-09 12:30:51',NULL,NULL,NULL,0),(145,'adicionales_grupo','Desasignación adicional 3 del grupo 1','LIBARDO   ','2025-07-09 12:39:47',NULL,NULL,NULL,0),(146,'adicionales_grupo','Desasignación adicional 47 del grupo 1','LIBARDO   ','2025-07-09 12:39:48',NULL,NULL,NULL,0),(147,'adicionales_grupo','editar id 5 ','LIBARDO   ','2025-07-09 12:40:47','0.00','14.50','incremento',5),(148,'articulos_grupos','Desasignación grupo 1 del artículo 3','LIBARDO   ','2025-07-09 12:45:01',NULL,NULL,NULL,0),(149,'adicionales_grupo','editar id 6 ','LIBARDO   ','2025-07-09 12:52:07','0.00','8.00','incremento',6),(150,'adicionales_grupo','editar id 7 ','LIBARDO   ','2025-07-09 12:52:16','0.00','9.00','incremento',7),(151,'adicionales_grupo','editar id 8 ','LIBARDO   ','2025-07-09 12:52:30','0.00','15.00','incremento',8),(152,'adicionales_grupo','Desasignación adicional 34 del grupo 5','Odaisy   ','2025-07-09 12:52:41',NULL,NULL,NULL,0),(153,'grupos_adicionales','editar id 1 ','LIBARDO   ','2025-07-09 12:55:55','Escoge a tu Tamaño','TAMAÑOS PIZZA MARGARITA','nombre',1),(154,'grupos_adicionales','editar id 5 ','LIBARDO   ','2025-07-09 12:56:27','Escoge a tu Tamaño 2','Tamaños Pizza Salami','nombre',5),(155,'grupos_adicionales','editar id 1 ','LIBARDO   ','2025-07-09 13:00:45','TAMAÑOS PIZZA MARGARITA','Tamaños Pizza Margarita','nombre',1),(156,'secciones','Edición de sección: Menú Solo','Odaisy   ','2025-07-09 13:09:12',NULL,NULL,NULL,6),(157,'secciones','Edición de sección: Hamburguesas','Odaisy   ','2025-07-09 13:09:18',NULL,NULL,NULL,5),(158,'secciones','Edición de sección: Ensaladas','Odaisy   ','2025-07-09 13:09:25',NULL,NULL,NULL,4),(159,'secciones','Edición de sección: Extras','Odaisy   ','2025-07-09 13:09:38',NULL,NULL,NULL,3),(160,'secciones','Edición de sección: Platos Combinados','Odaisy   ','2025-07-09 13:10:35',NULL,NULL,NULL,2),(161,'secciones','Edición de sección: Pizzas','Odaisy   ','2025-07-09 13:10:49',NULL,NULL,NULL,1),(162,'articulos','editar id 44 ','Odaisy   ','2025-07-09 13:17:29','43','62','orden',44),(163,'articulos','editar id 43 ','Odaisy   ','2025-07-09 13:17:33','42','61','orden',43),(164,'articulos','editar id 42 ','Odaisy   ','2025-07-09 13:17:38','41','60','orden',42),(165,'articulos','editar id 41 ','Odaisy   ','2025-07-09 13:17:44','40','59','orden',41),(166,'articulos','editar id 40 ','Odaisy   ','2025-07-09 13:17:47','39','58','orden',40),(167,'articulos','editar id 39 ','Odaisy   ','2025-07-09 13:17:54','38','57','orden',39),(168,'articulos','editar id 38 ','Odaisy   ','2025-07-09 13:18:01','37','56','orden',38),(169,'articulos','editar id 37 ','Odaisy   ','2025-07-09 13:18:16','36','55','orden',37),(170,'articulos','editar id 36 ','Odaisy   ','2025-07-09 13:18:18','35','54','orden',36),(171,'articulos','editar id 35 ','Odaisy   ','2025-07-09 13:18:20','34','53','orden',35),(172,'articulos','editar id 34 ','Odaisy   ','2025-07-09 13:18:24','33','52','orden',34),(173,'articulos','editar id 33 ','Odaisy   ','2025-07-09 13:18:28','32','51','orden',33),(174,'articulos','editar id 32 ','Odaisy   ','2025-07-09 13:18:35','31','50','orden',32),(175,'articulos','editar id 31 ','Odaisy   ','2025-07-09 13:18:38','30','49','orden',31),(176,'articulos','editar id 30 ','Odaisy   ','2025-07-09 13:18:40','29','48','orden',30),(177,'articulos','editar id 29 ','Odaisy   ','2025-07-09 13:18:43','28','47','orden',29),(178,'articulos','editar id 28 ','Odaisy   ','2025-07-09 13:18:47','27','46','orden',28),(179,'articulos','editar id 27 ','Odaisy   ','2025-07-09 13:18:49','26','45','orden',27),(180,'articulos','editar id 26 ','Odaisy   ','2025-07-09 13:18:52','25','44','orden',26),(181,'articulos','editar id 25 ','Odaisy   ','2025-07-09 13:18:55','24','43','orden',25),(182,'articulos','editar id 24 ','Odaisy   ','2025-07-09 13:18:58','23','42','orden',24),(183,'articulos','editar id 23 ','Odaisy   ','2025-07-09 13:19:01','22','41','orden',23),(184,'articulos','editar id 22 ','Odaisy   ','2025-07-09 13:19:24','21','40','orden',22),(185,'articulos','editar id 21 ','Odaisy   ','2025-07-09 13:19:27','20','39','orden',21),(186,'articulos','editar id 20 ','Odaisy   ','2025-07-09 13:19:30','19','38','orden',20),(187,'articulos','editar id 19 ','Odaisy   ','2025-07-09 13:19:33','18','37','orden',19),(188,'articulos','editar id 18 ','Odaisy   ','2025-07-09 13:19:38','17','36','orden',18),(189,'articulos','editar id 17 ','Odaisy   ','2025-07-09 13:19:45','16','35','orden',17),(190,'articulos','editar id 16 ','Odaisy   ','2025-07-09 13:19:47','15','34','orden',16),(191,'articulos','editar id 15 ','Odaisy   ','2025-07-09 13:19:49','14','33','orden',15),(192,'articulos','editar id 14 ','Odaisy   ','2025-07-09 13:19:52','13','32','orden',14),(193,'articulos','editar id 13 ','Odaisy   ','2025-07-09 13:19:54','12','31','orden',13),(194,'articulos','editar id 12 ','Odaisy   ','2025-07-09 13:19:57','11','30','orden',12),(195,'articulos','editar id 11 ','Odaisy   ','2025-07-09 13:20:04','10','29','orden',11),(196,'articulos','editar id 10 ','Odaisy   ','2025-07-09 13:20:06','9','28','orden',10),(197,'articulos','editar id 9 ','Odaisy   ','2025-07-09 13:20:08','8','27','orden',9),(198,'articulos','editar id 8 ','Odaisy   ','2025-07-09 13:20:12','7','26','orden',8),(199,'articulos','editar id 7 ','Odaisy   ','2025-07-09 13:20:14','6','25','orden',7),(200,'articulos','editar id 6 ','Odaisy   ','2025-07-09 13:20:16','5','24','orden',6),(201,'articulos','editar id 5 ','Odaisy   ','2025-07-09 13:20:18','4','23','orden',5),(202,'articulos','editar id 4 ','Odaisy   ','2025-07-09 13:20:21','3','22','orden',4),(203,'articulos','editar id 3 ','Odaisy   ','2025-07-09 13:20:23','2','21','orden',3),(204,'articulos','editar id 2 ','Odaisy   ','2025-07-09 13:20:37','1','20','orden',2),(205,'articulos','editar id 49 ','Odaisy   ','2025-07-09 13:31:35','1 X Drum o pita, papás fritas y 2 latas','2 X Drum o pita, papás fritas y 2 latas','descripcionlarga',49),(206,'articulos','URL de imagen actualizada: https://susoftware.es/imagenes/susoftware.png','Odaisy   ','2025-07-09 13:31:43',NULL,NULL,NULL,49),(207,'articulos','editar id 55 ','Odaisy   ','2025-07-09 13:40:24','22','22.00','vrventapublico',55),(208,'articulos','URL de imagen actualizada: https://susoftware.es/imagenes/susoftware.png','Odaisy   ','2025-07-09 13:40:25',NULL,NULL,NULL,55),(209,'articulos','editar id 1 ','LIBARDO   ','2025-07-09 14:44:31','1','','tiendavirtual',1),(210,'articulos','editar id 48 ','Odaisy   ','2025-07-09 16:21:46','1 x Drum o pita, papas fritas y lata','1 x Drum o pita, papas fritas y coca cola 330ml','descripcionlarga',48),(211,'articulos','URL de imagen actualizada: https://susoftware.es/imagenes/susoftware.png','Odaisy   ','2025-07-09 16:21:46',NULL,NULL,NULL,48),(212,'articulos','URL de imagen actualizada: https://susoftware.es/imagenes/susoftware.png','Odaisy   ','2025-07-09 16:22:26',NULL,NULL,NULL,49),(213,'articulos','editar id 49 ','Odaisy   ','2025-07-09 16:22:26','2 X Drum o pita, papás fritas y 2 latas','2 X Drum o pita, papás fritas y 2 coca cola 330 ml','descripcionlarga',49),(214,'articulos','editar id 50 ','Odaisy   ','2025-07-09 16:23:40','3 X Drum o pita, papás fritas, botella o 2 latas','3 X Drum o pita, papás fritas y botella 1.5 lt','descripcionlarga',50),(215,'articulos','URL de imagen actualizada: https://susoftware.es/imagenes/susoftware.png','Odaisy   ','2025-07-09 16:23:40',NULL,NULL,NULL,50),(216,'articulos','editar id 51 ','Odaisy   ','2025-07-09 16:24:22','4 X Drum o pita, papas fritas y botella o 2 latas','4 X Drum o pita, papas fritas y botella coca cola 1.5 lt','descripcionlarga',51),(217,'articulos','URL de imagen actualizada: https://susoftware.es/imagenes/susoftware.png','Odaisy   ','2025-07-09 16:24:22',NULL,NULL,NULL,51),(218,'articulos','editar id 50 ','Odaisy   ','2025-07-09 16:24:38','3 X Drum o pita, papás fritas y botella 1.5 lt','3 X Drum o pita, papás fritas y botella coca cola 1.5 lt','descripcionlarga',50),(219,'articulos','URL de imagen actualizada: https://susoftware.es/imagenes/susoftware.png','Odaisy   ','2025-07-09 16:24:38',NULL,NULL,NULL,50),(220,'articulos','URL de imagen actualizada: https://susoftware.es/imagenes/susoftware.png','Odaisy   ','2025-07-09 16:25:19',NULL,NULL,NULL,52),(221,'articulos','editar id 52 ','Odaisy   ','2025-07-09 16:25:19','Hamburguesa, papas fritas y lata','Hamburguesa, papas fritas y coca cola 330ml','descripcionlarga',52),(222,'articulos','editar id 53 ','Odaisy   ','2025-07-09 16:26:01','2 X Hamburguesa, papas fritas y 2 latas','2 X Hamburguesa, papas fritas y 2 coca cola 330ml','descripcionlarga',53),(223,'articulos','URL de imagen actualizada: https://susoftware.es/imagenes/susoftware.png','Odaisy   ','2025-07-09 16:26:01',NULL,NULL,NULL,53),(224,'articulos','editar id 51 ','Odaisy   ','2025-07-09 16:26:19','4 X Drum o pita, papas fritas y botella coca cola 1.5 lt','4 X Drum o pita, papas fritas y coca cola 1.5 lt','descripcionlarga',51),(225,'articulos','URL de imagen actualizada: https://susoftware.es/imagenes/susoftware.png','Odaisy   ','2025-07-09 16:26:19',NULL,NULL,NULL,51),(226,'articulos','editar id 50 ','Odaisy   ','2025-07-09 16:26:32','3 X Drum o pita, papás fritas y botella coca cola 1.5 lt','3 X Drum o pita, papás fritas y coca cola 1.5 lt','descripcionlarga',50),(227,'articulos','URL de imagen actualizada: https://susoftware.es/imagenes/susoftware.png','Odaisy   ','2025-07-09 16:26:32',NULL,NULL,NULL,50),(228,'articulos','editar id 54 ','Odaisy   ','2025-07-09 16:27:08','3 X Hamburguesa, papas fritas y botella','3 X Hamburguesa, papas fritas y coca cola 330ml','descripcionlarga',54),(229,'articulos','URL de imagen actualizada: https://susoftware.es/imagenes/susoftware.png','Odaisy   ','2025-07-09 16:27:11',NULL,NULL,NULL,54),(230,'articulos','editar id 55 ','Odaisy   ','2025-07-09 16:27:25','4 X Hamburguesa, papas fritas y botella','4 X Hamburguesa, papas fritas y coca cola 1.5 lt','descripcionlarga',55),(231,'articulos','URL de imagen actualizada: https://susoftware.es/imagenes/susoftware.png','Odaisy   ','2025-07-09 16:27:25',NULL,NULL,NULL,55),(232,'articulos','editar id 56 ','Odaisy   ','2025-07-09 16:27:42','1 X Pizza Med, papas fritas y lata','1 X Pizza Med, papas fritas y coca cola 330ml','descripcionlarga',56),(233,'articulos','URL de imagen actualizada: https://susoftware.es/imagenes/susoftware.png','Odaisy   ','2025-07-09 16:27:42',NULL,NULL,NULL,56),(234,'articulos','URL de imagen actualizada: https://susoftware.es/imagenes/susoftware.png','Odaisy   ','2025-07-09 16:28:45',NULL,NULL,NULL,57),(235,'articulos','editar id 57 ','Odaisy   ','2025-07-09 16:28:45','2 X Pizza Med, papas fritas y botella','2 X Pizza Med, papas fritas y coca cola 1.5 lt','descripcionlarga',57),(236,'articulos','editar id 58 ','Odaisy   ','2025-07-09 16:29:02','3 X Pizza Med, papas fritas y botella','3 X Pizza Med, papas fritas y coca cola 1.5 lt','descripcionlarga',58),(237,'articulos','URL de imagen actualizada: https://susoftware.es/imagenes/susoftware.png','Odaisy   ','2025-07-09 16:29:02',NULL,NULL,NULL,58),(238,'articulos','editar id 59 ','Odaisy   ','2025-07-09 16:29:19','4 X Pizza Med, papas fritas y botella','4 X Pizza Med, papas fritas y coca cola 1.5 lt','descripcionlarga',59),(239,'articulos','URL de imagen actualizada: https://susoftware.es/imagenes/susoftware.png','Odaisy   ','2025-07-09 16:29:20',NULL,NULL,NULL,59),(240,'articulos','URL de imagen actualizada: https://susoftware.es/imagenes/susoftware.png','Odaisy   ','2025-07-09 16:29:47',NULL,NULL,NULL,59),(241,'articulos','URL de imagen actualizada: https://susoftware.es/imagenes/susoftware.png','Odaisy   ','2025-07-09 16:29:49',NULL,NULL,NULL,59),(242,'articulos','editar id 60 ','Odaisy   ','2025-07-09 16:30:05','1 X Pizza Grande, papas fritas y botella','1 X Pizza Grande, papas fritas y coca cola 1.5 lt','descripcionlarga',60),(243,'articulos','URL de imagen actualizada: https://susoftware.es/imagenes/susoftware.png','Odaisy   ','2025-07-09 16:30:05',NULL,NULL,NULL,60),(244,'articulos','URL de imagen actualizada: https://susoftware.es/imagenes/susoftware.png','Odaisy   ','2025-07-09 16:30:25',NULL,NULL,NULL,61),(245,'articulos','editar id 61 ','Odaisy   ','2025-07-09 16:30:25','2 X Pizza Grande, papas fritas y botella','2 X Pizza Grande, papas fritas y coca cola 1.5 lt','descripcionlarga',61),(246,'articulos','editar id 62 ','Odaisy   ','2025-07-09 16:30:54','1 X Pizza Familiar, papas fritas y botella','1 X Pizza Familiar, papas fritas y coca cola 1.5 lt','descripcionlarga',62),(247,'articulos','URL de imagen actualizada: https://susoftware.es/imagenes/susoftware.png','Odaisy   ','2025-07-09 16:30:54',NULL,NULL,NULL,62),(248,'articulos','editar id 63 ','Odaisy   ','2025-07-09 16:31:20','1 X Pizza Grande, 2 X Kebab, papas fritas y botella o 2 latas','1 X Pizza Grande, 2 X Kebab, papas fritas y coca cola 1.5 lt','descripcionlarga',63),(249,'articulos','URL de imagen actualizada: https://susoftware.es/imagenes/susoftware.png','Odaisy   ','2025-07-09 16:31:20',NULL,NULL,NULL,63),(250,'articulos','URL de imagen actualizada: https://susoftware.es/imagenes/susoftware.png','Odaisy   ','2025-07-09 16:31:49',NULL,NULL,NULL,64),(251,'articulos','editar id 64 ','Odaisy   ','2025-07-09 16:31:49','Pizza grande, kebab, papas fritas y botella','Pizza grande, kebab, papas fritas y coca cola 330ml','descripcionlarga',64),(252,'articulos','editar id 65 ','Odaisy   ','2025-07-09 16:32:21','Pizza grande, kebab, hamburguesa, papas fritas y botella','Pizza grande, kebab, hamburguesa, papas fritas y coca cola 330ml','descripcionlarga',65),(253,'articulos','URL de imagen actualizada: https://susoftware.es/imagenes/susoftware.png','Odaisy   ','2025-07-09 16:32:21',NULL,NULL,NULL,65),(254,'articulos','editar id 64 ','Odaisy   ','2025-07-09 16:32:59','Pizza grande, kebab, papas fritas y coca cola 330ml','Pizza grande, kebab, papas fritas y coca cola 1.5 lt','descripcionlarga',64),(255,'articulos','URL de imagen actualizada: https://susoftware.es/imagenes/susoftware.png','Odaisy   ','2025-07-09 16:32:59',NULL,NULL,NULL,64),(256,'articulos','editar id 54 ','Odaisy   ','2025-07-09 16:35:20','3 X Hamburguesa, papas fritas y coca cola 330ml','3 X Hamburguesa, papas fritas y coca cola 1.5 lt','descripcionlarga',54),(257,'articulos','URL de imagen actualizada: https://susoftware.es/imagenes/susoftware.png','Odaisy   ','2025-07-09 16:35:20',NULL,NULL,NULL,54),(258,'grupos_adicionales','editar id 4 ','LIBARDO   ','2025-07-09 16:44:55','Grande','','nombre',4),(259,'grupos_adicionales','editar id 3 ','LIBARDO   ','2025-07-09 16:44:59','Normal','','nombre',3),(260,'estilos','Editar id 2 ',' ','2025-07-09 16:47:42','.ficha-articulo-img{display:none !important;}\n\n.ficha-articulo {\n    height: 80px !important;  \nmin-height: 80px !important;  \n}\n.ficha-articulo-titulo{\ncolor:red;\n}\n.ficha-articulo-desc{\ncolor:#ff7514;\n}\n.hero-tienda-logo{\nbackground:none !important','.ficha-articulo-img{display:none !important;}\n\n.ficha-articulo {\n    height: 80px !important;  \nmin-height: 80px !important;  \n}\n.ficha-articulo-titulo{\ncolor:#ff7514;\n\n}\n.ficha-articulo-desc{\ncolor:red;\n}\n.hero-tienda-logo{\nbackground:none !important','estilo',NULL),(261,'grupos_adicionales','editar id 2 ','Odaisy   ','2025-07-09 16:50:51','Pequeña','Normal','nombre',2),(262,'grupos_adicionales','editar id 4 ','Odaisy   ','2025-07-09 16:51:04','','Grande','nombre',4),(263,'grupos_adicionales','editar id 3 ','Odaisy   ','2025-07-09 16:51:29','','Familiar','nombre',3),(264,'adicionales_grupo','editar id 10 ','Odaisy   ','2025-07-09 16:55:09','0.00','8.00','incremento',10),(265,'adicionales_grupo','editar id 11 ','Odaisy   ','2025-07-09 16:56:58','0.00','9.00','incremento',11),(266,'articulos','editar id 45 ','LIBARDO   ','2025-07-09 17:07:54','Pequeña','familiar','descripcion',45),(267,'secciones','Edición de sección: tamaños','LIBARDO   ','2025-07-09 17:10:09',NULL,NULL,NULL,7),(268,'articulos','editar id 45 ','LIBARDO   ','2025-07-09 17:12:36','1','','tiendavirtual',45),(269,'articulos','editar id 46 ','LIBARDO   ','2025-07-09 17:13:00','1','','tiendavirtual',46),(270,'articulos','editar id 47 ','LIBARDO   ','2025-07-09 17:13:16','1','','tiendavirtual',47),(271,'estilos','Editar id 2 ',' ','2025-07-09 17:14:27','.ficha-articulo-img{display:none !important;}\n\n.ficha-articulo {\n    height: 80px !important;  \nmin-height: 80px !important;  \n}\n.ficha-articulo-titulo{\ncolor:#ff7514;\n\n}\n.ficha-articulo-desc{\ncolor:red;\n}\n.hero-tienda-logo{\nbackground:none !importan','.ficha-articulo-img{display:none !important;}\n\n.ficha-articulo {\n    height: 80px !important;  \nmin-height: 80px !important;  \n}\n.ficha-articulo-titulo{\ncolor:#ff7514;\n\n}\n.ficha-articulo-desc{\ncolor:red;\nfont-size:14px !important;\n}\n.hero-tienda-logo{\nbackground:none !important','estilo',NULL),(272,'estilos','Editar id 2 ',' ','2025-07-09 17:15:07','.ficha-articulo-img{display:none !important;}\n\n.ficha-articulo {\n    height: 80px !important;  \nmin-height: 80px !important;  \n}\n.ficha-articulo-titulo{\ncolor:#ff7514;\n\n}\n.ficha-articulo-desc{\ncolor:red;\nfont-size:14px !important;\n}\n.hero-tienda-logo','.ficha-articulo-img{display:none !important;}\n\n.ficha-articulo {\n    height: 80px !important;  \nmin-height: 80px !important;  \n}\n.ficha-articulo-titulo{\ncolor:#ff7514;\n\n}\n.ficha-articulo-desc{\ncolor:red;\nfont-size:14px !important;\nfont-weight:bold !important;\n}\n.hero-tienda-logo{\nbackground:none !im','estilo',NULL),(273,'estilos','Editar id 2 ',' ','2025-07-09 17:15:59','.ficha-articulo-img{display:none !important;}\n\n.ficha-articulo {\n    height: 80px !important;  \nmin-height: 80px !important;  \n}\n.ficha-articulo-titulo{\ncolor:#ff7514;\n\n}\n.ficha-articulo-desc{\ncolor:red;\nfont-size:14px !important;\nfont-weight:bold !i','.ficha-articulo-img{display:none !important;}\n\n.ficha-articulo {\n    height: 80px !important;  \nmin-height: 80px !important;  \n}\n.ficha-articulo-titulo{\ncolor:#ff7514;\n\n}\n.ficha-articulo-desc{\ncolor:red;\nfont-size:14px !important;\nfont-weight:bold !important;\n}\n.hero-tienda-logo{\nbackground:none !im','estilo',NULL),(274,'estilos','Editar id 2 ',' ','2025-07-09 17:16:28','.ficha-articulo-img{display:none !important;}\n\n.ficha-articulo {\n    height: 80px !important;  \nmin-height: 80px !important;  \n}\n.ficha-articulo-titulo{\ncolor:#ff7514;\n\n}\n.ficha-articulo-desc{\ncolor:red;\nfont-size:14px !important;\nfont-weight:bold !i','.ficha-articulo-img{display:none !important;}\n\n.ficha-articulo {\n    height: 80px !important;  \nmin-height: 80px !important;  \n} \n.ficha-articulo-titulo{\ncolor:#ff7514;\n\n}\n.ficha-articulo-desc{\ncolor:red;\nfont-size:14px !important;\nfont-weight:bold !important;\n}\n.hero-tienda-logo{\nbackground:none !i','estilo',NULL),(275,'estilos','Editar id 2 ',' ','2025-07-09 17:16:40','.ficha-articulo-img{display:none !important;}\n\n.ficha-articulo {\n    height: 80px !important;  \nmin-height: 80px !important;  \n} \n.ficha-articulo-titulo{\ncolor:#ff7514;\n\n}\n.ficha-articulo-desc{\ncolor:red;\nfont-size:14px !important;\nfont-weight:bold !important;\n}\n.hero-tienda-logo{\nbackground:none !i','.ficha-articulo-img{display:none !important;}\n\n.ficha-articulo {\n    height: 100px !important;  \nmin-height: 100px !important;  \n} \n.ficha-articulo-titulo{\ncolor:#ff7514;\n\n}\n.ficha-articulo-desc{\ncolor:red;\nfont-size:14px !important;\nfont-weight:bold !important;\n}\n.hero-tienda-logo{\nbackground:none ','estilo',NULL),(276,'estilos','Editar id 2 ',' ','2025-07-09 17:16:58','.ficha-articulo-img{display:none !important;}\n\n.ficha-articulo {\n    height: 100px !important;  \nmin-height: 100px !important;  \n} \n.ficha-articulo-titulo{\ncolor:#ff7514;\n\n}\n.ficha-articulo-desc{\ncolor:red;\nfont-size:14px !important;\nfont-weight:bold !important;\n}\n.hero-tienda-logo{\nbackground:none ','.ficha-articulo-img{display:none !important;}\n\n.ficha-articulo {\n    height: 100px !important;  \nmin-height: 100px !important;  \n} \n.ficha-articulo-titulo{\ncolor:#ff7514;\nfont-size:14px !important;\nfont-weight:bold !important;\n}\n.ficha-articulo-desc{\ncolor:red;\nfont-size:14px !important;\nfont-weight','estilo',NULL),(277,'adicionales_grupo','editar id 1 ','LIBARDO   ','2025-07-09 17:28:16','0.00','650.00','incremento',1),(278,'adicionales_grupo','editar id 2 ','LIBARDO   ','2025-07-09 17:28:48','0.00','7.5000','incremento',2),(279,'adicionales_grupo','editar id 2 ','LIBARDO   ','2025-07-09 17:28:59','7.50','7.50','incremento',2),(280,'adicionales_grupo','editar id 3 ','LIBARDO   ','2025-07-09 17:29:38','0.00','14.50','incremento',3),(281,'adicionales_grupo','editar id 1 ','LIBARDO   ','2025-07-09 17:35:38','650.00','6.50','incremento',1),(282,'modulos','editar id 248 ',' ','2025-07-10 02:43:27','','Plano_permisos','modulo',NULL),(283,'modulos','editar id 248 ',' ','2025-07-10 02:43:28',NULL,'asdfasdf','grupo',NULL),(284,'modulos','editar id 248 ',' ','2025-07-10 02:43:35','asdfasdf','General','grupo',NULL),(285,'centrosdecostos','editar id 2 ','LIBARDO   ','2025-07-10 02:55:24','08:00:00','01:00','inijueves',2),(286,'centrosdecostos','editar id 2 ','LIBARDO   ','2025-07-10 02:55:25','08:00:00','01:00','inijueves2',2),(287,'centrosdecostos','editar id 2 ','LIBARDO   ','2025-07-10 02:55:27','08:00:00','02:00','finjueves2',2),(288,'centrosdecostos','editar id 2 ','LIBARDO   ','2025-07-10 02:55:27','02:00:00','23:00','finjueves2',2),(289,'centrosdecostos','editar id 2 ','LIBARDO   ','2025-07-10 02:55:45','01:00:00','08:00','inijueves',2),(290,'centrosdecostos','editar id 2 ','LIBARDO   ','2025-07-10 02:55:47','01:00:00','08:00','inijueves2',2),(291,'centrosdecostos','editar id 2 ','LIBARDO   ','2025-07-10 02:55:49','23:00:00','08:00','finjueves2',2),(292,'adicionales_grupo','editar id 4 ','LIBARDO   ','2025-07-10 20:13:06','0.00','8.00','incremento',4),(293,'adicionales_grupo','editar id 5 ','LIBARDO   ','2025-07-10 20:13:20','0.00','9.00','incremento',5),(294,'adicionales_grupo','editar id 6 ','LIBARDO   ','2025-07-10 20:13:45','0.00','15.00','incremento',6),(295,'articulos_grupos','Desasignación grupo 7 del artículo 3','Odaisy   ','2025-07-10 20:18:01',NULL,NULL,NULL,0),(296,'articulos_grupos','Desasignación grupo 8 del artículo 3',' ','2025-07-10 20:18:22',NULL,NULL,NULL,0),(297,'articulos_grupos','Desasignación grupo 8 del artículo 3',' ','2025-07-10 20:18:51',NULL,NULL,NULL,0),(298,'articulos_grupos','Desasignación grupo 7 del artículo 3','LIBARDO   ','2025-07-10 20:30:49',NULL,NULL,NULL,0),(299,'adicionales_grupo','editar id 9 ','LIBARDO   ','2025-07-10 20:48:37','0.00','15.00','incremento',9),(300,'adicionales_grupo','editar id 8 ','LIBARDO   ','2025-07-10 20:48:52','0.00','9.00','incremento',8),(301,'adicionales_grupo','editar id 7 ','LIBARDO   ','2025-07-10 20:48:59','0.00','8.00','incremento',7),(302,'articulos_grupos','Desasignación grupo 8 del artículo 4','LIBARDO   ','2025-07-10 20:51:39',NULL,NULL,NULL,0),(303,'adicionales_grupo','editar id 12 ','LIBARDO   ','2025-07-10 20:56:22','0.00','15.00','incremento',12),(304,'adicionales_grupo','editar id 11 ','LIBARDO   ','2025-07-10 20:56:37','0.00','9.00','incremento',11),(305,'adicionales_grupo','editar id 10 ','LIBARDO   ','2025-07-10 20:56:44','0.00','8.00','incremento',10),(306,'adicionales_grupo','editar id 13 ','Odaisy   ','2025-07-10 21:48:15','0.00','10.00','incremento',13),(307,'adicionales_grupo','editar id 14 ','Odaisy   ','2025-07-10 21:48:19','0.00','11.00','incremento',14),(308,'adicionales_grupo','editar id 15 ','Odaisy   ','2025-07-10 21:48:32','0.00','15.00','incremento',15),(309,'adicionales_grupo','editar id 16 ','Odaisy   ','2025-07-10 21:57:02','0.00','8.00','incremento',16),(310,'adicionales_grupo','editar id 17 ','Odaisy   ','2025-07-10 21:57:06','0.00','9.00','incremento',17),(311,'adicionales_grupo','editar id 18 ','Odaisy   ','2025-07-10 21:57:14','0.00','15.00','incremento',18),(312,'clientes','editar id 6    ','LIBARDO   ','2025-07-10 22:03:09','','Didier','primernombre',NULL),(313,'clientes','editar id 6 Didier   ','LIBARDO   ','2025-07-10 22:04:14','','9603063','cedula',NULL),(314,'clientes','editar id 6 Didier   ','LIBARDO   ','2025-07-10 22:04:25','CLIENTE','CAJERO (A)','rol',NULL),(315,'clientes','editar id 6 Didier   ','LIBARDO   ','2025-07-10 22:06:11','','691034361','celular',NULL),(316,'clientes','Eliminar id 6Didier   ',' ','2025-07-10 22:17:55','','','',NULL),(317,'adicionales_grupo','editar id 19 ','Odaisy   ','2025-07-10 22:33:42','0.00','8.00','incremento',19),(318,'adicionales_grupo','editar id 20 ','Odaisy   ','2025-07-10 22:33:46','0.00','9.00','incremento',20),(319,'adicionales_grupo','editar id 21 ','Odaisy   ','2025-07-10 22:34:06','0.00','15.00','incremento',21),(320,'adicionales_grupo','editar id 22 ','Odaisy   ','2025-07-10 22:35:02','0.00','9.00','incremento',22),(321,'adicionales_grupo','editar id 23 ','Odaisy   ','2025-07-10 22:35:14','0.00','9.50','incremento',23),(322,'adicionales_grupo','editar id 24 ','Odaisy   ','2025-07-10 22:35:31','0.00','15.00','incremento',24),(323,'adicionales_grupo','editar id 25 ','Odaisy   ','2025-07-10 22:37:50','0.00','8.00','incremento',25),(324,'adicionales_grupo','editar id 26 ','Odaisy   ','2025-07-10 22:37:53','0.00','9.00','incremento',26),(325,'adicionales_grupo','editar id 27 ','Odaisy   ','2025-07-10 22:38:00','0.00','16.00','incremento',27),(326,'adicionales_grupo','editar id 28 ','Odaisy   ','2025-07-10 22:39:34','0.00','8.00','incremento',28),(327,'adicionales_grupo','editar id 29 ','Odaisy   ','2025-07-10 22:39:43','0.00','10.00','incremento',29),(328,'adicionales_grupo','editar id 30 ','Odaisy   ','2025-07-10 22:39:50','0.00','16.00','incremento',30),(329,'adicionales_grupo','editar id 31 ','Odaisy   ','2025-07-10 22:40:57','0.00','13.00','incremento',31),(330,'adicionales_grupo','editar id 32 ','Odaisy   ','2025-07-10 22:40:58','0.00','15.00','incremento',32),(331,'adicionales_grupo','editar id 33 ','Odaisy   ','2025-07-10 22:41:05','0.00','18.00','incremento',33),(332,'adicionales_grupo','editar id 34 ','Odaisy   ','2025-07-10 22:42:06','0.00','8.00','incremento',34),(333,'adicionales_grupo','editar id 35 ','Odaisy   ','2025-07-10 22:42:10','0.00','9.00','incremento',35),(334,'adicionales_grupo','editar id 36 ','Odaisy   ','2025-07-10 22:42:17','0.00','16.00','incremento',36),(335,'adicionales_grupo','editar id 37 ','Odaisy   ','2025-07-10 22:43:02','0.00','8.00','incremento',37),(336,'adicionales_grupo','editar id 38 ','Odaisy   ','2025-07-10 22:43:08','0.00','9.00','incremento',38),(337,'adicionales_grupo','editar id 39 ','Odaisy   ','2025-07-10 22:43:14','0.00','15.00','incremento',39),(338,'adicionales_grupo','Desasignación adicional 47 del grupo 20','Odaisy   ','2025-07-10 22:44:05',NULL,NULL,NULL,0),(339,'adicionales_grupo','Desasignación adicional 45 del grupo 20','Odaisy   ','2025-07-10 22:44:06',NULL,NULL,NULL,0),(340,'adicionales_grupo','editar id 40 ','Odaisy   ','2025-07-10 22:44:23','0.00','9.00','incremento',40),(341,'adicionales_grupo','editar id 43 ','Odaisy   ','2025-07-10 22:44:27','0.00','11.00','incremento',43),(342,'adicionales_grupo','editar id 44 ','Odaisy   ','2025-07-10 22:45:53','0.00','8.00','incremento',44),(343,'adicionales_grupo','editar id 45 ','Odaisy   ','2025-07-10 22:45:57','0.00','9.00','incremento',45),(344,'adicionales_grupo','editar id 46 ','Odaisy   ','2025-07-10 22:46:03','0.00','15.00','incremento',46),(345,'adicionales_grupo','editar id 47 ','Odaisy   ','2025-07-10 22:47:01','0.00','8.00','incremento',47),(346,'adicionales_grupo','editar id 48 ','Odaisy   ','2025-07-10 22:47:05','0.00','9.00','incremento',48),(347,'adicionales_grupo','editar id 49 ','Odaisy   ','2025-07-10 22:47:24','0.00','15.50','incremento',49),(348,'adicionales_grupo','editar id 50 ','Odaisy   ','2025-07-10 22:48:14','0.00','11.00','incremento',50),(349,'adicionales_grupo','editar id 51 ','Odaisy   ','2025-07-10 22:48:18','0.00','13.00','incremento',51),(350,'adicionales_grupo','editar id 52 ','Odaisy   ','2025-07-10 22:48:23','0.00','17.00','incremento',52),(351,'articulos','editar id 18 ','Odaisy   ','2025-07-10 22:49:07','Pizzas de Marico','Pizzas de Marisco','descripcion',18),(352,'articulos','URL de imagen actualizada: https://susoftware.es/imagenes/susoftware.png','Odaisy   ','2025-07-10 22:49:07',NULL,NULL,NULL,18),(353,'estilos','Editar id 2 ',' ','2025-07-11 13:06:27','.ficha-articulo-img{display:none !important;}\n\n.ficha-articulo {\n    height: 100px !important;  \nmin-height: 100px !important;  \n} \n.ficha-articulo-titulo{\ncolor:#ff7514;\nfont-size:14px !important;\nfont-weight:bold !important;\n}\n.ficha-articulo-desc{\ncolor:red;\nfont-size:14px !important;\nfont-weight','.ficha-articulo-img{display:none !important;}\n\n.ficha-articulo {\n    height: 100px !important;   \nmin-height: 100px !important;  \n} \n.ficha-articulo-titulo{\ncolor:#ff7514;\nfont-size:14px !important;\nfont-weight:bold !important;\n}\n.ficha-articulo-desc{\ncolor:red;\nfont-size:14px !important;\nfont-weigh','estilo',NULL),(354,'estilos','Editar id 2 ',' ','2025-07-13 21:08:09','.ficha-articulo-img{display:none !important;}\n\n.ficha-articulo {\n    height: 100px !important;   \nmin-height: 100px !important;  \n} \n.ficha-articulo-titulo{\ncolor:#ff7514;\nfont-size:14px !important;\nfont-weight:bold !important;\n}\n.ficha-articulo-desc{\ncolor:red;\nfont-size:14px !important;\nfont-weigh','.ficha-articulo-img{display:none !important;}\nficha-articulo-btn{position:relative;font-size:61px;}\n.ficha-articulo {\n    height: 100px !important;   \nmin-height: 100px !important;  \n} \n.ficha-articulo-titulo{\ncolor:#ff7514;\nfont-size:14px !important;\nfont-weight:bold !important;\n}\n.ficha-articulo-d','estilo',NULL),(355,'estilos','Editar id 2 ',' ','2025-07-13 21:08:51','.ficha-articulo-img{display:none !important;}\nficha-articulo-btn{position:relative;font-size:61px;}\n.ficha-articulo {\n    height: 100px !important;   \nmin-height: 100px !important;  \n} \n.ficha-articulo-titulo{\ncolor:#ff7514;\nfont-size:14px !important;\nfont-weight:bold !important;\n}\n.ficha-articulo-d','.ficha-articulo-img{display:none !important;}\nficha-articulo-btn{position:relative !important;font-size:61px !important;}\n.ficha-articulo {\n    height: 100px !important;   \nmin-height: 100px !important;  \n} \n.ficha-articulo-titulo{\ncolor:#ff7514;\nfont-size:14px !important;\nfont-weight:bold !importan','estilo',NULL),(356,'estilos','Editar id 2 ',' ','2025-07-13 21:09:10','.ficha-articulo-img{display:none !important;}\nficha-articulo-btn{position:relative !important;font-size:61px !important;}\n.ficha-articulo {\n    height: 100px !important;   \nmin-height: 100px !important;  \n} \n.ficha-articulo-titulo{\ncolor:#ff7514;\nfont-size:14px !important;\nfont-weight:bold !importan','.ficha-articulo-img{display:none !important;}\n.ficha-articulo-btn{position:relative !important;font-size:61px !important;}\n.ficha-articulo {\n    height: 100px !important;   \nmin-height: 100px !important;  \n} \n.ficha-articulo-titulo{\ncolor:#ff7514;\nfont-size:14px !important;\nfont-weight:bold !importa','estilo',NULL),(357,'estilos','Editar id 2 ',' ','2025-07-13 21:09:23','.ficha-articulo-img{display:none !important;}\n.ficha-articulo-btn{position:relative !important;font-size:61px !important;}\n.ficha-articulo {\n    height: 100px !important;   \nmin-height: 100px !important;  \n} \n.ficha-articulo-titulo{\ncolor:#ff7514;\nfont-size:14px !important;\nfont-weight:bold !importa','.ficha-articulo-img{display:none !important;}\n.ficha-articulo-btn{position:relative !important;margin-top:61px !important;}\n.ficha-articulo {\n    height: 100px !important;   \nmin-height: 100px !important;  \n} \n.ficha-articulo-titulo{\ncolor:#ff7514;\nfont-size:14px !important;\nfont-weight:bold !import','estilo',NULL),(358,'estilos','Editar id 2 ',' ','2025-07-13 21:11:04','.ficha-articulo-img{display:none !important;}\n.ficha-articulo-btn{position:relative !important;margin-top:61px !important;}\n.ficha-articulo {\n    height: 100px !important;   \nmin-height: 100px !important;  \n} \n.ficha-articulo-titulo{\ncolor:#ff7514;\nfont-size:14px !important;\nfont-weight:bold !import','.ficha-articulo-img{display:none !important;}\n.ficha-articulo-btn{position:absolute !important;margin-top:76px !important;}\n.ficha-articulo {\n    height: 100px !important;   \nmin-height: 100px !important;  \n} \n.ficha-articulo-titulo{\ncolor:#ff7514;\nfont-size:14px !important;\nfont-weight:bold !import','estilo',NULL),(359,'estilos','Editar id 2 ',' ','2025-07-13 21:11:45','.ficha-articulo-img{display:none !important;}\n.ficha-articulo-btn{position:absolute !important;margin-top:76px !important;}\n.ficha-articulo {\n    height: 100px !important;   \nmin-height: 100px !important;  \n} \n.ficha-articulo-titulo{\ncolor:#ff7514;\nfont-size:14px !important;\nfont-weight:bold !import','.ficha-articulo-img{display:none !important;}\n.ficha-articulo-btn{position:absolute !important;top:76px !important;}\n.ficha-articulo {\n    height: 100px !important;   \nmin-height: 100px !important;  \n} \n.ficha-articulo-titulo{\ncolor:#ff7514;\nfont-size:14px !important;\nfont-weight:bold !important;\n}\n','estilo',NULL),(360,'estilos','Editar id 2 ',' ','2025-07-13 21:14:21','.ficha-articulo-img{display:none !important;}\n.ficha-articulo-btn{position:absolute !important;top:76px !important;}\n.ficha-articulo {\n    height: 100px !important;   \nmin-height: 100px !important;  \n} \n.ficha-articulo-titulo{\ncolor:#ff7514;\nfont-size:14px !important;\nfont-weight:bold !important;\n}\n','.ficha-articulo-img{display:none !important;}\n.ficha-articulo-btn{position:absolute !important;top:76px !important;}\n.ficha-articulo {\n    height: 130px !important;   \nmin-height: 100px !important;  \n} \n.ficha-articulo-titulo{\ncolor:#ff7514;\nfont-size:14px !important;\nfont-weight:bold !important;\n}\n','estilo',NULL),(361,'estilos','Editar id 2 ',' ','2025-07-13 21:15:28','.ficha-articulo-img{display:none !important;}\n.ficha-articulo-btn{position:absolute !important;top:76px !important;}\n.ficha-articulo {\n    height: 130px !important;   \nmin-height: 100px !important;  \n} \n.ficha-articulo-titulo{\ncolor:#ff7514;\nfont-size:14px !important;\nfont-weight:bold !important;\n}\n','.ficha-articulo-img{display:none !important;}\n.ficha-articulo-btn{position:absolute !important;top:76px !important;max-width:}\n.ficha-articulo {\n    height: 130px !important;   \nmin-height: 100px !important;  \n} \n.ficha-articulo-titulo{\ncolor:#ff7514;\nfont-size:14px !important;\nfont-weight:bold !imp','estilo',NULL),(362,'estilos','Editar id 2 ',' ','2025-07-13 21:15:37','.ficha-articulo-img{display:none !important;}\n.ficha-articulo-btn{position:absolute !important;top:76px !important;max-width:}\n.ficha-articulo {\n    height: 130px !important;   \nmin-height: 100px !important;  \n} \n.ficha-articulo-titulo{\ncolor:#ff7514;\nfont-size:14px !important;\nfont-weight:bold !imp','.ficha-articulo-img{display:none !important;}\n.ficha-articulo-btn{position:absolute !important;top:76px !important;max-width:104px !important;}\n.ficha-articulo {\n    height: 130px !important;   \nmin-height: 100px !important;  \n} \n.ficha-articulo-titulo{\ncolor:#ff7514;\nfont-size:14px !important;\nfont','estilo',NULL),(363,'adicionales_grupo','Desasignación adicional 48 del grupo 24','LIBARDO   ','2025-07-14 13:47:15',NULL,NULL,NULL,0),(364,'adicionales_grupo','Desasignación adicional 41 del grupo 24','LIBARDO   ','2025-07-14 13:47:33',NULL,NULL,NULL,0),(365,'articulos','editar id 42 ','LIBARDO   ','2025-07-14 13:57:27','Menú Solo Pita','Pita','descripcion',42),(366,'articulos','editar id 44 ','LIBARDO   ','2025-07-14 13:58:11','Menú Solo Pita Sólo Carne','Pita Sólo Carne','descripcion',44),(367,'adicionales_grupo','Desasignación adicional 41 del grupo 24','LIBARDO   ','2025-07-14 14:05:23',NULL,NULL,NULL,0),(368,'adicionales_grupo','Desasignación adicional 68 del grupo 24','LIBARDO   ','2025-07-14 14:06:44',NULL,NULL,NULL,0),(369,'adicionales_grupo','Desasignación adicional 67 del grupo 24','LIBARDO   ','2025-07-14 14:07:51',NULL,NULL,NULL,0),(370,'adicionales_grupo','Desasignación adicional 42 del grupo 24','LIBARDO   ','2025-07-14 14:07:53',NULL,NULL,NULL,0),(371,'grupos_adicionales','editar id 24 ','LIBARDO   ','2025-07-14 14:17:56','0','1','minimo',24),(372,'grupos_adicionales','editar id 25 ','LIBARDO   ','2025-07-14 14:25:49','Menu 2','Menu 2-2','nombre',25),(373,'grupos_adicionales','editar id 25 ','LIBARDO   ','2025-07-14 14:27:54','0','2','minimo',25),(374,'articulos','Eliminación de artículo','LIBARDO   ','2025-07-14 14:32:50',NULL,NULL,NULL,41),(375,'articulos','Eliminación de artículo','LIBARDO   ','2025-07-14 14:32:58',NULL,NULL,NULL,43),(376,'articulos','Eliminación de artículo','LIBARDO   ','2025-07-14 14:34:27',NULL,NULL,NULL,67),(377,'articulos','Eliminación de artículo','LIBARDO   ','2025-07-14 14:34:41',NULL,NULL,NULL,67),(378,'articulos','Eliminación de artículo','LIBARDO   ','2025-07-14 14:35:14',NULL,NULL,NULL,67),(379,'articulos','Eliminación de artículo',' ','2025-07-14 14:36:07',NULL,NULL,NULL,67),(380,'secciones','Edición de sección: Durum y Pita','LIBARDO   ','2025-07-14 14:39:26',NULL,NULL,NULL,6),(381,'grupos_adicionales','editar id 26 ','Odaisy   ','2025-07-14 15:44:47','0','3','minimo',26),(382,'grupos_adicionales','editar id 26 ','Odaisy   ','2025-07-14 15:47:31','1000','3','maximo',26),(383,'articulos_grupos','Desasignación grupo 26 del artículo 50','Odaisy   ','2025-07-14 15:49:01',NULL,NULL,NULL,0),(384,'grupos_adicionales','editar id 28 ','Odaisy   ','2025-07-14 15:51:39','0','1','minimo',28),(385,'grupos_adicionales','editar id 28 ','Odaisy   ','2025-07-14 15:51:42','1000','1','maximo',28),(386,'grupos_adicionales','editar id 27 ','Odaisy   ','2025-07-14 15:51:48','0','4','minimo',27),(387,'grupos_adicionales','editar id 27 ','Odaisy   ','2025-07-14 15:51:50','1000','4','maximo',27),(388,'grupos_adicionales','editar id 29 ','Odaisy   ','2025-07-14 15:52:52','0','2','minimo',29),(389,'grupos_adicionales','editar id 29 ','Odaisy   ','2025-07-14 15:52:56','1000','2','maximo',29),(390,'grupos_adicionales','editar id 30 ','Odaisy   ','2025-07-14 15:53:12','0','3','minimo',30),(391,'grupos_adicionales','editar id 30 ','Odaisy   ','2025-07-14 15:53:16','1000','3','maximo',30),(392,'grupos_adicionales','editar id 31 ','Odaisy   ','2025-07-14 15:53:38','0','4','minimo',31),(393,'grupos_adicionales','editar id 31 ','Odaisy   ','2025-07-14 15:53:45','1000','4','maximo',31),(394,'grupos_adicionales','editar id 32 ','Odaisy   ','2025-07-14 15:54:05','0','1','minimo',32),(395,'grupos_adicionales','editar id 32 ','Odaisy   ','2025-07-14 15:54:08','1000','1','maximo',32),(396,'grupos_adicionales','editar id 33 ','Odaisy   ','2025-07-14 15:54:34','0','2','minimo',33),(397,'grupos_adicionales','editar id 33 ','Odaisy   ','2025-07-14 15:54:36','1000','2','maximo',33),(398,'grupos_adicionales','editar id 34 ','Odaisy   ','2025-07-14 15:54:57','0','3','minimo',34),(399,'grupos_adicionales','editar id 34 ','Odaisy   ','2025-07-14 15:55:00','1000','3','maximo',34),(400,'grupos_adicionales','editar id 35 ','Odaisy   ','2025-07-14 15:55:28','0','4','minimo',35),(401,'grupos_adicionales','editar id 35 ','Odaisy   ','2025-07-14 15:55:30','1000','4','maximo',35),(402,'grupos_adicionales','editar id 24 ','Odaisy   ','2025-07-14 15:55:50','Menu 1-1','Menú 1-1','nombre',24),(403,'grupos_adicionales','editar id 33 ','Odaisy   ','2025-07-14 15:55:53','Menu 10-2','Menú 10-2','nombre',33),(404,'grupos_adicionales','editar id 34 ','Odaisy   ','2025-07-14 15:55:55','Menu 11-3','Menú 11-3','nombre',34),(405,'grupos_adicionales','editar id 35 ','Odaisy   ','2025-07-14 15:55:57','Menu 12-4','Menú 12-4','nombre',35),(406,'grupos_adicionales','editar id 36 ','Odaisy   ','2025-07-14 15:56:00','Menu 13-1','Menú 13-1','nombre',36),(407,'grupos_adicionales','editar id 25 ','Odaisy   ','2025-07-14 15:56:03','Menu 2-2','Menú 2-2','nombre',25),(408,'grupos_adicionales','editar id 26 ','Odaisy   ','2025-07-14 15:56:05','Menu 3-3','Menú 3-3','nombre',26),(409,'grupos_adicionales','editar id 27 ','Odaisy   ','2025-07-14 15:56:08','Menu 4-4','Menú 4-4','nombre',27),(410,'grupos_adicionales','editar id 28 ','Odaisy   ','2025-07-14 15:56:10','Menu 5-1','Menú 5-1','nombre',28),(411,'grupos_adicionales','editar id 29 ','Odaisy   ','2025-07-14 15:56:13','Menu 6-2','Menú 6-2','nombre',29),(412,'grupos_adicionales','editar id 30 ','Odaisy   ','2025-07-14 15:56:16','Menu 7-3','Menú 7-3','nombre',30),(413,'grupos_adicionales','editar id 31 ','Odaisy   ','2025-07-14 15:56:19','Menu 8-4','Menú 8-4','nombre',31),(414,'grupos_adicionales','editar id 32 ','Odaisy   ','2025-07-14 15:56:23','Menu 9-1','Menú 9-1','nombre',32),(415,'grupos_adicionales','editar id 37 ','Odaisy   ','2025-07-14 15:56:59','0','2','minimo',37),(416,'grupos_adicionales','editar id 37 ','Odaisy   ','2025-07-14 15:57:07','1000','2','maximo',37),(417,'grupos_adicionales','editar id 36 ','Odaisy   ','2025-07-14 15:57:08','0','01','minimo',36),(418,'grupos_adicionales','editar id 36 ','Odaisy   ','2025-07-14 15:57:17','1000','1','maximo',36),(419,'grupos_adicionales','editar id 37 ','Odaisy   ','2025-07-14 15:57:35','Menu 14-2','Menú 14-2','nombre',37),(420,'grupos_adicionales','editar id 38 ','Odaisy   ','2025-07-14 15:57:37','Menu 15-1','Menú 15-1','nombre',38),(421,'grupos_adicionales','editar id 38 ','Odaisy   ','2025-07-14 15:57:41','0','1','minimo',38),(422,'grupos_adicionales','editar id 38 ','Odaisy   ','2025-07-14 15:57:44','1000','1','maximo',38),(423,'grupos_adicionales','editar id 39 ','Odaisy   ','2025-07-14 15:58:07','0','1','minimo',39),(424,'grupos_adicionales','editar id 39 ','Odaisy   ','2025-07-14 15:58:11','1000','1','maximo',39),(425,'grupos_adicionales','editar id 40 ','Odaisy   ','2025-07-14 15:58:47','Menu 17','Menú 17-1','nombre',40),(426,'grupos_adicionales','editar id 40 ','Odaisy   ','2025-07-14 15:58:49','0','1','minimo',40),(427,'grupos_adicionales','editar id 40 ','Odaisy   ','2025-07-14 15:58:55','1000','1','maximo',40),(428,'grupos_adicionales','editar id 41 ','Odaisy   ','2025-07-14 15:59:12','0','1','minimo',41),(429,'grupos_adicionales','editar id 41 ','Odaisy   ','2025-07-14 15:59:18','1000','1','maximo',41),(430,'grupos_adicionales','editar id 42 ','Odaisy   ','2025-07-14 15:59:37','0','1','minimo',42),(431,'grupos_adicionales','editar id 42 ','Odaisy   ','2025-07-14 15:59:40','1000','1','maximo',42),(432,'grupos_adicionales','editar id 26 ','LIBARDO   ','2025-07-14 16:20:46','Menú 3-3','','nombre',26),(433,'grupos_adicionales','editar id 28 ','LIBARDO   ','2025-07-14 16:21:41','Menú 5-1','Menú 5-5','nombre',28),(434,'grupos_adicionales','editar id 29 ','LIBARDO   ','2025-07-14 16:21:45','Menú 6-2','Menú 6-6','nombre',29),(435,'grupos_adicionales','editar id 30 ','LIBARDO   ','2025-07-14 16:21:48','Menú 7-3','Menú 7-37','nombre',30),(436,'grupos_adicionales','editar id 31 ','LIBARDO   ','2025-07-14 16:21:53','Menú 8-4','Menú 8-8','nombre',31),(437,'grupos_adicionales','editar id 30 ','LIBARDO   ','2025-07-14 16:21:57','Menú 7-37','Menú 7-7','nombre',30),(438,'grupos_adicionales','editar id 32 ','LIBARDO   ','2025-07-14 16:22:34','Menú 9-1','Menú 9-9','nombre',32),(439,'grupos_adicionales','editar id 43 ','LIBARDO   ','2025-07-14 16:23:07','0','3','minimo',43),(440,'grupos_adicionales','editar id 26 ','LIBARDO   ','2025-07-14 16:29:29','','Menu 3-3','nombre',26),(441,'grupos_adicionales','editar id 28 ','LIBARDO   ','2025-07-14 16:31:38','Menú 5-5','Menú 5-1','nombre',28),(442,'grupos_adicionales','editar id 29 ','LIBARDO   ','2025-07-14 16:31:56','Menú 6-6','Menú 6-2','nombre',29),(443,'grupos_adicionales','editar id 30 ','LIBARDO   ','2025-07-14 16:32:13','Menú 7-7','Menú 7-3','nombre',30),(444,'grupos_adicionales','editar id 31 ','LIBARDO   ','2025-07-14 16:32:17','Menú 8-8','Menú 8-4','nombre',31),(445,'grupos_adicionales','editar id 32 ','LIBARDO   ','2025-07-14 16:35:03','Menú 9-9','Menú 9-1','nombre',32),(446,'grupos_adicionales','editar id 44 ','Odaisy   ','2025-07-14 16:43:32','0','1','minimo',44),(447,'grupos_adicionales','editar id 44 ','Odaisy   ','2025-07-14 16:43:34','1000','1','maximo',44),(448,'grupos_adicionales','editar id 39 ','Odaisy   ','2025-07-14 16:46:30','1','2','maximo',39),(449,'grupos_adicionales','editar id 44 ','Odaisy   ','2025-07-14 16:47:03','Durum','','nombre',44),(450,'grupos_adicionales','editar id 44 ','Odaisy   ','2025-07-14 16:53:45','','Durum','nombre',44),(451,'grupos_adicionales','editar id 31 ','Odaisy   ','2025-07-14 19:40:19','Menú 8-4','Menú 9-1','nombre',31),(452,'grupos_adicionales','editar id 31 ','Odaisy   ','2025-07-14 19:40:20','4','1','minimo',31),(453,'grupos_adicionales','editar id 31 ','Odaisy   ','2025-07-14 19:40:26','4','1','maximo',31),(454,'grupos_adicionales','editar id 31 ','Odaisy   ','2025-07-14 19:41:38','Menú 9-1','Menú 8-4','nombre',31),(455,'grupos_adicionales','editar id 31 ','Odaisy   ','2025-07-14 19:41:40','1','4','minimo',31),(456,'grupos_adicionales','editar id 31 ','Odaisy   ','2025-07-14 19:41:44','1','4','maximo',31),(457,'adicionales_grupo','Desasignación adicional 68 del grupo 26','LIBARDO   ','2025-07-14 19:43:03',NULL,NULL,NULL,0),(458,'adicionales_grupo','Desasignación adicional 67 del grupo 26','LIBARDO   ','2025-07-14 19:43:05',NULL,NULL,NULL,0),(459,'grupos_adicionales','editar id 26 ','LIBARDO   ','2025-07-14 19:43:27','Menu 3-3','Menu 9-1','nombre',26),(460,'grupos_adicionales','editar id 26 ','LIBARDO   ','2025-07-14 19:43:37','3','2','minimo',26),(461,'grupos_adicionales','editar id 26 ','LIBARDO   ','2025-07-14 19:43:38','2','1','minimo',26),(462,'grupos_adicionales','editar id 26 ','LIBARDO   ','2025-07-14 19:43:40','3','2','maximo',26),(463,'grupos_adicionales','editar id 26 ','LIBARDO   ','2025-07-14 19:43:40','2','1','maximo',26),(464,'grupos_adicionales','editar id 26 ','LIBARDO   ','2025-07-14 19:47:41','Menu 9-1','Menu 9-1 Todas','nombre',26),(465,'articulos_grupos','Desasignación grupo 32 del artículo 58','Odaisy   ','2025-07-14 19:58:29',NULL,NULL,NULL,0),(466,'grupos_adicionales','editar id 34 ','LIBARDO   ','2025-07-14 19:59:35','3','2','minimo',34),(467,'grupos_adicionales','editar id 34 ','LIBARDO   ','2025-07-14 19:59:39','2','3','minimo',34),(468,'grupos_adicionales','editar id 34 ','LIBARDO   ','2025-07-14 19:59:50','3','2','maximo',34),(469,'grupos_adicionales','editar id 34 ','LIBARDO   ','2025-07-14 19:59:52','2','3','maximo',34),(470,'articulos_grupos','Desasignación grupo 26 del artículo 57','Odaisy   ','2025-07-14 20:04:28',NULL,NULL,NULL,0),(471,'articulos_grupos','Desasignación grupo 29 del artículo 57','Odaisy   ','2025-07-14 20:04:30',NULL,NULL,NULL,0),(472,'articulos_grupos','Desasignación grupo 32 del artículo 57','Odaisy   ','2025-07-14 20:04:32',NULL,NULL,NULL,0),(473,'articulos_grupos','Desasignación grupo 26 del artículo 58','Odaisy   ','2025-07-14 20:06:50',NULL,NULL,NULL,0),(474,'adicionales_grupo','Desasignación adicional 4 del grupo 39','Odaisy   ','2025-07-14 20:31:57',NULL,NULL,NULL,0),(475,'adicionales_grupo','Desasignación adicional 7 del grupo 39','Odaisy   ','2025-07-14 20:31:59',NULL,NULL,NULL,0),(476,'adicionales_grupo','Desasignación adicional 13 del grupo 39','Odaisy   ','2025-07-14 20:32:03',NULL,NULL,NULL,0),(477,'adicionales_grupo','Desasignación adicional 14 del grupo 39','Odaisy   ','2025-07-14 20:32:04',NULL,NULL,NULL,0),(478,'adicionales_grupo','Desasignación adicional 17 del grupo 39','Odaisy   ','2025-07-14 20:32:06',NULL,NULL,NULL,0),(479,'adicionales_grupo','Desasignación adicional 10 del grupo 39','Odaisy   ','2025-07-14 20:32:07',NULL,NULL,NULL,0),(480,'adicionales_grupo','Desasignación adicional 5 del grupo 39','Odaisy   ','2025-07-14 20:32:09',NULL,NULL,NULL,0),(481,'grupos_adicionales','editar id 46 ','Odaisy   ','2025-07-14 20:33:25','1','2','orden_ga',46),(482,'grupos_adicionales','editar id 46 ','Odaisy   ','2025-07-14 20:33:43','0','1','minimo',46),(483,'grupos_adicionales','editar id 46 ','Odaisy   ','2025-07-14 20:34:25','1000','1','maximo',46),(484,'grupos_adicionales','editar id 47 ','Odaisy   ','2025-07-14 20:38:48','0','1','minimo',47),(485,'grupos_adicionales','editar id 47 ','Odaisy   ','2025-07-14 20:39:03','1000','1','maximo',47),(486,'grupos_adicionales','editar id 47 ','Odaisy   ','2025-07-14 20:39:05','1','2','orden_ga',47),(487,'grupos_adicionales','editar id 49 ','Odaisy   ','2025-07-14 20:42:36','0','1','minimo',49),(488,'grupos_adicionales','editar id 49 ','LIBARDO   ','2025-07-14 20:42:44','1','1','minimo',49),(489,'articulos','editar id 66 ','Odaisy   ','2025-07-14 20:46:56','8','7.50','vrventapublico',66),(490,'articulos','URL de imagen actualizada: https://susoftware.es/imagenes/susoftware.png','Odaisy   ','2025-07-14 20:47:03',NULL,NULL,NULL,66),(491,'articulos','URL de imagen actualizada: https://susoftware.es/imagenes/susoftware.png','Odaisy   ','2025-07-14 20:47:03',NULL,NULL,NULL,66),(492,'articulos','URL de imagen actualizada: https://susoftware.es/imagenes/susoftware.png','Odaisy   ','2025-07-14 20:47:03',NULL,NULL,NULL,66),(493,'articulos','URL de imagen actualizada: https://susoftware.es/imagenes/susoftware.png','Odaisy   ','2025-07-14 20:47:03',NULL,NULL,NULL,66),(494,'articulos','URL de imagen actualizada: https://susoftware.es/imagenes/susoftware.png','Odaisy   ','2025-07-14 20:47:03',NULL,NULL,NULL,66),(495,'articulos','editar id 19 ','Odaisy   ','2025-07-14 20:49:22','Platos Combinados de Kebab','Platos de Kebab','descripcion',19),(496,'articulos','URL de imagen actualizada: https://susoftware.es/imagenes/susoftware.png','Odaisy   ','2025-07-14 20:49:22',NULL,NULL,NULL,19),(497,'articulos','editar id 20 ','Odaisy   ','2025-07-14 20:49:36','Platos Combinados Calamares fritos','Platos Calamares fritos','descripcion',20),(498,'articulos','URL de imagen actualizada: https://susoftware.es/imagenes/susoftware.png','Odaisy   ','2025-07-14 20:49:36',NULL,NULL,NULL,20),(499,'articulos','editar id 21 ','Odaisy   ','2025-07-14 20:49:53','Platos Combinados Falafel plato','Platos Falafel plato','descripcion',21),(500,'articulos','URL de imagen actualizada: https://susoftware.es/imagenes/susoftware.png','Odaisy   ','2025-07-14 20:49:53',NULL,NULL,NULL,21),(501,'articulos','editar id 21 ','Odaisy   ','2025-07-14 20:50:01','Platos Falafel plato','Platos Falafel','descripcion',21),(502,'articulos','URL de imagen actualizada: https://susoftware.es/imagenes/susoftware.png','Odaisy   ','2025-07-14 20:50:01',NULL,NULL,NULL,21),(503,'articulos','editar id 22 ','Odaisy   ','2025-07-14 20:50:37','Platos Combinados Nuggets de Pollo','Platos Nuggets de Pollo','descripcion',22),(504,'articulos','URL de imagen actualizada: https://susoftware.es/imagenes/susoftware.png','Odaisy   ','2025-07-14 20:50:37',NULL,NULL,NULL,22),(505,'articulos','editar id 22 ','Odaisy   ','2025-07-14 20:50:44','Platos Nuggets de Pollo','Platos de Nuggets de Pollo','descripcion',22),(506,'articulos','URL de imagen actualizada: https://susoftware.es/imagenes/susoftware.png','Odaisy   ','2025-07-14 20:50:44',NULL,NULL,NULL,22),(507,'articulos','editar id 23 ','Odaisy   ','2025-07-14 20:50:57','Platos Combinados Palitos de Pescado','Platos de Palitos de Pescado','descripcion',23),(508,'articulos','URL de imagen actualizada: https://susoftware.es/imagenes/susoftware.png','Odaisy   ','2025-07-14 20:50:57',NULL,NULL,NULL,23),(509,'articulos','editar id 24 ','Odaisy   ','2025-07-14 20:51:10','Platos Combinados Pescado Empanado','Platos de Pescado Empanado','descripcion',24),(510,'articulos','URL de imagen actualizada: https://susoftware.es/imagenes/susoftware.png','Odaisy   ','2025-07-14 20:51:11',NULL,NULL,NULL,24),(511,'articulos','editar id 25 ','Odaisy   ','2025-07-14 20:51:58','Extras Papas Fritas','Extras Fritas','descripcion',25),(512,'articulos','URL de imagen actualizada: https://susoftware.es/imagenes/susoftware.png','Odaisy   ','2025-07-14 20:51:58',NULL,NULL,NULL,25),(513,'articulos','editar id 25 ','Odaisy   ','2025-07-14 20:52:12','Extras Fritas','Papas Fritas','descripcion',25),(514,'articulos','URL de imagen actualizada: https://susoftware.es/imagenes/susoftware.png','Odaisy   ','2025-07-14 20:52:13',NULL,NULL,NULL,25),(515,'articulos','editar id 26 ','Odaisy   ','2025-07-14 20:52:25','Extras Papas Mixtas','Papas Mixtas','descripcion',26),(516,'articulos','URL de imagen actualizada: https://susoftware.es/imagenes/susoftware.png','Odaisy   ','2025-07-14 20:52:25',NULL,NULL,NULL,26),(517,'articulos','editar id 27 ','Odaisy   ','2025-07-14 20:52:36','Extras Gajo','Gajo','descripcion',27),(518,'articulos','URL de imagen actualizada: https://susoftware.es/imagenes/susoftware.png','Odaisy   ','2025-07-14 20:52:37',NULL,NULL,NULL,27),(519,'articulos','editar id 28 ','Odaisy   ','2025-07-14 20:52:50','Extras Papas con queso y carne kebab','Papas con queso y carne kebab','descripcion',28),(520,'articulos','URL de imagen actualizada: https://susoftware.es/imagenes/susoftware.png','Odaisy   ','2025-07-14 20:52:50',NULL,NULL,NULL,28),(521,'articulos','editar id 29 ','Odaisy   ','2025-07-14 20:53:02','Extras Gambas Rebozadas','Gambas Rebozadas','descripcion',29),(522,'articulos','URL de imagen actualizada: https://susoftware.es/imagenes/susoftware.png','Odaisy   ','2025-07-14 20:53:02',NULL,NULL,NULL,29),(523,'articulos','editar id 30 ','Odaisy   ','2025-07-14 20:53:33','Extras Escalopines de Pollo Rebozados','Escalopines de Pollo Rebozados','descripcion',30),(524,'articulos','URL de imagen actualizada: https://susoftware.es/imagenes/susoftware.png','Odaisy   ','2025-07-14 20:53:33',NULL,NULL,NULL,30),(525,'articulos','editar id 31 ','Odaisy   ','2025-07-14 20:53:43','Extras Aros de Cebolla','Aros de Cebolla','descripcion',31),(526,'articulos','URL de imagen actualizada: https://susoftware.es/imagenes/susoftware.png','Odaisy   ','2025-07-14 20:53:43',NULL,NULL,NULL,31),(527,'articulos','editar id 32 ','Odaisy   ','2025-07-14 20:54:44','Extras Alitas de Pollo','Alitas de Pollo','descripcion',32),(528,'articulos','URL de imagen actualizada: https://susoftware.es/imagenes/susoftware.png','Odaisy   ','2025-07-14 20:54:45',NULL,NULL,NULL,32),(529,'secciones','editar id 6 ','Odaisy   ','2025-07-14 20:56:30','7','1','orden',6),(530,'articulos','editar id 70 ','Odaisy   ','2025-07-14 20:59:09','0','5.50','vrventapublico',70),(531,'articulos','URL de imagen actualizada: https://susoftware.es/imagenes/susoftware.png','Odaisy   ','2025-07-14 20:59:09',NULL,NULL,NULL,70),(532,'articulos','editar id 71 ','Odaisy   ','2025-07-14 20:59:26','0','5.50','vrventapublico',71),(533,'articulos','URL de imagen actualizada: https://susoftware.es/imagenes/susoftware.png','Odaisy   ','2025-07-14 20:59:27',NULL,NULL,NULL,71),(534,'articulos','editar id 67 ','Odaisy   ','2025-07-14 20:59:44','0','5.50','vrventapublico',67),(535,'articulos','URL de imagen actualizada: https://susoftware.es/imagenes/susoftware.png','Odaisy   ','2025-07-14 20:59:44',NULL,NULL,NULL,67),(536,'articulos','URL de imagen actualizada: https://susoftware.es/imagenes/susoftware.png','Odaisy   ','2025-07-14 21:00:10',NULL,NULL,NULL,69),(537,'articulos','editar id 69 ','Odaisy   ','2025-07-14 21:00:10','0','5.50','vrventapublico',69),(538,'grupos_adicionales','editar id 44 ','Odaisy   ','2025-07-14 21:01:24','1','1000','maximo',44),(539,'grupos_adicionales','editar id 44 ','LIBARDO   ','2025-07-14 21:01:33','1000','1000','maximo',44),(540,'articulos','editar id 67 ','LIBARDO   ','2025-07-14 21:09:52','6','5.5','vrventapublico',67),(541,'articulos','editar id 67 ','LIBARDO   ','2025-07-14 21:11:26','6','5.5','vrventapublico',67),(542,'grupos_adicionales','Eliminación de grupo',' ','2025-07-14 21:25:27',NULL,NULL,NULL,53),(543,'grupos_adicionales','Eliminación de grupo','LIBARDO   ','2025-07-14 21:25:45',NULL,NULL,NULL,52),(544,'grupos_adicionales','Eliminación de grupo','LIBARDO   ','2025-07-14 21:25:51',NULL,NULL,NULL,51),(545,'grupos_adicionales','Eliminación de grupo','LIBARDO   ','2025-07-14 21:26:33',NULL,NULL,NULL,50),(546,'adicionales_grupo','Desasignación adicional 67 del grupo 45','Odaisy   ','2025-07-14 21:27:54',NULL,NULL,NULL,0),(547,'grupos_adicionales','editar id 45 ','LIBARDO   ','2025-07-14 21:30:32','0','1','minimo',45),(548,'articulos','editar id 52 ','Odaisy   ','2025-07-14 21:34:10','9','8.50','vrventapublico',52),(549,'articulos','URL de imagen actualizada: https://susoftware.es/imagenes/susoftware.png','Odaisy   ','2025-07-14 21:34:10',NULL,NULL,NULL,52),(550,'articulos','editar id 56 ','Odaisy   ','2025-07-14 21:35:06','11','10.50','vrventapublico',56),(551,'articulos','editar id 60 ','Odaisy   ','2025-07-14 21:35:35','14','13.50','vrventapublico',60),(552,'articulos','editar id 61 ','Odaisy   ','2025-07-14 21:35:49','23','22.50','vrventapublico',61),(553,'articulos','editar id 66 ','Odaisy   ','2025-07-14 21:36:11','8','7.50','vrventapublico',66),(554,'articulos','editar id 19 ','Odaisy   ','2025-07-14 21:38:04','8','7.50','vrventapublico',19),(555,'articulos','editar id 20 ','Odaisy   ','2025-07-14 21:38:25','8','7.50','vrventapublico',20),(556,'articulos','editar id 21 ','Odaisy   ','2025-07-14 21:38:37','8','7.50','vrventapublico',21),(557,'articulos','editar id 24 ','Odaisy   ','2025-07-14 21:38:53','8','7.50','vrventapublico',24),(558,'articulos','editar id 29 ','Odaisy   ','2025-07-14 21:39:06','9','8.50','vrventapublico',29),(559,'articulos','editar id 30 ','Odaisy   ','2025-07-14 21:39:15','8','7.50','vrventapublico',30),(560,'articulos','editar id 32 ','Odaisy   ','2025-07-14 21:39:20','8','7.50','vrventapublico',32),(561,'articulos','editar id 33 ','Odaisy   ','2025-07-14 21:39:57','5','4.50','vrventapublico',33),(562,'articulos','editar id 34 ','Odaisy   ','2025-07-14 21:40:08','7','6.50','vrventapublico',34),(563,'articulos','editar id 35 ','Odaisy   ','2025-07-14 21:40:32','7','6.50','vrventapublico',35),(564,'articulos','editar id 42 ','Odaisy   ','2025-07-14 21:40:39','6','5.50','vrventapublico',42),(565,'articulos','editar id 44 ','Odaisy   ','2025-07-14 21:40:50','7','6.50','vrventapublico',44),(566,'articulos','editar id 36 ','Odaisy   ','2025-07-14 21:41:00','4','3.50','vrventapublico',36),(567,'articulos','editar id 37 ','Odaisy   ','2025-07-14 21:41:04','4','3.50','vrventapublico',37),(568,'articulos','editar id 38 ','Odaisy   ','2025-07-14 21:41:12','5','4.50','vrventapublico',38),(569,'articulos','editar id 39 ','Odaisy   ','2025-07-14 21:41:22','7','6.50','vrventapublico',39),(570,'articulos','editar id 40 ','Odaisy   ','2025-07-14 21:41:27','7','6.50','vrventapublico',40),(571,'centrosdecostos','editar id 2 ',' ','2025-07-15 02:20:21','08:00:00','01:00','inimartes',2),(572,'centrosdecostos','editar id 2 ',' ','2025-07-15 02:20:22','08:00:00','01:00','inimartes2',2),(573,'articulos','editar id 68 ','LIBARDO   ','2025-07-15 02:25:27','0','5.50','vrventapublico',68),(574,'articulos','Eliminación de artículo','LIBARDO   ','2025-07-15 02:26:56',NULL,NULL,NULL,42),(575,'articulos','Eliminación de artículo','LIBARDO   ','2025-07-15 02:27:05',NULL,NULL,NULL,68),(576,'articulos','Eliminación de artículo','LIBARDO   ','2025-07-15 02:32:18',NULL,NULL,NULL,68),(577,'articulos','editar id 68 ','LIBARDO   ','2025-07-15 02:32:38','5.5','','vrventapublico',68),(578,'articulos','editar id 42 ','LIBARDO   ','2025-07-15 02:32:53','5.5','','vrventapublico',42),(579,'adicionales_grupo','editar id 254 ','LIBARDO   ','2025-07-15 02:34:32','0.00','5.50','incremento',254),(580,'adicionales_grupo','editar id 256 ','LIBARDO   ','2025-07-15 02:34:47','0.00','5.50','incremento',256),(581,'adicionales_grupo','editar id 257 ','LIBARDO   ','2025-07-15 02:35:00','0.00','5.500','incremento',257),(582,'centrosdecostos','editar id 2 ',' ','2025-07-15 03:09:12','01:00:00','08:00','inimartes',2),(583,'centrosdecostos','editar id 2 ',' ','2025-07-15 03:09:15','01:00:00','08:00','inimartes2',2),(584,'articulos','Imagen actualizada: articulo_1_1752577638.png',' ','2025-07-15 12:07:18',NULL,NULL,NULL,1),(585,'articulos','editar id 71 ','LIBARDO   ','2025-07-15 20:29:40','1','','tiendavirtual',71),(586,'articulos','editar id 70 ','LIBARDO   ','2025-07-15 20:29:54','1','','tiendavirtual',70),(587,'articulos','editar id 69 ','LIBARDO   ','2025-07-15 20:30:18','1','','tiendavirtual',69),(588,'articulos','editar id 67 ','LIBARDO   ','2025-07-15 20:32:49','5.5','','vrventapublico',67),(589,'adicionales_grupo','editar id 79 ','LIBARDO   ','2025-07-15 20:33:26','0.00','5.50','incremento',79),(590,'adicionales_grupo','editar id 80 ','LIBARDO   ','2025-07-15 20:33:38','0.00','5.50','incremento',80),(591,'adicionales_grupo','editar id 81 ','LIBARDO   ','2025-07-15 20:33:54','0.00','5.50','incremento',81),(592,'articulos','Eliminación de artículo','LIBARDO   ','2025-07-15 20:36:33',NULL,NULL,NULL,68),(593,'articulos','Eliminación de artículo','LIBARDO   ','2025-07-15 20:36:50',NULL,NULL,NULL,68),(594,'articulos','editar id 68 ','LIBARDO   ','2025-07-15 20:39:47','1','','tiendavirtual',68),(595,'adicionales_grupo','editar id 258 ','LIBARDO   ','2025-07-15 20:43:28','0.00','5.50','incremento',258),(596,'adicionales_grupo','editar id 260 ','LIBARDO   ','2025-07-15 20:43:37','0.00','5.50','incremento',260),(597,'adicionales_grupo','editar id 259 ','LIBARDO   ','2025-07-15 20:43:49','0.00','5.50','incremento',259),(598,'grupos_adicionales','editar id 54 ','LIBARDO   ','2025-07-15 20:46:51','0','1','minimo',54),(599,'secciones','Edición de sección: tamaños','Odaisy   ','2025-07-15 20:54:29',NULL,NULL,NULL,7),(600,'barrios','editar id 1 ','LIBARDO   ','2025-07-17 23:25:33','','Favelo','barrio',NULL),(601,'barrios','editar id 1 ','LIBARDO   ','2025-07-17 23:25:38','Favelo','Fabelo','barrio',NULL),(602,'barrios','editar id 1 ','LIBARDO   ','2025-07-17 23:26:05','0','2.00','incremento',NULL),(603,'barrios','editar id 2 ','LIBARDO   ','2025-07-17 23:26:15','horizontes','Los Pozos','barrio',NULL),(604,'barrios','editar id 2 ','LIBARDO   ','2025-07-17 23:26:20','0','2.00','incremento',NULL),(605,'barrios','editar id 3 ','LIBARDO   ','2025-07-17 23:32:05','','Charco','barrio',NULL),(606,'barrios','editar id 3 ','LIBARDO   ','2025-07-17 23:32:16','0','2.00','incremento',NULL),(607,'barrios','editar id 6 ','LIBARDO   ','2025-07-17 23:33:24','','La hondura','barrio',NULL),(608,'barrios','editar id 6 ','LIBARDO   ','2025-07-17 23:33:30','0','3.00','incremento',NULL),(609,'barrios','editar id 7 ','LIBARDO   ','2025-07-17 23:33:56','','Playa Blanca','barrio',NULL),(610,'barrios','editar id 7 ','LIBARDO   ','2025-07-17 23:34:01','0','3.0','incremento',NULL),(611,'articulos','editar id 1 ','LIBARDO   ','2025-07-28 13:51:12','0','1','tiendavirtual',1),(612,'articulos','editar id 1 ','LIBARDO   ','2025-07-28 13:51:16','1','','tiendavirtual',1),(613,'centrosdecostos','editar id 2 ','LIBARDO   ','2025-07-28 13:52:03','08:00:00','01:00','inilunes',2),(614,'centrosdecostos','editar id 2 ','LIBARDO   ','2025-07-28 13:52:45','23:00:00','11:30','finlunes',2),(615,'centrosdecostos','editar id 2 ','LIBARDO   ','2025-07-28 13:53:20','11:30:00','23:30','finlunes',2),(616,'centrosdecostos','editar id 2 ','LIBARDO   ','2025-07-28 13:53:48','01:00:00','13:00','inilunes',2),(617,'centrosdecostos','editar id 2 ','LIBARDO   ','2025-07-28 13:54:00','08:00:00','13:00','inilunes2',2),(618,'centrosdecostos','editar id 2 ','LIBARDO   ','2025-07-28 13:54:19','08:00:00','23:30','finlunes2',2),(619,'clientes','editar id 9    ','LIBARDO   ','2025-07-28 14:15:58','','Fuertekashmir','primernombre',NULL),(620,'clientes','editar id 9 Fuertekashmir   ','LIBARDO   ','2025-07-28 14:16:32','','Y2474508K','cedula',NULL),(621,'clientes','editar id 9 Fuertekashmir   ','LIBARDO   ','2025-07-28 14:17:24','','615','celular',NULL),(622,'clientes','editar id 9 Fuertekashmir   ','LIBARDO   ','2025-07-28 14:17:45','615','615379417','celular',NULL),(623,'articulos','editar id 67 ','LIBARDO   ','2025-07-29 19:57:12','1','','tiendavirtual',67),(624,'articulos','editar id 72 ','LIBARDO   ','2025-07-29 19:57:24','1','','tiendavirtual',72),(625,'articulos','editar id 67 ','LIBARDO   ','2025-07-29 19:59:21','0','1','tiendavirtual',67),(626,'articulos','editar id 67 ','LIBARDO   ','2025-07-29 20:00:48','','Carne de ternera/pollo/mixto, con lechuga tomate y cebolla','descripcionlarga',67),(627,'articulos','editar id 72 ','LIBARDO   ','2025-07-29 20:01:41','','Solo Carne de ternera/pollo o mixto','descripcionlarga',72),(628,'articulos','editar id 72 ','LIBARDO   ','2025-07-29 20:01:50','0','1','tiendavirtual',72),(629,'modulos','editar id 89 ',' ','2025-07-30 21:25:18','Ver_retencion','Telegram','modulo',NULL),(630,'centrosdecostos','editar id 2 ','LIBARDO   ','2025-07-30 23:03:07','08:00:00','13:00','inimartes',2),(631,'centrosdecostos','editar id 2 ','LIBARDO   ','2025-07-30 23:03:25','23:00:00','23:30','finmartes',2),(632,'centrosdecostos','editar id 2 ','LIBARDO   ','2025-07-30 23:03:31','08:00:00','13:00','inimartes2',2),(633,'centrosdecostos','editar id 2 ','LIBARDO   ','2025-07-30 23:03:39','08:00:00','23:30','finmartes2',2),(634,'centrosdecostos','editar id 2 ','LIBARDO   ','2025-07-30 23:03:51','08:00:00','13:00','inimiercoles',2),(635,'centrosdecostos','editar id 2 ','LIBARDO   ','2025-07-30 23:04:00','08:00:00','23:30','inimiercoles2',2),(636,'centrosdecostos','editar id 2 ','LIBARDO   ','2025-07-30 23:04:21','23:30:00','13:30','inimiercoles2',2),(637,'centrosdecostos','editar id 2 ','LIBARDO   ','2025-07-30 23:04:33','13:30:00','13:00','inimiercoles2',2),(638,'centrosdecostos','editar id 2 ','LIBARDO   ','2025-07-30 23:04:54','08:00:00','11:30','finmiercoles2',2),(639,'centrosdecostos','editar id 2 ','LIBARDO   ','2025-07-30 23:04:59','11:30:00','23:30','finmiercoles2',2),(640,'centrosdecostos','editar id 2 ','LIBARDO   ','2025-07-30 23:05:08','08:00:00','13:00','inijueves',2),(641,'centrosdecostos','editar id 2 ','LIBARDO   ','2025-07-30 23:05:16','23:00:00','23:30','finjueves',2),(642,'centrosdecostos','editar id 2 ','LIBARDO   ','2025-07-30 23:05:24','08:00:00','13:00','iniviernes',2),(643,'centrosdecostos','editar id 2 ','LIBARDO   ','2025-07-30 23:05:34','23:00:00','23:30','finviernes',2),(644,'centrosdecostos','editar id 2 ','LIBARDO   ','2025-07-30 23:05:41','08:00:00','13:00','iniviernes2',2),(645,'centrosdecostos','editar id 2 ','LIBARDO   ','2025-07-30 23:05:46','08:00:00','11:30','finviernes2',2),(646,'centrosdecostos','editar id 2 ','LIBARDO   ','2025-07-30 23:05:55','08:00:00','13:00','inisabado',2),(647,'centrosdecostos','editar id 2 ','LIBARDO   ','2025-07-30 23:05:59','23:00:00','23:30','finsabado',2),(648,'centrosdecostos','editar id 2 ','LIBARDO   ','2025-07-30 23:06:04','08:00:00','13:00','inisabado2',2),(649,'centrosdecostos','editar id 2 ','LIBARDO   ','2025-07-30 23:06:09','08:00:00','11:30','finsabado2',2),(650,'centrosdecostos','editar id 2 ','LIBARDO   ','2025-07-30 23:06:13','11:30:00','23:30','finsabado2',2),(651,'centrosdecostos','editar id 2 ','LIBARDO   ','2025-07-30 23:06:22','08:00:00','13:00','inidomingo',2),(652,'centrosdecostos','editar id 2 ','LIBARDO   ','2025-07-30 23:06:27','23:00:00','23:30','findomingo',2),(653,'centrosdecostos','editar id 2 ','LIBARDO   ','2025-07-30 23:06:32','08:00:00','13:00','inidomingo2',2),(654,'centrosdecostos','editar id 2 ','LIBARDO   ','2025-07-30 23:06:38','08:00:00','23:30','findomingo2',2),(655,'clientes','editar id 9 Fuertekashmir   ','LIBARDO   ','2025-07-30 23:13:36',NULL,'8286228437','idtelegram',NULL),(656,'clientes','editar id 9 Fuertekashmir   ','LIBARDO   ','2025-07-30 23:14:20',NULL,'Faisal','segundonombre',NULL),(657,'clientes','editar id 9 Fuertekashmir Faisal  ','LIBARDO   ','2025-07-30 23:14:45','','4508','clave',NULL),(658,'clientes','editar id 9 Fuertekashmir Faisal  ','LIBARDO   ','2025-07-30 23:15:14','CLIENTE','CAJERO (A)','rol',NULL),(659,'clientes','editar id 9 Fuertekashmir Faisal  ','LIBARDO   ','2025-07-30 23:16:15','Y2474508K','2474508','cedula',NULL),(660,'centrosdecostos','editar id 2 ','Fuertekashmir Faisal  ','2025-07-30 23:39:06','23:00:00','23:50','finmiercoles',2),(661,'centrosdecostos','editar id 2 ','Fuertekashmir Faisal  ','2025-07-30 23:39:16','23:30:00','23:51','finmiercoles2',2),(662,'centrosdecostos','editar id 2 ','LIBARDO   ','2025-07-30 23:53:09','23:50:00','23:59','finmiercoles',2),(663,'centrosdecostos','editar id 2 ','LIBARDO   ','2025-07-30 23:53:24','23:51:00','23:59','finmiercoles2',2),(664,'centrosdecostos','editar id 2 ','Fuertekashmir Faisal  ','2025-07-31 00:04:28','23:59:00','23:59','finmiercoles',2),(665,'centrosdecostos','editar id 2 ','Fuertekashmir Faisal  ','2025-07-31 00:04:37','23:59:00','23:30','finmiercoles',2),(666,'centrosdecostos','editar id 2 ','Fuertekashmir Faisal  ','2025-07-31 00:04:42','23:59:00','23:30','finmiercoles2',2),(667,'centrosdecostos','editar id 2 ','Fuertekashmir Faisal  ','2025-07-31 00:05:33','08:00:00','13:00','inijueves2',2),(668,'centrosdecostos','editar id 2 ','Fuertekashmir Faisal  ','2025-07-31 00:05:39','08:00:00','23:30','finjueves2',2),(669,'articulos','editar id 1 ','Fuertekashmir Faisal  ','2025-07-31 00:06:17','0','1','tiendavirtual',1),(670,'centrosdecostos','editar id 2 ',' ','2025-07-31 08:57:06','13:00:00','01:00','inijueves',2),(671,'articulos','editar id 68 ',' ','2025-07-31 10:09:20','0','1','tiendavirtual',68),(672,'articulos','editar id 42 ',' ','2025-07-31 10:09:28','1','','tiendavirtual',42),(673,'articulos','editar id 68 ',' ','2025-07-31 10:09:54','1','','tiendavirtual',68),(674,'articulos','editar id 42 ',' ','2025-07-31 10:10:07','0','1','tiendavirtual',42),(675,'articulos','editar id 42 ',' ','2025-07-31 10:10:09','1','','tiendavirtual',42),(676,'articulos','editar id 42 ',' ','2025-07-31 10:14:16','0','1','tiendavirtual',42),(677,'articulos','editar id 68 ',' ','2025-07-31 10:14:22','0','1','tiendavirtual',68),(678,'centrosdecostos','editar id 2 ',' ','2025-07-31 12:45:31','01:00:00','13:00','inijueves',2);

--
